572
CXUS53 KBIS 230803
CF6DIK
PRELIMINARY LOCAL CLIMATOLOGICAL DATA (WS FORM: F-6)

                                          STATION:   DICKINSON ND
                                          MONTH:     AUGUST
                                          YEAR:      2019
                                          LATITUDE:   46 47 N
                                          LONGITUDE: 102 48 W

  TEMPERATURE IN F:       :PCPN:    SNOW:  WIND      :SUNSHINE: SKY     :PK WND
================================================================================
1   2   3   4   5  6A  6B    7    8   9   10  11  12  13   14  15   16   17  18
                                     12Z  AVG MX 2MIN
DY MAX MIN AVG DEP HDD CDD  WTR  SNW DPTH SPD SPD DIR MIN PSBL S-S WX    SPD DR
================================================================================

 1  88  61  75   4   0  10 0.00    M    M  8.5 23 220   M    M   0 1      30 230
 2  88  58  73   2   0   8 0.00    M    M  6.9 15 130   M    M   3 12     21 130
 3  91  62  77   6   0  12 0.00    M    M  9.8 17 170   M    M   0        24 170
 4  90  58  74   3   0   9    T    M    M  7.1 28 320   M    M   1 3      45 320
 5  85  57  71   0   0   6 0.02    M    M  7.3 25  30   M    M   1 13     33  40
 6  94  56  75   5   0  10    T    M    M 11.1 24 330   M    M   0 3      35 300
 7  76  50  63  -7   2   0 0.00    M    M  6.6 14  10   M    M   2        22 360
 8  84  50  67  -3   0   2 0.00    M    M  6.7 15 110   M    M   3 18     21 100
 9  83  57  70   0   0   5 0.00    M    M  9.6 18 110   M    M   2        24 180
10  85  60  73   3   0   8 0.00    M    M  9.7 21  30   M    M   5 12     26  30
11  76  61  69  -1   0   4 0.53    M    M 11.9 28  80   M    M   8 123    37  80
12  80  54  67  -3   0   2 0.03    M    M 14.3 32 280   M    M   4 13     44 290
13  64  49  57 -13   8   0 0.00    M    M 11.0 25 310   M    M   9        35 290
14  79  45  62  -7   3   0    T    M    M  3.7 12 200   M    M   0 1      17 250
15  77  54  66  -3   0   1 0.38    M    M  7.6 21 290   M    M   3 1      31 330
16  85  51  68  -1   0   3 0.00    M    M  7.4 17 250   M    M   3        25 240
17  60  45  53 -16  12   0 0.16    M    M  7.6 17 330   M    M   6 1      22 330
18  77  42  60  -8   5   0 0.00    M    M  9.2 18 220   M    M   1        25 220
19  89  55  72   4   0   7 0.00    M    M 10.8 22 290   M    M   0        32 280
20  77  56  67  -1   0   2 0.00    M    M  8.8 18  30   M    M   1        24  40
21  81  51  66  -2   0   1 0.00    M    M  8.8 20 150   M    M   0        24 110
22  85  52  69   2   0   4 0.00    M    M 17.9 31 140   M    M   2        42 130
================================================================================
SM 1794 1184        30  94  1.12    M    202.3          M       54
================================================================================
AV 81.6 53.8                               9.2 FASTST   M    M   2    MAX(MPH)
                                 MISC ---->  # 32 280               # 45  320
================================================================================
NOTES:
# LAST OF SEVERAL OCCURRENCES

COLUMN 17 PEAK WIND IN M.P.H.

PRELIMINARY LOCAL CLIMATOLOGICAL DATA (WS FORM: F-6) , PAGE 2

                                          STATION:  DICKINSON ND
                                          MONTH:    AUGUST
                                          YEAR:     2019
                                          LATITUDE:   46 47 N
                                          LONGITUDE: 102 48 W

[TEMPERATURE DATA]      [PRECIPITATION DATA]       SYMBOLS USED IN COLUMN 16

AVERAGE MONTHLY: 67.7   TOTAL FOR MONTH:   1.12    1 = FOG OR MIST
DPTR FM NORMAL:  -1.9   DPTR FM NORMAL:    0.03    2 = FOG REDUCING VISIBILITY
HIGHEST:    94 ON  6    GRTST 24HR  0.53 ON 11-11      TO 1/4 MILE OR LESS
LOWEST:     42 ON 18                               3 = THUNDER
                        SNOW, ICE PELLETS, HAIL    4 = ICE PELLETS
                        TOTAL MONTH:    M          5 = HAIL
                        GRTST 24HR    M  ON   M    6 = FREEZING RAIN OR DRIZZLE
                        GRTST DEPTH:  M  ON   M    7 = DUSTSTORM OR SANDSTORM:
                                                       VSBY 1/2 MILE OR LESS
                                                   8 = SMOKE OR HAZE
[NO. OF DAYS WITH]      [WEATHER - DAYS WITH]      9 = BLOWING SNOW
                                                   X = TORNADO
MAX 32 OR BELOW:   0    0.01 INCH OR MORE:   5
MAX 90 OR ABOVE:   3    0.10 INCH OR MORE:   3
MIN 32 OR BELOW:   0    0.50 INCH OR MORE:   1
MIN  0 OR BELOW:   0    1.00 INCH OR MORE:   0

[HDD (BASE 65) ]
TOTAL THIS MO.    30    CLEAR  (SCALE 0-3)  17
DPTR FM NORMAL     3    PTCLDY (SCALE 4-7)   3
TOTAL FM JUL 1    44    CLOUDY (SCALE 8-10)  2
DPTR FM NORMAL   -17

[CDD (BASE 65) ]
TOTAL THIS MO.    94
DPTR FM NORMAL   -28    [PRESSURE DATA]
TOTAL FM JAN 1   272    HIGHEST SLP M ON M
DPTR FM NORMAL   -79    LOWEST  SLP 29.67 ON 17

[REMARKS]
