000
CXUS54 KEWX 180910
CF6DLF
PRELIMINARY LOCAL CLIMATOLOGICAL DATA (WS FORM: F-6)

                                          STATION:   LAUGHLIN AFB
                                          MONTH:     AUGUST
                                          YEAR:      2019
                                          LATITUDE:   29 22 N
                                          LONGITUDE: 100 47 W

  TEMPERATURE IN F:       :PCPN:    SNOW:  WIND      :SUNSHINE: SKY     :PK WND
================================================================================
1   2   3   4   5  6A  6B    7    8   9   10  11  12  13   14  15   16   17  18
                                     12Z  AVG MX 2MIN
DY MAX MIN AVG DEP HDD CDD  WTR  SNW DPTH SPD SPD DIR MIN PSBL S-S WX    SPD DR
================================================================================

 1 101  74  88   M   0  23 0.00    M    M  8.5 13 120   M    M   1        17 160
 2 100  75  88   M   0  23 0.00    M    M  8.0 14 180   M    M   0         M  M
 3 102  75  89   M   0  24 0.00    M    M  8.7 18 120   M    M   2        18 110
 4 100  80  90   M   0  25    T    M    M  9.9 15  90   M    M   4        21 170
 5 102  78  90   M   0  25 0.00    M    M  9.6 13 120   M    M   2        20 140
 6 103  78  91   M   0  26 0.00    M    M  9.7 14 170   M    M   0        17 120
 7 102  79  91   M   0  26 0.00    M    M 10.9 15 120   M    M   0        24 160
 8 102  78  90   M   0  25 0.00    M    M 12.3 17 130   M    M   0 8      21 130
 9 103  78  91   M   0  26 0.00    M    M 13.8 20 150   M    M   1 8      32 120
10 103  78  91   M   0  26 0.00    M    M 12.9 18 120   M    M   2        27 160
11 103  76  90   M   0  25 0.00    M    M 11.2 20 130   M    M   2 8      24 130
12   M   M   M   M   M   M 0.00    M    M 10.7 15 160   M    M   0 8      20 140
13 105  77  91   M   0  26 0.00    M    M 10.2 17 120   M    M   0        22 140
14 103  78  91   M   0  26 0.07    M    M 10.1 21  50   M    M   2 3      37  10
15 101  76  89   M   0  24 0.00    M    M  6.6 23  80   M    M   3        31  50
16 105  77  91   M   0  26 0.00    M    M  8.2 13 120   M    M   0        21 160
17 104  78  91   M   0  26 0.00    M    M 12.2 18 120   M    M   0        24 140
================================================================================
SM 1639 1235         0 402  0.07    M    173.5          M       19
================================================================================
AV102.4 77.2                              10.2 FASTST   M    M   1    MAX(MPH)
                                 MISC ---->  # 23  80               # 37   10
================================================================================
NOTES:
# LAST OF SEVERAL OCCURRENCES

COLUMN 17 PEAK WIND IN M.P.H.

PRELIMINARY LOCAL CLIMATOLOGICAL DATA (WS FORM: F-6) , PAGE 2

                                          STATION:  LAUGHLIN AFB
                                          MONTH:    AUGUST
                                          YEAR:     2019
                                          LATITUDE:   29 22 N
                                          LONGITUDE: 100 47 W

[TEMPERATURE DATA]      [PRECIPITATION DATA]       SYMBOLS USED IN COLUMN 16

AVERAGE MONTHLY: 89.8   TOTAL FOR MONTH:   0.07    1 = FOG OR MIST
DPTR FM NORMAL:     M   DPTR FM NORMAL:       M    2 = FOG REDUCING VISIBILITY
HIGHEST:   105 ON 16,13 GRTST 24HR  0.07 ON 14-14      TO 1/4 MILE OR LESS
LOWEST:     74 ON  1                               3 = THUNDER
                        SNOW, ICE PELLETS, HAIL    4 = ICE PELLETS
                        TOTAL MONTH:    M          5 = HAIL
                        GRTST 24HR    M  ON   M    6 = FREEZING RAIN OR DRIZZLE
                        GRTST DEPTH:  M  ON   M    7 = DUSTSTORM OR SANDSTORM:
                                                       VSBY 1/2 MILE OR LESS
                                                   8 = SMOKE OR HAZE
[NO. OF DAYS WITH]      [WEATHER - DAYS WITH]      9 = BLOWING SNOW
                                                   X = TORNADO
MAX 32 OR BELOW:   0    0.01 INCH OR MORE:   1
MAX 90 OR ABOVE:  16    0.10 INCH OR MORE:   0
MIN 32 OR BELOW:   0    0.50 INCH OR MORE:   0
MIN  0 OR BELOW:   0    1.00 INCH OR MORE:   0

[HDD (BASE 65) ]
TOTAL THIS MO.     0    CLEAR  (SCALE 0-3)  16
DPTR FM NORMAL     M    PTCLDY (SCALE 4-7)   1
TOTAL FM JUL 1     0    CLOUDY (SCALE 8-10)  0
DPTR FM NORMAL     M

[CDD (BASE 65) ]
TOTAL THIS MO.   402
DPTR FM NORMAL     M    [PRESSURE DATA]
TOTAL FM JAN 1  1880    HIGHEST SLP M ON M
DPTR FM NORMAL     M    LOWEST  SLP M ON M

[REMARKS]
