000
CXUS54 KEWX 180910
CF6DLF
PRELIMINARY LOCAL CLIMATOLOGICAL DATA (WS FORM: F-6)

                                          STATION:   LAUGHLIN AFB
                                          MONTH:     APRIL
                                          YEAR:      2019
                                          LATITUDE:   29 22 N
                                          LONGITUDE: 100 47 W

  TEMPERATURE IN F:       :PCPN:    SNOW:  WIND      :SUNSHINE: SKY     :PK WND
================================================================================
1   2   3   4   5  6A  6B    7    8   9   10  11  12  13   14  15   16   17  18
                                     12Z  AVG MX 2MIN
DY MAX MIN AVG DEP HDD CDD  WTR  SNW DPTH SPD SPD DIR MIN PSBL S-S WX    SPD DR
================================================================================

 1  66  41  54   M  11   0 0.00    M    M  5.4 12 110   M    M   4 8       M  M
 2  74  41  58   M   7   0 0.00    M    M 11.4 21 150   M    M   0        27 150
 3  76  57  67   M   0   2    T    M    M 14.9 22 130   M    M  10 1      25 150
 4  91  60  76   M   0  11    T    M    M  7.1 15 300   M    M   5 1      21 330
 5  87  56  72   M   0   7    T    M    M 11.6 17 130   M    M   2        25 140
 6  88  64  76   M   0  11    T    M    M  6.9 15 120   M    M   8 18      M  M
 7  83  59  71   M   0   6 0.11    M    M  7.6 13 140   M    M   4 3       M  M
 8  91  53  72   M   0   7    T    M    M  3.6  7 340   M    M   0 1       M  M
 9  97  52  75   M   0  10 0.00    M    M  8.0 15 170   M    M   0        21 180
10 103  59  81   M   0  16 0.00    M    M 12.4 27 180   M    M   0        36 180
11  86  56  71   M   0   6 0.00    M    M 15.3 28 300   M    M   1 8      38 330
12  85  49  67   M   0   2    T    M    M 12.1 24 130   M    M   0        32 110
13  72  51  62   M   3   0 0.34    M    M 14.3 23 340   M    M   3 135    51 290
14  75  44  60   M   5   0 0.00    M    M  6.6 13 350   M    M   0        21 360
15  87  51  69   M   0   4 0.00    M    M 12.1 21 150   M    M   0        25 170
16  83  61  72   M   0   7 0.00    M    M 13.6 18 140   M    M   5        27 140
17  90  62  76   M   0  11 0.35    M    M 12.2 22 130   M    M   6 37     39 340
================================================================================
SM 1434  916        26 100  0.80    M    175.1          M       48
================================================================================
AV 84.4 53.9                              10.3 FASTST   M    M   3    MAX(MPH)
                                 MISC ---->  # 28 300               # 51  290
================================================================================
NOTES:
# LAST OF SEVERAL OCCURRENCES

COLUMN 17 PEAK WIND IN M.P.H.

PRELIMINARY LOCAL CLIMATOLOGICAL DATA (WS FORM: F-6) , PAGE 2

                                          STATION:  LAUGHLIN AFB
                                          MONTH:    APRIL
                                          YEAR:     2019
                                          LATITUDE:   29 22 N
                                          LONGITUDE: 100 47 W

[TEMPERATURE DATA]      [PRECIPITATION DATA]       SYMBOLS USED IN COLUMN 16

AVERAGE MONTHLY: 69.1   TOTAL FOR MONTH:   0.80    1 = FOG OR MIST
DPTR FM NORMAL:     M   DPTR FM NORMAL:       M    2 = FOG REDUCING VISIBILITY
HIGHEST:   103 ON 10    GRTST 24HR  0.35 ON 17-17      TO 1/4 MILE OR LESS
LOWEST:     41 ON  2, 1                            3 = THUNDER
                        SNOW, ICE PELLETS, HAIL    4 = ICE PELLETS
                        TOTAL MONTH:    M          5 = HAIL
                        GRTST 24HR    M  ON   M    6 = FREEZING RAIN OR DRIZZLE
                        GRTST DEPTH:  M  ON   M    7 = DUSTSTORM OR SANDSTORM:
                                                       VSBY 1/2 MILE OR LESS
                                                   8 = SMOKE OR HAZE
[NO. OF DAYS WITH]      [WEATHER - DAYS WITH]      9 = BLOWING SNOW
                                                   X = TORNADO
MAX 32 OR BELOW:   0    0.01 INCH OR MORE:   3
MAX 90 OR ABOVE:   5    0.10 INCH OR MORE:   3
MIN 32 OR BELOW:   0    0.50 INCH OR MORE:   0
MIN  0 OR BELOW:   0    1.00 INCH OR MORE:   0

[HDD (BASE 65) ]
TOTAL THIS MO.    26    CLEAR  (SCALE 0-3)  10
DPTR FM NORMAL     M    PTCLDY (SCALE 4-7)   6
TOTAL FM JUL 1  1356    CLOUDY (SCALE 8-10)  1
DPTR FM NORMAL     M

[CDD (BASE 65) ]
TOTAL THIS MO.   100
DPTR FM NORMAL     M    [PRESSURE DATA]
TOTAL FM JAN 1   184    HIGHEST SLP M ON M
DPTR FM NORMAL     M    LOWEST  SLP M ON M

[REMARKS]
