000
CXUS53 KDLH 200655
CF6DLH
PRELIMINARY LOCAL CLIMATOLOGICAL DATA (WS FORM: F-6)

                                          STATION:   DULUTH
                                          MONTH:     FEBRUARY
                                          YEAR:      2019
                                          LATITUDE:   46 49 N
                                          LONGITUDE:  92 11 W

  TEMPERATURE IN F:       :PCPN:    SNOW:  WIND      :SUNSHINE: SKY     :PK WND
================================================================================
1   2   3   4   5  6A  6B    7    8   9   10  11  12  13   14  15   16   17  18
                                     12Z  AVG MX 2MIN
DY MAX MIN AVG DEP HDD CDD  WTR  SNW DPTH SPD SPD DIR MIN PSBL S-S WX    SPD DR
================================================================================

 1  15 -10   3  -8  62   0    T    T   15  8.3 17 220   M    M   7        23 200
 2  24   6  15   3  50   0    T    T   15 11.5 25  90   M    M   6 1268   30 100
 3  28  23  26  14  39   0    T    T   15  8.3 28 100   M    M  10 1268   35 100
 4  23  -3  10  -2  55   0 0.05  1.2   15 12.9 26  80   M    M   9 1689   36  90
 5  16  -6   5  -7  60   0 0.15  3.5   16  8.9 20 100   M    M   7 1      29 110
 6  19  14  17   5  48   0 0.17  2.8   20  9.2 16  60   M    M  10 18     20  80
 7  19  -2   9  -4  56   0 0.29  7.9   25 14.2 22 340   M    M  10 129    31 330
 8   2 -11  -4 -17  69   0    T    T   25 15.2 22 290   M    M   1 8      29 320
 9   8 -19  -5 -18  70   0    T  0.1   23  3.9 10 320   M    M   5 8      13 300
10  16   5  11  -2  54   0 0.12  4.8   21 13.2 24 100   M    M   9 19     31  80
11  22  16  19   5  46   0 0.04  1.7   26 13.7 22 110   M    M   9 1      25  80
12  23  17  20   6  45   0 0.31  4.5   24 13.2 20 350   M    M  10 19     26  80
13  28  11  20   6  45   0    T    T   25  9.0 20 340   M    M   2 8      25 310
14  23   2  13  -2  52   0 0.02  2.0   24 11.3 25 330   M    M   7 89     36 300
15  19   0  10  -5  55   0 0.00  0.0   24 13.5 23 340   M    M   2 9      33 330
16  18  -9   5 -10  60   0    T  0.1   23  6.0 13  90   M    M   4 1      18  90
17  19   0  10  -6  55   0    T  0.2   23 10.4 21 100   M    M   6 8      27  80
18  18  -1   9  -7  56   0    T    T   22  5.0  9 280   M    M   4 1      11 260
19  21 -12   5 -11  60   0 0.00  0.0   22  6.4 14 220   M    M   1 1      17 230
================================================================================
SM  361   21      1037   0  1.15    28.8 194.1          M      119
================================================================================
AV 19.0  1.1                              10.2 FASTST   M    M   6    MAX(MPH)
                                 MISC ---->  # 28 100               # 36   90
================================================================================
NOTES:
# LAST OF SEVERAL OCCURRENCES

COLUMN 17 PEAK WIND IN M.P.H.

PRELIMINARY LOCAL CLIMATOLOGICAL DATA (WS FORM: F-6) , PAGE 2

                                          STATION:  DULUTH
                                          MONTH:    FEBRUARY
                                          YEAR:     2019
                                          LATITUDE:   46 49 N
                                          LONGITUDE:  92 11 W

[TEMPERATURE DATA]      [PRECIPITATION DATA]       SYMBOLS USED IN COLUMN 16

AVERAGE MONTHLY: 10.1   TOTAL FOR MONTH:   1.15    1 = FOG OR MIST
DPTR FM NORMAL:  -3.5   DPTR FM NORMAL:    0.67    2 = FOG REDUCING VISIBILITY
HIGHEST:    28 ON 13, 3 GRTST 24HR  0.31 ON 12-12      TO 1/4 MILE OR LESS
LOWEST:    -19 ON  9                               3 = THUNDER
                        SNOW, ICE PELLETS, HAIL    4 = ICE PELLETS
                        TOTAL MONTH:  28.8 INCHES  5 = HAIL
                        GRTST 24HR   7.9 ON  7- 7  6 = FREEZING RAIN OR DRIZZLE
                        GRTST DEPTH:  26 ON 11     7 = DUSTSTORM OR SANDSTORM:
                                                       VSBY 1/2 MILE OR LESS
                                                   8 = SMOKE OR HAZE
[NO. OF DAYS WITH]      [WEATHER - DAYS WITH]      9 = BLOWING SNOW
                                                   X = TORNADO
MAX 32 OR BELOW:  19    0.01 INCH OR MORE:   8
MAX 90 OR ABOVE:   0    0.10 INCH OR MORE:   5
MIN 32 OR BELOW:  19    0.50 INCH OR MORE:   0
MIN  0 OR BELOW:  11    1.00 INCH OR MORE:   0

[HDD (BASE 65) ]
TOTAL THIS MO.  1037    CLEAR  (SCALE 0-3)   4
DPTR FM NORMAL    59    PTCLDY (SCALE 4-7)   8
TOTAL FM JUL 1  6392    CLOUDY (SCALE 8-10)  7
DPTR FM NORMAL   -54

[CDD (BASE 65) ]
TOTAL THIS MO.     0
DPTR FM NORMAL     0    [PRESSURE DATA]
TOTAL FM JAN 1     0    HIGHEST SLP M ON M
DPTR FM NORMAL     0    LOWEST  SLP 29.59 ON 14

[REMARKS]
