000
CXUS53 KDLH 190626
CF6DLH
PRELIMINARY LOCAL CLIMATOLOGICAL DATA (WS FORM: F-6)

                                          STATION:   DULUTH
                                          MONTH:     AUGUST
                                          YEAR:      2019
                                          LATITUDE:   46 49 N
                                          LONGITUDE:  92 11 W

  TEMPERATURE IN F:       :PCPN:    SNOW:  WIND      :SUNSHINE: SKY     :PK WND
================================================================================
1   2   3   4   5  6A  6B    7    8   9   10  11  12  13   14  15   16   17  18
                                     12Z  AVG MX 2MIN
DY MAX MIN AVG DEP HDD CDD  WTR  SNW DPTH SPD SPD DIR MIN PSBL S-S WX    SPD DR
================================================================================

 1  85  58  72   6   0   7 0.00  0.0    0  6.7 15 230   M    M   3        19 240
 2  87  65  76  10   0  11 0.23    T    0  7.0 18 230   M    M   4 358    26 340
 3  80  62  71   5   0   6 0.08  0.0    0  7.0 14 100   M    M   3 13     21 130
 4  86  59  73   7   0   8 0.00  0.0    0  6.9 18 210   M    M   2 18     26 210
 5  82  63  73   7   0   8 0.36  0.0    0  6.3 41 270   M    M   4 138    61 280
 6  84  57  71   5   0   6 0.00  0.0    0  6.7 14 270   M    M   2        19 290
 7  79  59  69   3   0   4 0.40  0.0    0  8.6 25 290   M    M   4 38     36 290
 8  75  54  65  -1   0   0 0.00  0.0    0 10.8 20 280   M    M   2        29 340
 9  78  56  67   1   0   2 0.00  0.0    0  8.6 16 280   M    M   1        24 270
10  82  54  68   3   0   3 0.00  0.0    0  4.8 10 210   M    M   2        16 250
11  81  61  71   6   0   6 0.00  0.0    0  6.0 13  20   M    M   4        16  20
12  75  60  68   3   0   3    T  0.0    0  7.5 17 100   M    M   7        23 100
13  71  55  63  -2   2   0 0.03  0.0    0  8.7 17  70   M    M   7        23  70
14  72  50  61  -4   4   0    T  0.0    0  5.3 10 130   M    M   6        17 110
15  79  58  69   4   0   4 0.00  0.0    0  6.6 16 210   M    M   5 8      21 240
16  79  62  71   6   0   6 0.21  0.0    0  5.4 18 200   M    M   6 138    23 210
17  83  58  71   7   0   6 0.00  0.0    0  9.0 22 200   M    M   1        29 200
18  74  54  64   0   1   0 0.08  0.0    0  9.9 24 280   M    M   4 1      35 310
================================================================================
SM 1432 1045         7  80  1.39    T    131.8          M       67
================================================================================
AV 79.6 58.1                               7.3 FASTST   M    M   4    MAX(MPH)
                                 MISC ---->  # 41 270               # 61  280
================================================================================
NOTES:
# LAST OF SEVERAL OCCURRENCES

COLUMN 17 PEAK WIND IN M.P.H.

PRELIMINARY LOCAL CLIMATOLOGICAL DATA (WS FORM: F-6) , PAGE 2

                                          STATION:  DULUTH
                                          MONTH:    AUGUST
                                          YEAR:     2019
                                          LATITUDE:   46 49 N
                                          LONGITUDE:  92 11 W

[TEMPERATURE DATA]      [PRECIPITATION DATA]       SYMBOLS USED IN COLUMN 16

AVERAGE MONTHLY: 68.8   TOTAL FOR MONTH:   1.39    1 = FOG OR MIST
DPTR FM NORMAL:   3.4   DPTR FM NORMAL:   -0.70    2 = FOG REDUCING VISIBILITY
HIGHEST:    87 ON  2    GRTST 24HR  0.40 ON  7- 7      TO 1/4 MILE OR LESS
LOWEST:     50 ON 14                               3 = THUNDER
                        SNOW, ICE PELLETS, HAIL    4 = ICE PELLETS
                        TOTAL MONTH:    T          5 = HAIL
                        GRTST 24HR    T  ON  2- 2  6 = FREEZING RAIN OR DRIZZLE
                        GRTST DEPTH:   0           7 = DUSTSTORM OR SANDSTORM:
                                                       VSBY 1/2 MILE OR LESS
                                                   8 = SMOKE OR HAZE
[NO. OF DAYS WITH]      [WEATHER - DAYS WITH]      9 = BLOWING SNOW
                                                   X = TORNADO
MAX 32 OR BELOW:   0    0.01 INCH OR MORE:   7
MAX 90 OR ABOVE:   0    0.10 INCH OR MORE:   4
MIN 32 OR BELOW:   0    0.50 INCH OR MORE:   0
MIN  0 OR BELOW:   0    1.00 INCH OR MORE:   0

[HDD (BASE 65) ]
TOTAL THIS MO.     7    CLEAR  (SCALE 0-3)   7
DPTR FM NORMAL   -31    PTCLDY (SCALE 4-7)  11
TOTAL FM JUL 1    11    CLOUDY (SCALE 8-10)  0
DPTR FM NORMAL   -90

[CDD (BASE 65) ]
TOTAL THIS MO.    80
DPTR FM NORMAL    34    [PRESSURE DATA]
TOTAL FM JAN 1   316    HIGHEST SLP M ON M
DPTR FM NORMAL   146    LOWEST  SLP 29.60 ON 18

[REMARKS]
