000
CXUS56 KTFX 221805
CF6DLN
PRELIMINARY LOCAL CLIMATOLOGICAL DATA (WS FORM: F-6)

                                          STATION:   DILLON AIRPORT MT
                                          MONTH:     AUGUST
                                          YEAR:      2019
                                          LATITUDE:   45 15 N
                                          LONGITUDE: 112 33 W

  TEMPERATURE IN F:       :PCPN:    SNOW:  WIND      :SUNSHINE: SKY     :PK WND
================================================================================
1   2   3   4   5  6A  6B    7    8   9   10  11  12  13   14  15   16   17  18
                                     12Z  AVG MX 2MIN
DY MAX MIN AVG DEP HDD CDD  WTR  SNW DPTH SPD SPD DIR MIN PSBL S-S WX    SPD DR
================================================================================

 1  84  49  67   1   0   2    T    M    0  7.6 26 190   M    M   1        33 190
 2  86  50  68   2   0   3    T    M    0  7.0 33 200   M    M   2 3      41 200
 3  89  47  68   2   0   3 0.00    M    0  5.8 13 320   M    M   0        15 320
 4  92  50  71   5   0   6 0.01    M    0  7.0 31 250   M    M   0 3      38 250
 5  90  49  70   4   0   5 0.00    M    0  5.8 17 290   M    M   1 3      23 290
 6  86  49  68   2   0   3 0.00    M    0  6.8 18 320   M    M   1        22 320
 7  89  52  71   5   0   6 0.00    M    0  6.9 21 360   M    M   0 8      28  10
 8  82  53  68   2   0   3 0.00    M    0  6.1 22 180   M    M   3        27 180
 9  74  52  63  -3   2   0 0.06    M    0  8.1 28 260   M    M   5 13     35 320
10  82  50  66   0   0   1 0.01    M    0  7.5 24 330   M    M   2        31 320
11  67  46  57  -8   8   0 0.13    M    0  7.0 31 270   M    M   5 13     37 260
12  75  44  60  -5   5   0 0.00    M    0  9.2 20 220   M    M   1        23 220
13  80  40  60  -5   5   0 0.00    M    0  4.5 10  50   M    M   0        12  50
14  81  42  62  -3   3   0 0.00    M    0  7.9 18 270   M    M   1        30 280
15  81  47  64  -1   1   0 0.00    M    0  7.0 28  10   M    M   1 8      40 360
16  76  42  59  -5   6   0 0.00    M    0  7.2 16 270   M    M   1        23 210
17  71  46  59  -5   6   0 0.00    M    0  8.3 23 280   M    M   1        30 280
18  84  40  62  -2   3   0 0.00    M    0  7.4 18 270   M    M   0        29 220
19  86  48  67   3   0   2 0.00  0.0    M  6.2 18 250   M    M   0        23 240
20  90  49  70   6   0   5 0.00    M    0  7.0 18 360   M    M   0        24 360
21  90  45  68   5   0   3 0.00    M    0  4.9 14 240   M    M   0 8      16 240
================================================================================
SM 1735  990        39  42  0.21  0.0    145.2          M       25
================================================================================
AV 82.6 47.1                               6.9 FASTST   M    M   1    MAX(MPH)
                                 MISC ---->    33 200                 41 200
================================================================================
NOTES:
# LAST OF SEVERAL OCCURRENCES

COLUMN 17 PEAK WIND IN M.P.H.

PRELIMINARY LOCAL CLIMATOLOGICAL DATA (WS FORM: F-6) , PAGE 2

                                          STATION:   DILLON AIRPORT MT
                                          MONTH:     AUGUST
                                          YEAR:      2019
                                          LATITUDE:   45 15 N
                                          LONGITUDE: 112 33 W

[TEMPERATURE DATA]      [PRECIPITATION DATA]       SYMBOLS USED IN COLUMN 16

AVERAGE MONTHLY: 64.9   TOTAL FOR MONTH:   0.21    1 = FOG OR MIST
DPTR FM NORMAL:  -0.3   DPTR FM NORMAL:   -0.48    2 = FOG REDUCING VISIBILITY
HIGHEST:    92 ON  4    GRTST 24HR  0.13 ON 11-11      TO 1/4 MILE OR LESS
LOWEST:     40 ON 18,13                             3 = THUNDER
                        SNOW, ICE PELLETS, HAIL    4 = ICE PELLETS
                        TOTAL MONTH:   0.0 INCH    5 = HAIL
                        GRTST 24HR  0.0            6 = FREEZING RAIN OR DRIZZLE
                        GRTST DEPTH:  0            7 = DUSTSTORM OR SANDSTORM:
                                                       VSBY 1/2 MILE OR LESS
                                                   8 = SMOKE OR HAZE
[NO. OF DAYS WITH]      [WEATHER - DAYS WITH]      9 = BLOWING SNOW
                                                   X = TORNADO
MAX 32 OR BELOW:   0    0.01 INCH OR MORE:   2
MAX 90 OR ABOVE:   4    0.10 INCH OR MORE:   1
MIN 32 OR BELOW:   0    0.50 INCH OR MORE:   0
MIN  0 OR BELOW:   0    1.00 INCH OR MORE:   0

[HDD (BASE 65) ]
TOTAL THIS MO.    39    CLEAR  (SCALE 0-3)  19
DPTR FM NORMAL    -2    PTCLDY (SCALE 4-7)   2
TOTAL FM JUL 1    99    CLOUDY (SCALE 8-10)  0
DPTR FM NORMAL     3

[CDD (BASE 65) ]
TOTAL THIS MO.    42
DPTR FM NORMAL    -1    [PRESSURE DATA]
TOTAL FM JAN 1   101    HIGHEST SLP M ON M
DPTR FM NORMAL   -36    LOWEST  SLP 29.66 ON 21

[REMARKS]
