000
CXUS54 KEPZ 181200
CF6DMN
PRELIMINARY LOCAL CLIMATOLOGICAL DATA (WS FORM: F-6)

                                          STATION:   DEMING
                                          MONTH:     FEBRUARY
                                          YEAR:      2019
                                          LATITUDE:   32 15 N
                                          LONGITUDE: 107 42 W

  TEMPERATURE IN F:       :PCPN:    SNOW:  WIND      :SUNSHINE: SKY     :PK WND
================================================================================
1   2   3   4   5  6A  6B    7    8   9   10  11  12  13   14  15   16   17  18
                                     12Z  AVG MX 2MIN
DY MAX MIN AVG DEP HDD CDD  WTR  SNW DPTH SPD SPD DIR MIN PSBL S-S WX    SPD DR
================================================================================

 1  64  35  50   5  15   0    T  0.0    0  5.8 15 180   M    M   5        21 180
 2  65  31  48   3  17   0 0.00  0.0    0  7.9 21 250   M    M   1        27 260
 3  70  35  53   8  12   0 0.00  0.0    0 10.1 28 260   M    M   3        41 240
 4  68  35  52   7  13   0    T    M    0 11.3 35 250   M    M   6 12     43 250
 5  63  41  52   7  13   0 0.10    M    0 12.5 24 250   M    M   4 1      31 260
 6  58  34  46   0  19   0 0.00  0.0    0 15.4 33 270   M    M   3        45 260
 7  49  24  37  -9  28   0 0.00  0.0    0  8.6 20 280   M    M   0        26 280
 8  57  20  39  -7  26   0 0.00  0.0    0 10.1 17  80   M    M   0        22  60
 9  56  32  44  -2  21   0 0.00  0.0    0  6.9 21  70   M    M   1        26  90
10  54  37  46   0  19   0 0.05    M    0  8.0 29 240   M    M   8 1      42 230
11  53  31  42  -4  23   0 0.00  0.0    0 14.3 37 270   M    M   1        47 290
12  57  17  37  -9  28   0 0.00  0.0    0  4.6 13  70   M    M   0        15  70
13  66  25  46  -1  19   0 0.00  0.0    0  6.4 20 280   M    M   0        24 270
14  69  40  55   8  10   0 0.00  0.0    0 10.3 22 260   M    M   3        26 240
15  70  46  58  11   7   0 0.00  0.0    0 15.2 32 270   M    M   5        39 260
16  59  39  49   2  16   0 0.00  0.0    0 17.0 37 280   M    M   1 8      48 280
17  54  26  40  -7  25   0 0.00  0.0    0 12.1 25 270   M    M   0        32 270
================================================================================
SM 1032  548       311   0  0.15     0.0 176.5          M       41
================================================================================
AV 60.7 32.2                              10.4 FASTST   M    M   2    MAX(MPH)
                                 MISC ---->  # 37 270               # 48  280
================================================================================
NOTES:
# LAST OF SEVERAL OCCURRENCES

COLUMN 17 PEAK WIND IN M.P.H.

PRELIMINARY LOCAL CLIMATOLOGICAL DATA (WS FORM: F-6) , PAGE 2

                                          STATION:  DEMING
                                          MONTH:    FEBRUARY
                                          YEAR:     2019
                                          LATITUDE:   32 15 N
                                          LONGITUDE: 107 42 W

[TEMPERATURE DATA]      [PRECIPITATION DATA]       SYMBOLS USED IN COLUMN 16

AVERAGE MONTHLY: 46.5   TOTAL FOR MONTH:   0.15    1 = FOG OR MIST
DPTR FM NORMAL:   0.5   DPTR FM NORMAL:   -0.23    2 = FOG REDUCING VISIBILITY
HIGHEST:    70 ON 15, 3 GRTST 24HR  0.10 ON  5- 5      TO 1/4 MILE OR LESS
LOWEST:     17 ON 12                               3 = THUNDER
                        SNOW, ICE PELLETS, HAIL    4 = ICE PELLETS
                        TOTAL MONTH:   0.0 INCH    5 = HAIL
                        GRTST 24HR     0.0         6 = FREEZING RAIN OR DRIZZLE
                        GRTST DEPTH:   0           7 = DUSTSTORM OR SANDSTORM:
                                                       VSBY 1/2 MILE OR LESS
                                                   8 = SMOKE OR HAZE
[NO. OF DAYS WITH]      [WEATHER - DAYS WITH]      9 = BLOWING SNOW
                                                   X = TORNADO
MAX 32 OR BELOW:   0    0.01 INCH OR MORE:   2
MAX 90 OR ABOVE:   0    0.10 INCH OR MORE:   1
MIN 32 OR BELOW:   8    0.50 INCH OR MORE:   0
MIN  0 OR BELOW:   0    1.00 INCH OR MORE:   0

[HDD (BASE 65) ]
TOTAL THIS MO.   311    CLEAR  (SCALE 0-3)  11
DPTR FM NORMAL   -11    PTCLDY (SCALE 4-7)   5
TOTAL FM JUL 1  2328    CLOUDY (SCALE 8-10)  1
DPTR FM NORMAL   -35

[CDD (BASE 65) ]
TOTAL THIS MO.     0
DPTR FM NORMAL     0    [PRESSURE DATA]
TOTAL FM JAN 1     0    HIGHEST SLP M ON M
DPTR FM NORMAL     0    LOWEST  SLP 29.56 ON 16

[REMARKS]
