000
CXUS54 KEPZ 241200
CF6DMN
PRELIMINARY LOCAL CLIMATOLOGICAL DATA (WS FORM: F-6)

                                          STATION:   DEMING
                                          MONTH:     APRIL
                                          YEAR:      2019
                                          LATITUDE:   32 15 N
                                          LONGITUDE: 107 42 W

  TEMPERATURE IN F:       :PCPN:    SNOW:  WIND      :SUNSHINE: SKY     :PK WND
================================================================================
1   2   3   4   5  6A  6B    7    8   9   10  11  12  13   14  15   16   17  18
                                     12Z  AVG MX 2MIN
DY MAX MIN AVG DEP HDD CDD  WTR  SNW DPTH SPD SPD DIR MIN PSBL S-S WX    SPD DR
================================================================================

 1  66  36  51  -4  14   0 0.00  0.0    0  8.3 21  40   M    M   0        27  50
 2  79  37  58   3   7   0 0.00  0.0    0  9.0 25 240   M    M   0        37 220
 3  75  43  59   3   6   0 0.00  0.0    0 13.8 35 280   M    M   0 8      45 270
 4  77  43  60   4   5   0 0.00  0.0    0  7.6 15 240   M    M   0        22 270
 5  74  41  58   2   7   0    T  0.0    0  6.1 29 260   M    M   2 8      40 250
 6  73  36  55  -1  10   0 0.00  0.0    0  9.5 21 260   M    M   1        27 270
 7  81  41  61   4   4   0 0.00  0.0    0  7.0 14 280   M    M   0        18 280
 8  86  41  64   7   1   0 0.00  0.0    0  6.4 16 240   M    M   0        22 240
 9  89  48  69  11   0   4 0.00  0.0    0 12.3 31 270   M    M   0        38 270
10  70  48  59   1   6   0 0.00  0.0    0 24.7 48 270   M    M   2 8      65 260
11  66  40  53  -5  12   0 0.00  0.0    0 17.0 32 270   M    M   0        44 280
12  59  38  49  -9  16   0    T  0.0    0  6.8 22 230   M    M   5        31 230
13  66  34  50  -9  15   0 0.00  0.0    0  7.0 29 270   M    M   3        39 270
14  79  31  55  -4  10   0 0.00  0.0    0  9.6 23 240   M    M   0        30 270
15  85  38  62   2   3   0 0.00  0.0    0  7.7 21 240   M    M   0        27 250
16  80  50  65   5   0   0 0.03  0.0    0 16.6 36 270   M    M   1 38     52 260
17  65  45  55  -5  10   0 0.29  0.0    0 16.8 36 240   M    M   4 138    48 250
18  78  42  60  -1   5   0 0.00  0.0    0  6.4 14  60   M    M   0        20  50
19  85  42  64   3   1   0 0.00  0.0    0  5.5 16 100   M    M   0        19  80
20  89  45  67   6   0   2 0.00  0.0    0 11.9 31 240   M    M   0        40 240
21  83  48  66   4   0   1 0.00  0.0    0 11.5 22 260   M    M   0        28 270
22  79  54  67   5   0   2    T  0.0    0  9.0 40 280   M    M   1 38     52 270
23  74  50  62   0   3   0 0.02  0.0    0  9.8 23  70   M    M   2        28 330
================================================================================
SM 1758  971       135   9  0.34     0.0 240.3          M       21
================================================================================
AV 76.4 42.2                              10.4 FASTST   M    M   1    MAX(MPH)
                                 MISC ---->  # 48 270               # 65  260
================================================================================
NOTES:
# LAST OF SEVERAL OCCURRENCES

COLUMN 17 PEAK WIND IN M.P.H.

PRELIMINARY LOCAL CLIMATOLOGICAL DATA (WS FORM: F-6) , PAGE 2

                                          STATION:  DEMING
                                          MONTH:    APRIL
                                          YEAR:     2019
                                          LATITUDE:   32 15 N
                                          LONGITUDE: 107 42 W

[TEMPERATURE DATA]      [PRECIPITATION DATA]       SYMBOLS USED IN COLUMN 16

AVERAGE MONTHLY: 59.3   TOTAL FOR MONTH:   0.34    1 = FOG OR MIST
DPTR FM NORMAL:   0.8   DPTR FM NORMAL:    0.05    2 = FOG REDUCING VISIBILITY
HIGHEST:    89 ON 20, 9 GRTST 24HR  0.29 ON 17-17      TO 1/4 MILE OR LESS
LOWEST:     31 ON 14                               3 = THUNDER
                        SNOW, ICE PELLETS, HAIL    4 = ICE PELLETS
                        TOTAL MONTH:   0.0 INCH    5 = HAIL
                        GRTST 24HR     0.0         6 = FREEZING RAIN OR DRIZZLE
                        GRTST DEPTH:   0           7 = DUSTSTORM OR SANDSTORM:
                                                       VSBY 1/2 MILE OR LESS
                                                   8 = SMOKE OR HAZE
[NO. OF DAYS WITH]      [WEATHER - DAYS WITH]      9 = BLOWING SNOW
                                                   X = TORNADO
MAX 32 OR BELOW:   0    0.01 INCH OR MORE:   3
MAX 90 OR ABOVE:   0    0.10 INCH OR MORE:   1
MIN 32 OR BELOW:   1    0.50 INCH OR MORE:   0
MIN  0 OR BELOW:   0    1.00 INCH OR MORE:   0

[HDD (BASE 65) ]
TOTAL THIS MO.   135    CLEAR  (SCALE 0-3)  21
DPTR FM NORMAL   -21    PTCLDY (SCALE 4-7)   2
TOTAL FM JUL 1  3037    CLOUDY (SCALE 8-10)  0
DPTR FM NORMAL   -90

[CDD (BASE 65) ]
TOTAL THIS MO.     9
DPTR FM NORMAL     2    [PRESSURE DATA]
TOTAL FM JAN 1    10    HIGHEST SLP M ON M
DPTR FM NORMAL     3    LOWEST  SLP 29.41 ON 10

[REMARKS]
