660
CXUS54 KEPZ 251200
CF6DMN
PRELIMINARY LOCAL CLIMATOLOGICAL DATA (WS FORM: F-6)

                                          STATION:   DEMING
                                          MONTH:     AUGUST
                                          YEAR:      2019
                                          LATITUDE:   32 15 N
                                          LONGITUDE: 107 42 W

  TEMPERATURE IN F:       :PCPN:    SNOW:  WIND      :SUNSHINE: SKY     :PK WND
================================================================================
1   2   3   4   5  6A  6B    7    8   9   10  11  12  13   14  15   16   17  18
                                     12Z  AVG MX 2MIN
DY MAX MIN AVG DEP HDD CDD  WTR  SNW DPTH SPD SPD DIR MIN PSBL S-S WX    SPD DR
================================================================================

 1  97  69  83   4   0  18 0.00  0.0    0  6.1 10 280   M    M   1 3      25 270
 2  99  69  84   5   0  19 0.00  0.0    0  7.0 20 270   M    M   1 3      32 270
 3 100  73  87   8   0  22 0.01  0.0    0  7.9 28  30   M    M   1 3      37  30
 4  97  70  84   5   0  19 0.00  0.0    0  9.1 29  30   M    M   1 3      37  30
 5 100  69  85   6   0  20 0.00  0.0    0  6.1 17 280   M    M   0 3      22 290
 6  96  75  86   7   0  21 0.00  0.0    0  8.9 22  40   M    M   1 3      35  50
 7  99  75  87   8   0  22 0.00  0.0    0  9.9 15 250   M    M   1        22 240
 8  96  73  85   6   0  20 0.00  0.0    0  8.9 20 190   M    M   1        24 190
 9  96  73  85   6   0  20    T  0.0    0  8.3 16 290   M    M   1        24 290
10  86  63  75  -4   0  10 1.22  0.0    0  8.0 28 170   M    M   2 13     37 170
11  90  66  78   0   0  13 0.00  0.0    0 10.1 20 310   M    M   1        28 310
12  96  68  82   4   0  17 0.00  0.0    0  7.8 20 280   M    M   1        26 240
13  99  69  84   6   0  19 0.00  0.0    0  5.7 16 240   M    M   1        21 250
14  97  67  82   4   0  17 0.18  0.0    0  9.0 37  70   M    M   2 38     48  70
15  94  67  81   3   0  16 0.00  0.0    0  4.6 16  30   M    M   0        19  20
16 100  67  84   6   0  19 0.00  0.0    0  8.1 20 270   M    M   0        25 270
17  98  66  82   4   0  17 0.00  0.0    0 10.9 22 270   M    M   0        32 290
18  98  64  81   3   0  16 0.00  0.0    0  9.1 18 260   M    M   0        22 240
19  99  66  83   5   0  18 0.00  0.0    0  4.8 12 220   M    M   1        15 180
20  99  68  84   6   0  19 0.67  0.0    0  8.4 31 350   M    M   1 38     37 350
21  98  67  83   5   0  18    T  0.0    0  8.6 31 330   M    M   2 38     39 310
22  92  62  77  -1   0  12 0.00  0.0    0  3.8 15 340   M    M   0        20 320
23  96  69  83   6   0  18 0.00  0.0    0  7.2 22 310   M    M   0        29 320
24  94  68  81   4   0  16 0.00  0.0    0  9.2 17 260   M    M   0        23 250
================================================================================
SM 2316 1643         0 426  2.08     0.0 187.5          M       19
================================================================================
AV 96.5 68.5                               7.8 FASTST   M    M   1    MAX(MPH)
                                 MISC ---->  # 37  70               # 48   70
================================================================================
NOTES:
# LAST OF SEVERAL OCCURRENCES

COLUMN 17 PEAK WIND IN M.P.H.

PRELIMINARY LOCAL CLIMATOLOGICAL DATA (WS FORM: F-6) , PAGE 2

                                          STATION:  DEMING
                                          MONTH:    AUGUST
                                          YEAR:     2019
                                          LATITUDE:   32 15 N
                                          LONGITUDE: 107 42 W

[TEMPERATURE DATA]      [PRECIPITATION DATA]       SYMBOLS USED IN COLUMN 16

AVERAGE MONTHLY: 82.5   TOTAL FOR MONTH:   2.08    1 = FOG OR MIST
DPTR FM NORMAL:   4.1   DPTR FM NORMAL:    0.12    2 = FOG REDUCING VISIBILITY
HIGHEST:   100 ON 16, 5 GRTST 24HR  1.22 ON 10-10      TO 1/4 MILE OR LESS
LOWEST:     62 ON 22                               3 = THUNDER
                        SNOW, ICE PELLETS, HAIL    4 = ICE PELLETS
                        TOTAL MONTH:   0.0 INCH    5 = HAIL
                        GRTST 24HR     0.0         6 = FREEZING RAIN OR DRIZZLE
                        GRTST DEPTH:   0           7 = DUSTSTORM OR SANDSTORM:
                                                       VSBY 1/2 MILE OR LESS
                                                   8 = SMOKE OR HAZE
[NO. OF DAYS WITH]      [WEATHER - DAYS WITH]      9 = BLOWING SNOW
                                                   X = TORNADO
MAX 32 OR BELOW:   0    0.01 INCH OR MORE:   4
MAX 90 OR ABOVE:  23    0.10 INCH OR MORE:   3
MIN 32 OR BELOW:   0    0.50 INCH OR MORE:   2
MIN  0 OR BELOW:   0    1.00 INCH OR MORE:   1

[HDD (BASE 65) ]
TOTAL THIS MO.     0    CLEAR  (SCALE 0-3)  24
DPTR FM NORMAL     0    PTCLDY (SCALE 4-7)   0
TOTAL FM JUL 1     0    CLOUDY (SCALE 8-10)  0
DPTR FM NORMAL     0

[CDD (BASE 65) ]
TOTAL THIS MO.   426
DPTR FM NORMAL   107    [PRESSURE DATA]
TOTAL FM JAN 1  1461    HIGHEST SLP M ON M
DPTR FM NORMAL   115    LOWEST  SLP 29.61 ON 17

[REMARKS]
