000
CXUS55 KEAX 190736
CF6DMO
PRELIMINARY LOCAL CLIMATOLOGICAL DATA (WS FORM: F-6)

                                          STATION:   SEDALIA MO
                                          MONTH:     FEBRUARY
                                          YEAR:      2019
                                          LATITUDE:   38 42 N
                                          LONGITUDE:  93  6 W

  TEMPERATURE IN F:       :PCPN:    SNOW:  WIND      :SUNSHINE: SKY     :PK WND
================================================================================
1   2   3   4   5  6A  6B    7    8   9   10  11  12  13   14  15   16   17  18
                                     12Z  AVG MX 2MIN
DY MAX MIN AVG DEP HDD CDD  WTR  SNW DPTH SPD SPD DIR MIN PSBL S-S WX    SPD DR
================================================================================

 1  52  23  38   5  27   0 0.00    M    M  4.2 10 180   M    M   3 12     14 220
 2  61  38  50  17  15   0 0.00    M    M 11.6 23 190   M    M   7 1      30 210
 3  68  53  61  28   4   0 0.00    M    M 15.5 25 200   M    M   6        33 180
 4  60  24  42   8  23   0    T    M    M 12.1 25 330   M    M  10 1      34 320
 5  30  23  27  -7  38   0 0.03    M    M  8.8 14 350   M    M   9 16     19  90
 6  31  27  29  -5  36   0 0.44    M    M  8.9 21  20   M    M  10 136    25  20
 7  31  13  22 -12  43   0 0.29    M    M 16.2 24 280   M    M   8 136    36 280
 8  18   8  13 -21  52   0 0.00    M    M  7.4 18 300   M    M   2        28 290
 9  29  12  21 -14  44   0 0.00    M    M  9.4 20 110   M    M   5        23 110
10  34  27  31  -4  34   0 0.06    M    M  6.8 17 140   M    M   8 1      22 140
11  36  32  34  -1  31   0 0.47    M    M  8.0 16  80   M    M   8 1      24  80
12  38  27  33  -3  32   0 0.00    M    M 15.5 30 290   M    M   5 1      42 290
13  55  25  40   4  25   0 0.00    M    M  8.8 18 180   M    M   0        24 170
14  58  23  41   5  24   0 0.00    M    M 16.6 28 320   M    M   2 18     37 320
15  23  15  19 -17  46   0 0.16    M    M 10.7 17 340   M    M   7 12     24  20
16  28  11  20 -17  45   0 0.01    M    M  7.9 17 120   M    M   5        23 110
17  28  24  26 -11  39   0    T    M    M 11.0 20 300   M    M   9 1      29 290
18  27  16  22 -15  43   0    T    M    M  6.9 18 340   M    M   8 1      23 340
================================================================================
SM  707  421       601   0  1.46    M    186.3          M      112
================================================================================
AV 39.3 23.4                              10.4 FASTST   M    M   6    MAX(MPH)
                                 MISC ---->  # 30 290               # 42  290
================================================================================
NOTES:
# LAST OF SEVERAL OCCURRENCES

COLUMN 17 PEAK WIND IN M.P.H.

PRELIMINARY LOCAL CLIMATOLOGICAL DATA (WS FORM: F-6) , PAGE 2

                                          STATION:  SEDALIA MO
                                          MONTH:    FEBRUARY
                                          YEAR:     2019
                                          LATITUDE:   38 42 N
                                          LONGITUDE:  93  6 W

[TEMPERATURE DATA]      [PRECIPITATION DATA]       SYMBOLS USED IN COLUMN 16

AVERAGE MONTHLY: 31.3   TOTAL FOR MONTH:   1.46    1 = FOG OR MIST
DPTR FM NORMAL:  -3.6   DPTR FM NORMAL:    0.20    2 = FOG REDUCING VISIBILITY
HIGHEST:    68 ON  3    GRTST 24HR  0.47 ON 11-11      TO 1/4 MILE OR LESS
LOWEST:      8 ON  8                               3 = THUNDER
                        SNOW, ICE PELLETS, HAIL    4 = ICE PELLETS
                        TOTAL MONTH:    M          5 = HAIL
                        GRTST 24HR    M  ON   M    6 = FREEZING RAIN OR DRIZZLE
                        GRTST DEPTH:  M  ON   M    7 = DUSTSTORM OR SANDSTORM:
                                                       VSBY 1/2 MILE OR LESS
                                                   8 = SMOKE OR HAZE
[NO. OF DAYS WITH]      [WEATHER - DAYS WITH]      9 = BLOWING SNOW
                                                   X = TORNADO
MAX 32 OR BELOW:   9    0.01 INCH OR MORE:   7
MAX 90 OR ABOVE:   0    0.10 INCH OR MORE:   4
MIN 32 OR BELOW:  16    0.50 INCH OR MORE:   0
MIN  0 OR BELOW:   0    1.00 INCH OR MORE:   0

[HDD (BASE 65) ]
TOTAL THIS MO.   601    CLEAR  (SCALE 0-3)   3
DPTR FM NORMAL    59    PTCLDY (SCALE 4-7)  10
TOTAL FM JUL 1  3846    CLOUDY (SCALE 8-10)  5
DPTR FM NORMAL   489

[CDD (BASE 65) ]
TOTAL THIS MO.     0
DPTR FM NORMAL     0    [PRESSURE DATA]
TOTAL FM JAN 1     0    HIGHEST SLP  0.00 ON M
DPTR FM NORMAL     0    LOWEST  SLP  0.00 ON M

[REMARKS]
