873
CXUS55 KEAX 230736
CF6DMO
PRELIMINARY LOCAL CLIMATOLOGICAL DATA (WS FORM: F-6)

                                          STATION:   SEDALIA MO
                                          MONTH:     AUGUST
                                          YEAR:      2019
                                          LATITUDE:   38 42 N
                                          LONGITUDE:  93  6 W

  TEMPERATURE IN F:       :PCPN:    SNOW:  WIND      :SUNSHINE: SKY     :PK WND
================================================================================
1   2   3   4   5  6A  6B    7    8   9   10  11  12  13   14  15   16   17  18
                                     12Z  AVG MX 2MIN
DY MAX MIN AVG DEP HDD CDD  WTR  SNW DPTH SPD SPD DIR MIN PSBL S-S WX    SPD DR
================================================================================

 1  83  65  74  -6   0   9 0.00    M    M  6.4 12 120   M    M   3        16 110
 2  80  61  71  -8   0   6 0.00    M    M  6.0 13 110   M    M   1        16 120
 3  84  64  74  -5   0   9 0.00    M    M  3.9 13 120   M    M   1        17 120
 4  86  64  75  -4   0  10 0.00    M    M  3.6 10  80   M    M   1        13  80
 5  86  63  75  -4   0  10 0.00    M    M  4.1  9 260   M    M   1        16 260
 6  89  70  80   1   0  15 0.00    M    M  6.3 14 340   M    M   1        20 280
 7  81  66  74  -5   0   9 0.08    M    M  5.7 18 230   M    M   3 13     28 230
 8  85  63  74  -5   0   9 0.00    M    M  4.5 12 300   M    M   2 12     17 250
 9  87  65  76  -3   0  11 0.00    M    M  4.3  9  40   M    M   2 1      13  40
10  88  67  78  -1   0  13 0.00    M    M  5.9 14 170   M    M   1        18 180
11  85  72  79   0   0  14 0.04    M    M  6.1 13 280   M    M   4 13     19 300
12  92  71  82   3   0  17    M    M    M  8.6 29 330   M    M   2 138    44 330
13  88  68  78  -1   0  13    M    M    M  7.1 24 210   M    M   1 3      33 220
14  85  63  74  -5   0   9 0.00    M    M  5.3 14 290   M    M   0        20 270
15  84  61  73  -6   0   8    M    M    M  6.1 18 140   M    M   1 13     28 120
16  79  65  72  -6   0   7    T    M    M  9.3 31 170   M    M   2 3      42 180
17  83  65  74  -4   0   9 1.41    M    M  8.1 39 280   M    M   2 13     66 260
18  85  70  78   0   0  13 0.12    M    M  8.2 18 260   M    M   1 13     32 280
19  90  70  80   2   0  15 0.00    M    M  3.2  9 180   M    M   2        14 230
20  92  72  82   4   0  17 0.00    M    M  8.6 16 210   M    M   0        23 210
21  85  70  78   0   0  13 0.57    M    M  6.3 17  10   M    M   2 13     24 300
22  79  69  74  -4   0   9 0.10    M    M  3.5  9  70   M    M   6 1      13  50
================================================================================
SM 1876 1464         0 245  2.32    M    131.1          M       39
================================================================================
AV 85.3 66.6                               6.0 FASTST   M    M   2    MAX(MPH)
                                 MISC ---->  # 39 280               # 66  260
================================================================================
NOTES:
# LAST OF SEVERAL OCCURRENCES

COLUMN 17 PEAK WIND IN M.P.H.

PRELIMINARY LOCAL CLIMATOLOGICAL DATA (WS FORM: F-6) , PAGE 2

                                          STATION:  SEDALIA MO
                                          MONTH:    AUGUST
                                          YEAR:     2019
                                          LATITUDE:   38 42 N
                                          LONGITUDE:  93  6 W

[TEMPERATURE DATA]      [PRECIPITATION DATA]       SYMBOLS USED IN COLUMN 16

AVERAGE MONTHLY: 75.9   TOTAL FOR MONTH:   2.32    1 = FOG OR MIST
DPTR FM NORMAL:  -2.8   DPTR FM NORMAL:    0.10    2 = FOG REDUCING VISIBILITY
HIGHEST:    92 ON 20,12 GRTST 24HR  1.41 ON 17-17      TO 1/4 MILE OR LESS
LOWEST:     61 ON 15, 2                            3 = THUNDER
                        SNOW, ICE PELLETS, HAIL    4 = ICE PELLETS
                        TOTAL MONTH:    M          5 = HAIL
                        GRTST 24HR    M  ON   M    6 = FREEZING RAIN OR DRIZZLE
                        GRTST DEPTH:  M  ON   M    7 = DUSTSTORM OR SANDSTORM:
                                                       VSBY 1/2 MILE OR LESS
                                                   8 = SMOKE OR HAZE
[NO. OF DAYS WITH]      [WEATHER - DAYS WITH]      9 = BLOWING SNOW
                                                   X = TORNADO
MAX 32 OR BELOW:   0    0.01 INCH OR MORE:   6
MAX 90 OR ABOVE:   3    0.10 INCH OR MORE:   4
MIN 32 OR BELOW:   0    0.50 INCH OR MORE:   2
MIN  0 OR BELOW:   0    1.00 INCH OR MORE:   1

[HDD (BASE 65) ]
TOTAL THIS MO.     0    CLEAR  (SCALE 0-3)  18
DPTR FM NORMAL     0    PTCLDY (SCALE 4-7)   4
TOTAL FM JUL 1     0    CLOUDY (SCALE 8-10)  0
DPTR FM NORMAL     0

[CDD (BASE 65) ]
TOTAL THIS MO.   245
DPTR FM NORMAL   -56    [PRESSURE DATA]
TOTAL FM JAN 1   827    HIGHEST SLP  0.00 ON M
DPTR FM NORMAL  -354    LOWEST  SLP  0.00 ON M

[REMARKS]
