223
CXUS55 KEAX 250736
CF6DMO
PRELIMINARY LOCAL CLIMATOLOGICAL DATA (WS FORM: F-6)

                                          STATION:   SEDALIA MO
                                          MONTH:     APRIL
                                          YEAR:      2019
                                          LATITUDE:   38 42 N
                                          LONGITUDE:  93  6 W

  TEMPERATURE IN F:       :PCPN:    SNOW:  WIND      :SUNSHINE: SKY     :PK WND
================================================================================
1   2   3   4   5  6A  6B    7    8   9   10  11  12  13   14  15   16   17  18
                                     12Z  AVG MX 2MIN
DY MAX MIN AVG DEP HDD CDD  WTR  SNW DPTH SPD SPD DIR MIN PSBL S-S WX    SPD DR
================================================================================

 1  55  29  42 -10  23   0 0.00    M    M  8.5 17 210   M    M   0        22 200
 2  60  36  48  -4  17   0 0.00    M    M  9.2 18 260   M    M   3        27 270
 3  69  43  56   3   9   0    T    M    M  8.0 18 170   M    M   5        23 110
 4  58  47  53   0  12   0 0.26    M    M  6.9 24 210   M    M  10 18     36 210
 5  55  44  50  -3  15   0 0.00    M    M  4.7 13 140   M    M   7 18     17 150
 6  72  43  58   4   7   0 0.00    M    M 10.4 18 140   M    M   1        24 130
 7  75  55  65  11   0   0 0.00    M    M 12.4 21 270   M    M   2        31 250
 8  74  50  62   8   3   0 0.00    M    M  5.0 12 330   M    M   0        16 320
 9  73  51  62   7   3   0 0.00    M    M  7.9 16 100   M    M   0 8      22 120
10  83  53  68  13   0   3 0.00    M    M 15.0 33 180   M    M   0        46 170
11  71  39  55   0  10   0    T    M    M 17.3 31 220   M    M   1        46 220
12  55  32  44 -12  21   0 0.00    M    M 12.9 24 230   M    M   0        39 250
13  56  35  46 -10  19   0    T    M    M 10.6 26  40   M    M   3        38  50
14  55  38  47  -9  18   0 0.02    M    M 13.5 29  20   M    M   4        39  30
15  74  36  55  -2  10   0 0.00    M    M 12.1 28 180   M    M   0        36 170
16  79  57  68  11   0   3 0.00    M    M 14.0 23 220   M    M   0        32 180
17  74  56  65   8   0   0 0.49    M    M 13.9 26 180   M    M   7 13     36 190
18  56  47  52  -6  13   0 0.10    M    M 15.2 23 340   M    M   7 1      30 340
19  58  42  50  -8  15   0 0.00    M    M 15.4 30 350   M    M   3        39 330
20  68  40  54  -4  11   0 0.00    M    M  6.6 12 210   M    M   0        17 270
21  80  46  63   5   2   0 0.00    M    M 13.7 28 170   M    M   0        42 170
22  69  55  62   3   3   0 0.00    M    M 14.1 29 210   M    M   6        42 210
23  57  49  53  -6  12   0 0.03    M    M  5.6 13 340   M    M   8 1      17 360
24  63  51  57  -2   8   0 0.01    M    M  3.5  9 320   M    M   9 1      14 320
================================================================================
SM 1589 1074       231   6  0.91    M    256.4          M       76
================================================================================
AV 66.2 44.8                              10.7 FASTST   M    M   3    MAX(MPH)
                                 MISC ---->  # 33 180               # 46  170
================================================================================
NOTES:
# LAST OF SEVERAL OCCURRENCES

COLUMN 17 PEAK WIND IN M.P.H.

PRELIMINARY LOCAL CLIMATOLOGICAL DATA (WS FORM: F-6) , PAGE 2

                                          STATION:  SEDALIA MO
                                          MONTH:    APRIL
                                          YEAR:     2019
                                          LATITUDE:   38 42 N
                                          LONGITUDE:  93  6 W

[TEMPERATURE DATA]      [PRECIPITATION DATA]       SYMBOLS USED IN COLUMN 16

AVERAGE MONTHLY: 55.5   TOTAL FOR MONTH:   0.91    1 = FOG OR MIST
DPTR FM NORMAL:  -0.3   DPTR FM NORMAL:   -2.20    2 = FOG REDUCING VISIBILITY
HIGHEST:    83 ON 10    GRTST 24HR  0.49 ON 17-17      TO 1/4 MILE OR LESS
LOWEST:     29 ON  1                               3 = THUNDER
                        SNOW, ICE PELLETS, HAIL    4 = ICE PELLETS
                        TOTAL MONTH:    M          5 = HAIL
                        GRTST 24HR    M  ON   M    6 = FREEZING RAIN OR DRIZZLE
                        GRTST DEPTH:  M  ON   M    7 = DUSTSTORM OR SANDSTORM:
                                                       VSBY 1/2 MILE OR LESS
                                                   8 = SMOKE OR HAZE
[NO. OF DAYS WITH]      [WEATHER - DAYS WITH]      9 = BLOWING SNOW
                                                   X = TORNADO
MAX 32 OR BELOW:   0    0.01 INCH OR MORE:   6
MAX 90 OR ABOVE:   0    0.10 INCH OR MORE:   3
MIN 32 OR BELOW:   2    0.50 INCH OR MORE:   0
MIN  0 OR BELOW:   0    1.00 INCH OR MORE:   0

[HDD (BASE 65) ]
TOTAL THIS MO.   231    CLEAR  (SCALE 0-3)  14
DPTR FM NORMAL   -13    PTCLDY (SCALE 4-7)   8
TOTAL FM JUL 1  5128    CLOUDY (SCALE 8-10)  2
DPTR FM NORMAL   682

[CDD (BASE 65) ]
TOTAL THIS MO.     6
DPTR FM NORMAL   -17    [PRESSURE DATA]
TOTAL FM JAN 1     6    HIGHEST SLP  0.00 ON M
DPTR FM NORMAL   -20    LOWEST  SLP  0.00 ON M

[REMARKS]
