000
CXUS55 KCAE 211400
CF6DNL
PRELIMINARY LOCAL CLIMATOLOGICAL DATA (WS FORM: F-6)

                                          STATION:   AUGUSTA DANIEL FIELD GA
                                          MONTH:     APRIL
                                          YEAR:      2018
                                          LATITUDE:   33 28 N
                                          LONGITUDE:  82  2 W

  TEMPERATURE IN F:       :PCPN:    SNOW:  WIND      :SUNSHINE: SKY     :PK WND
================================================================================
1   2   3   4   5  6A  6B    7    8   9   10  11  12  13   14  15   16   17  18
                                     12Z  AVG MX 2MIN
DY MAX MIN AVG DEP HDD CDD  WTR  SNW DPTH SPD SPD DIR MIN PSBL S-S WX    SPD DR
================================================================================

 1  80  49  65   4   0   0 0.00    M    M  3.4 12 190   M    M   0        14 190
 2  84  56  70   9   0   5 0.00    M    M  6.6 16 200   M    M   0        21 200
 3  87  57  72  10   0   7 0.00    M    M  7.8 20 200   M    M   1        28 170
 4  75  52  64   2   1   0 0.09    M    M  9.1 16 290   M    M   2 1      26 250
 5  69  43  56  -6   9   0 0.00    M    M  5.2 14  60   M    M   0        19 130
 6  79  47  63   1   2   0 0.00    M    M  8.2 20 190   M    M   1        27 160
 7  70  48  59  -3   6   0 0.21    M    M  5.8 20  10   M    M   8 1      29 360
 8  60  43  52 -10  13   0 0.02    M    M  7.2 17  50   M    M   6        24  40
 9  55  48  52 -11  13   0 0.05    M    M  5.1 10  60   M    M  10 1      16  50
10  69  52  61  -2   4   0    T    M    M  5.2 14  50   M    M   4        19  50
11  71  48  60  -3   5   0 0.00    M    M  5.4 15  20   M    M   1 8      19 310
12  78  50  64   1   1   0 0.00    M    M  7.1 17 190   M    M   0 1      23 190
13  83  54  69   5   0   4 0.00    M    M  8.0 18 170   M    M   2        25 160
14  85  61  73   9   0   8 0.00    M    M  8.1 20 170   M    M   5        28 180
15  78  54  66   2   0   1 0.84  0.0    0 10.8 30 190   M    M   8 13     38 190
16  57  44  51 -13  14   0 0.00    M    M 10.7 20 290   M    M   4        32 290
17  75  41  58  -6   7   0 0.00    M    M  8.1 15 250   M    M   0        30 240
18  87  60  74   9   0   9 0.00    M    M  9.6 21 210   M    M   0        30 200
19  80  57  69   4   0   4 0.00    M    M  9.9 23 300   M    M   1        37 310
20  72  47  60  -5   5   0 0.00    M    M  8.6 21  40   M    M   0        28  60
================================================================================
SM 1494 1011        80  38  1.21     0.0 149.9          M       53
================================================================================
AV 74.7 50.6                               7.5 FASTST   M    M   3    MAX(MPH)
                                 MISC ---->  # 30 190               # 38  190
================================================================================
NOTES:
# LAST OF SEVERAL OCCURRENCES

COLUMN 17 PEAK WIND IN M.P.H.

PRELIMINARY LOCAL CLIMATOLOGICAL DATA (WS FORM: F-6) , PAGE 2

                                          STATION:  AUGUSTA DANIEL FIELD GA
                                          MONTH:    APRIL
                                          YEAR:     2018
                                          LATITUDE:   33 28 N
                                          LONGITUDE:  82  2 W

[TEMPERATURE DATA]      [PRECIPITATION DATA]       SYMBOLS USED IN COLUMN 16

AVERAGE MONTHLY: 62.6   TOTAL FOR MONTH:   1.21    1 = FOG OR MIST
DPTR FM NORMAL:  -0.4   DPTR FM NORMAL:   -1.10    2 = FOG REDUCING VISIBILITY
HIGHEST:    87 ON 18, 3 GRTST 24HR  0.84 ON 15-15      TO 1/4 MILE OR LESS
LOWEST:     41 ON 17                               3 = THUNDER
                        SNOW, ICE PELLETS, HAIL    4 = ICE PELLETS
                        TOTAL MONTH:   0.0 INCH    5 = HAIL
                        GRTST 24HR     0.0         6 = FREEZING RAIN OR DRIZZLE
                        GRTST DEPTH:   0           7 = DUSTSTORM OR SANDSTORM:
                                                       VSBY 1/2 MILE OR LESS
                                                   8 = SMOKE OR HAZE
[NO. OF DAYS WITH]      [WEATHER - DAYS WITH]      9 = BLOWING SNOW
                                                   X = TORNADO
MAX 32 OR BELOW:   0    0.01 INCH OR MORE:   5
MAX 90 OR ABOVE:   0    0.10 INCH OR MORE:   2
MIN 32 OR BELOW:   0    0.50 INCH OR MORE:   1
MIN  0 OR BELOW:   0    1.00 INCH OR MORE:   0

[HDD (BASE 65) ]
TOTAL THIS MO.    80    CLEAR  (SCALE 0-3)  13
DPTR FM NORMAL     1    PTCLDY (SCALE 4-7)   5
TOTAL FM JUL 1  1767    CLOUDY (SCALE 8-10)  2
DPTR FM NORMAL  -375

[CDD (BASE 65) ]
TOTAL THIS MO.    38
DPTR FM NORMAL    -1    [PRESSURE DATA]
TOTAL FM JAN 1   129    HIGHEST SLP M ON M
DPTR FM NORMAL    64    LOWEST  SLP 29.62 ON 15

[REMARKS]
