000
CXUS55 KCAE 191400
CF6DNL
PRELIMINARY LOCAL CLIMATOLOGICAL DATA (WS FORM: F-6)

                                          STATION:   AUGUSTA DANIEL FIELD GA
                                          MONTH:     APRIL
                                          YEAR:      2019
                                          LATITUDE:   33 28 N
                                          LONGITUDE:  82  2 W

  TEMPERATURE IN F:       :PCPN:    SNOW:  WIND      :SUNSHINE: SKY     :PK WND
================================================================================
1   2   3   4   5  6A  6B    7    8   9   10  11  12  13   14  15   16   17  18
                                     12Z  AVG MX 2MIN
DY MAX MIN AVG DEP HDD CDD  WTR  SNW DPTH SPD SPD DIR MIN PSBL S-S WX    SPD DR
================================================================================

 1  63  44  54  -7  11   0 0.00    M    M  9.2 17  70   M    M   1        22  40
 2  59  42  51 -10  14   0 0.55    M    M  7.4 15  10   M    M   7 1      20  20
 3  72  44  58  -4   7   0 0.00    M    M  4.6 10 100   M    M   0        18 350
 4  75  50  63   1   2   0    T    M    M  6.1 17 180   M    M   0        24 160
 5  73  58  66   4   0   1 0.36    M    M  5.0 10 340   M    M   7 1      14 310
 6  72  59  66   4   0   1 0.00    M    M  5.1  9 150   M    M   8        13 140
 7  83  63  73  11   0   8 0.32    M    M  5.6 12 140   M    M   5 12     19 140
 8  85  66  76  14   0  11 2.14    M    M  6.8 23 250   M    M   4 123    37 250
 9  79  67  73  10   0   8 0.65    M    M  4.6 12 180   M    M   7 1      15 200
10  85  64  75  12   0  10 0.00    M    M  5.4 15  60   M    M   1 12     21  60
11  85  61  73  10   0   8 0.00    M    M  7.8 16 140   M    M   3 1      22 120
12  85  69  77  14   0  12 0.39    M    M  6.4 14 210   M    M   7 1      26 260
13  85  71  78  14   0  13 0.00    M    M  6.1 12 180   M    M   6 1      15 140
14  79  66  73   9   0   8 0.11    M    M 11.8 21 210   M    M   8        35 200
15  71  54  63  -1   2   0 0.00    M    M 10.0 20 310   M    M   0        29 290
16  77  49  63  -1   2   0 0.00    M    M  4.4 12  80   M    M   0        16  70
17  82  53  68   4   0   3 0.00    M    M  4.0 14 170   M    M   0        19 190
18  83  61  72   7   0   7 0.00    M    M  9.1 16 140   M    M   2        22 160
================================================================================
SM 1393 1041        38  90  4.52    M    119.4          M       66
================================================================================
AV 77.4 57.8                               6.6 FASTST   M    M   4    MAX(MPH)
                                 MISC ---->  # 23 250               # 37  250
================================================================================
NOTES:
# LAST OF SEVERAL OCCURRENCES

COLUMN 17 PEAK WIND IN M.P.H.

PRELIMINARY LOCAL CLIMATOLOGICAL DATA (WS FORM: F-6) , PAGE 2

                                          STATION:  AUGUSTA DANIEL FIELD GA
                                          MONTH:    APRIL
                                          YEAR:     2019
                                          LATITUDE:   33 28 N
                                          LONGITUDE:  82  2 W

[TEMPERATURE DATA]      [PRECIPITATION DATA]       SYMBOLS USED IN COLUMN 16

AVERAGE MONTHLY: 67.6   TOTAL FOR MONTH:   4.52    1 = FOG OR MIST
DPTR FM NORMAL:   4.8   DPTR FM NORMAL:    2.38    2 = FOG REDUCING VISIBILITY
HIGHEST:    85 ON 13,12 GRTST 24HR  2.14 ON  8- 8      TO 1/4 MILE OR LESS
LOWEST:     42 ON  2                               3 = THUNDER
                        SNOW, ICE PELLETS, HAIL    4 = ICE PELLETS
                        TOTAL MONTH:    M          5 = HAIL
                        GRTST 24HR    M  ON   M    6 = FREEZING RAIN OR DRIZZLE
                        GRTST DEPTH:  M  ON   M    7 = DUSTSTORM OR SANDSTORM:
                                                       VSBY 1/2 MILE OR LESS
                                                   8 = SMOKE OR HAZE
[NO. OF DAYS WITH]      [WEATHER - DAYS WITH]      9 = BLOWING SNOW
                                                   X = TORNADO
MAX 32 OR BELOW:   0    0.01 INCH OR MORE:   7
MAX 90 OR ABOVE:   0    0.10 INCH OR MORE:   7
MIN 32 OR BELOW:   0    0.50 INCH OR MORE:   3
MIN  0 OR BELOW:   0    1.00 INCH OR MORE:   1

[HDD (BASE 65) ]
TOTAL THIS MO.    38    CLEAR  (SCALE 0-3)   9
DPTR FM NORMAL   -35    PTCLDY (SCALE 4-7)   9
TOTAL FM JUL 1  1676    CLOUDY (SCALE 8-10)  0
DPTR FM NORMAL  -460

[CDD (BASE 65) ]
TOTAL THIS MO.    90
DPTR FM NORMAL    57    [PRESSURE DATA]
TOTAL FM JAN 1   132    HIGHEST SLP M ON M
DPTR FM NORMAL    73    LOWEST  SLP 29.60 ON 14

[REMARKS]
