000
CXUS55 KCAE 201400
CF6DNL
PRELIMINARY LOCAL CLIMATOLOGICAL DATA (WS FORM: F-6)

                                          STATION:   AUGUSTA DANIEL FIELD GA
                                          MONTH:     FEBRUARY
                                          YEAR:      2019
                                          LATITUDE:   33 28 N
                                          LONGITUDE:  82  2 W

  TEMPERATURE IN F:       :PCPN:    SNOW:  WIND      :SUNSHINE: SKY     :PK WND
================================================================================
1   2   3   4   5  6A  6B    7    8   9   10  11  12  13   14  15   16   17  18
                                     12Z  AVG MX 2MIN
DY MAX MIN AVG DEP HDD CDD  WTR  SNW DPTH SPD SPD DIR MIN PSBL S-S WX    SPD DR
================================================================================

 1  65  34  50   2  15   0 0.00    M    M  2.5 12 150   M    M   0        13 130
 2  68  43  56   8   9   0 0.00    M    M  3.0  9 350   M    M   5        12 350
 3  64  50  57   9   8   0    T    M    M  5.2 12  50   M    M   7        15  20
 4  72  46  59  11   6   0 0.00    M    M  3.4 12 350   M    M   1        13 310
 5  78  54  66  17   0   1 0.00    M    M  3.3 13 300   M    M   2        17 300
 6  78  56  67  18   0   2    T    M    M  3.8 14 210   M    M   4 12     19 190
 7  83  62  73  24   0   8 0.00    M    M  7.1 18 200   M    M   1        23 200
 8  73  52  63  14   2   0 0.00    M    M  8.5 16 320   M    M   1        23 310
 9  57  45  51   2  14   0 0.00    M    M  9.4 20  50   M    M   4        26  30
10  48  41  45  -5  20   0 0.01    M    M  7.7 16  50   M    M   8 8      22  50
11  56  40  48  -2  17   0 0.13    M    M  2.9 10 120   M    M   9 128    13 120
12  80  55  68  18   0   3 0.19    M    M  8.9 28 210   M    M   9 12     38 320
13  60  43  52   2  13   0 0.00    M    M  8.9 17 320   M    M   0        25 300
14  66  38  52   2  13   0 0.00    M    M  4.1 10 160   M    M   0 8      14 330
15  66  50  58   8   7   0 0.19    M    M  4.9 14 220   M    M   8 1      20 220
16  76  51  64  13   1   0 0.15    M    M  9.3 21  50   M    M   8 12     24  40
17  52  47  50  -1  15   0 0.02    M    M  5.9 12  70   M    M  10 128    15  60
18  70  45  58   7   7   0    M    M    M  7.1 18 330   M    M   4 1      23 330
19  57  42  50  -1  15   0 0.09    M    M 11.4 21  60   M    M  10        26  60
================================================================================
SM 1269  894       162  14  0.78    M    117.3          M       91
================================================================================
AV 66.8 47.1                               6.2 FASTST   M    M   5    MAX(MPH)
                                 MISC ---->  # 28 210               # 38  320
================================================================================
NOTES:
# LAST OF SEVERAL OCCURRENCES

COLUMN 17 PEAK WIND IN M.P.H.

PRELIMINARY LOCAL CLIMATOLOGICAL DATA (WS FORM: F-6) , PAGE 2

                                          STATION:  AUGUSTA DANIEL FIELD GA
                                          MONTH:    FEBRUARY
                                          YEAR:     2019
                                          LATITUDE:   33 28 N
                                          LONGITUDE:  82  2 W

[TEMPERATURE DATA]      [PRECIPITATION DATA]       SYMBOLS USED IN COLUMN 16

AVERAGE MONTHLY: 56.9   TOTAL FOR MONTH:   0.78    1 = FOG OR MIST
DPTR FM NORMAL:   7.4   DPTR FM NORMAL:   -1.79    2 = FOG REDUCING VISIBILITY
HIGHEST:    83 ON  7    GRTST 24HR  0.19 ON 15-15      TO 1/4 MILE OR LESS
LOWEST:     34 ON  1                               3 = THUNDER
                        SNOW, ICE PELLETS, HAIL    4 = ICE PELLETS
                        TOTAL MONTH:    M          5 = HAIL
                        GRTST 24HR    M  ON   M    6 = FREEZING RAIN OR DRIZZLE
                        GRTST DEPTH:  M  ON   M    7 = DUSTSTORM OR SANDSTORM:
                                                       VSBY 1/2 MILE OR LESS
                                                   8 = SMOKE OR HAZE
[NO. OF DAYS WITH]      [WEATHER - DAYS WITH]      9 = BLOWING SNOW
                                                   X = TORNADO
MAX 32 OR BELOW:   0    0.01 INCH OR MORE:   7
MAX 90 OR ABOVE:   0    0.10 INCH OR MORE:   4
MIN 32 OR BELOW:   0    0.50 INCH OR MORE:   0
MIN  0 OR BELOW:   0    1.00 INCH OR MORE:   0

[HDD (BASE 65) ]
TOTAL THIS MO.   162    CLEAR  (SCALE 0-3)   7
DPTR FM NORMAL  -133    PTCLDY (SCALE 4-7)   7
TOTAL FM JUL 1  1376    CLOUDY (SCALE 8-10)  5
DPTR FM NORMAL  -325

[CDD (BASE 65) ]
TOTAL THIS MO.    14
DPTR FM NORMAL    14    [PRESSURE DATA]
TOTAL FM JAN 1    18    HIGHEST SLP M ON M
DPTR FM NORMAL    17    LOWEST  SLP 29.68 ON 16

[REMARKS]
