362
CXUS55 KCAE 241400
CF6DNL
PRELIMINARY LOCAL CLIMATOLOGICAL DATA (WS FORM: F-6)

                                          STATION:   AUGUSTA DANIEL FIELD GA
                                          MONTH:     AUGUST
                                          YEAR:      2019
                                          LATITUDE:   33 28 N
                                          LONGITUDE:  82  2 W

  TEMPERATURE IN F:       :PCPN:    SNOW:  WIND      :SUNSHINE: SKY     :PK WND
================================================================================
1   2   3   4   5  6A  6B    7    8   9   10  11  12  13   14  15   16   17  18
                                     12Z  AVG MX 2MIN
DY MAX MIN AVG DEP HDD CDD  WTR  SNW DPTH SPD SPD DIR MIN PSBL S-S WX    SPD DR
================================================================================

 1  95  75  85   3   0  20 0.77    M    M  4.2 23 170   M    M   3 3      29 170
 2  91  73  82   0   0  17 0.19    M    M  4.2 20 110   M    M   3 8      30 130
 3  92  72  82   0   0  17    T    M    M  5.0 12 320   M    M   2 13     15 320
 4  87  71  79  -3   0  14 2.25  0.0    0  4.3 14 310   M    M   5 13     20 310
 5  90  73  82   0   0  17    T    M    M  2.5 20 210   M    M   4 1      26 220
 6  92  73  83   1   0  18 0.00    M    M  2.9 10 330   M    M   2        21 340
 7  96  76  86   4   0  21 0.00    M    M  3.8 12 300   M    M   0        17 310
 8  97  79  88   6   0  23 0.00    M    M  5.3 14 300   M    M   1        16 300
 9  98  77  88   6   0  23 0.00    M    M  4.3 13 310   M    M   0        17 300
10  99  76  88   7   0  23 0.33    M    M  3.5 18 250   M    M   0 13     29 260
11  97  76  87   6   0  22 0.00    M    M  3.3 14  30   M    M   2 1      19  30
12  94  78  86   5   0  21 0.00    M    M  4.9 13  60   M    M   1 8      18  60
13  98  78  88   7   0  23 0.00    M    M  3.7 10 120   M    M   1 18     23 100
14  99  79  89   8   0  24 0.01    M    M  5.2 23 170   M    M   1 3      29 160
15  90  74  82   1   0  17 1.84    M    M  4.7 15 140   M    M   2 13     20 140
16  97  75  86   5   0  21 0.00    M    M  3.9 10 140   M    M   4 12     15 110
17  98  75  87   6   0  22    T    M    M  5.6 22  50   M    M   2 138    30  50
18  93  75  84   3   0  19 0.00    M    M  5.8 14 120   M    M   2        25 110
19  92  72  82   1   0  17 1.87    M    M  4.9 20 340   M    M   6 13     26 350
20  87  72  80   0   0  15 0.54    M    M  4.8 15 170   M    M   7 13     19 170
21  94  76  85   5   0  20    T    M    M  4.6 13 360   M    M   1        21  10
22  95  76  86   6   0  21 0.00    M    M  5.7 12 210   M    M   1        16 230
23  95  73  84   4   0  19 1.54    M    M  5.2 17 150   M    M   3 13     23 220
================================================================================
SM 2166 1724         0 454  9.34     0.0 102.3          M       53
================================================================================
AV 94.2 75.0                               4.4 FASTST   M    M   2    MAX(MPH)
                                 MISC ---->  # 23 170               # 30  130
================================================================================
NOTES:
# LAST OF SEVERAL OCCURRENCES

COLUMN 17 PEAK WIND IN M.P.H.

PRELIMINARY LOCAL CLIMATOLOGICAL DATA (WS FORM: F-6) , PAGE 2

                                          STATION:  AUGUSTA DANIEL FIELD GA
                                          MONTH:    AUGUST
                                          YEAR:     2019
                                          LATITUDE:   33 28 N
                                          LONGITUDE:  82  2 W

[TEMPERATURE DATA]      [PRECIPITATION DATA]       SYMBOLS USED IN COLUMN 16

AVERAGE MONTHLY: 84.6   TOTAL FOR MONTH:   9.34    1 = FOG OR MIST
DPTR FM NORMAL:   3.3   DPTR FM NORMAL:    5.54    2 = FOG REDUCING VISIBILITY
HIGHEST:    99 ON 14,10 GRTST 24HR  2.25 ON  4- 4      TO 1/4 MILE OR LESS
LOWEST:     71 ON  4                               3 = THUNDER
                        SNOW, ICE PELLETS, HAIL    4 = ICE PELLETS
                        TOTAL MONTH:   0.0 INCH    5 = HAIL
                        GRTST 24HR     0.0         6 = FREEZING RAIN OR DRIZZLE
                        GRTST DEPTH:   0           7 = DUSTSTORM OR SANDSTORM:
                                                       VSBY 1/2 MILE OR LESS
                                                   8 = SMOKE OR HAZE
[NO. OF DAYS WITH]      [WEATHER - DAYS WITH]      9 = BLOWING SNOW
                                                   X = TORNADO
MAX 32 OR BELOW:   0    0.01 INCH OR MORE:   9
MAX 90 OR ABOVE:  21    0.10 INCH OR MORE:   8
MIN 32 OR BELOW:   0    0.50 INCH OR MORE:   6
MIN  0 OR BELOW:   0    1.00 INCH OR MORE:   4

[HDD (BASE 65) ]
TOTAL THIS MO.     0    CLEAR  (SCALE 0-3)  18
DPTR FM NORMAL     0    PTCLDY (SCALE 4-7)   5
TOTAL FM JUL 1     0    CLOUDY (SCALE 8-10)  0
DPTR FM NORMAL     0

[CDD (BASE 65) ]
TOTAL THIS MO.   454
DPTR FM NORMAL    80    [PRESSURE DATA]
TOTAL FM JAN 1  2184    HIGHEST SLP M ON M
DPTR FM NORMAL   489    LOWEST  SLP 29.76 ON 14

[REMARKS]
