000
CXUS55 KGJT 191000
CF6DRO
PRELIMINARY LOCAL CLIMATOLOGICAL DATA (WS FORM: F-6)

                                          STATION:   DURANGO AIRPORT CO
                                          MONTH:     FEBRUARY
                                          YEAR:      2019
                                          LATITUDE:   37  9 N
                                          LONGITUDE: 107 45 W

  TEMPERATURE IN F:       :PCPN:    SNOW:  WIND      :SUNSHINE: SKY     :PK WND
================================================================================
1   2   3   4   5  6A  6B    7    8   9   10  11  12  13   14  15   16   17  18
                                     12Z  AVG MX 2MIN
DY MAX MIN AVG DEP HDD CDD  WTR  SNW DPTH SPD SPD DIR MIN PSBL S-S WX    SPD DR
================================================================================

 1  43   1  22  -3  43   0 0.00    M    M  5.1 10  10   M    M   0        13 100
 2  41   6  24  -1  41   0 0.00    M    M  3.7  8  50   M    M   6         9  10
 3  42  28  35   9  30   0 0.16    M    M  4.4 20 280   M    M   9 1      26 290
 4  40  27  34   8  31   0 0.07    M    M  6.5 14 200   M    M   6 1      20 200
 5  42  26  34   8  31   0    T    M    M  8.4 20 240   M    M   6        28 250
 6  34   8  21  -5  44   0 0.05    M    M 13.9 28 270   M    M   9 12     39 230
 7  24   3  14 -12  51   0 0.01    M    M 10.5 24 250   M    M   2 18     31 260
 8  34  -7  14 -13  51   0 0.00    M    M  3.7 10  60   M    M   0        13  80
 9  37   8  23  -4  42   0 0.00    M    M  2.6  8  20   M    M   1        11  60
10  38   3  21  -6  44   0 0.00    M    M  5.4 14  40   M    M   0        16  60
11  34   8  21  -6  44   0 0.03    M    M  9.3 25 270   M    M   3 1      33 280
12  34  -1  17 -11  48   0 0.00    M    M  4.2  9  60   M    M   0        12  90
13  41   5  23  -5  42   0 0.03    M    M  4.7 20 340   M    M   5 1      27 330
14  33  27  30   2  35   0 0.79    M    M  3.8  M   M   M    M  10 12      M  M
15  40  25  33   5  32   0 0.09    M    M  5.6 16 220   M    M   1 1      19 230
16  33   3  18 -11  47   0    T    M    M 10.8 38 290   M    M   5 18     51 300
17  29  -1  14 -15  51   0 0.15    M    M  4.3 13 170   M    M   7 12     18 180
18  26  16  21  -8  44   0 0.40    M    M  5.7 13 270   M    M  10 12     19 140
================================================================================
SM  645  185       751   0  1.78    M    112.6          M       80
================================================================================
AV 35.8 10.3                               6.3 FASTST   M    M   4    MAX(MPH)
                                 MISC ---->  # 38 290               # 51  300
================================================================================
NOTES:
# LAST OF SEVERAL OCCURRENCES

COLUMN 17 PEAK WIND IN M.P.H.

PRELIMINARY LOCAL CLIMATOLOGICAL DATA (WS FORM: F-6) , PAGE 2

                                          STATION:  DURANGO AIRPORT CO
                                          MONTH:    FEBRUARY
                                          YEAR:     2019
                                          LATITUDE:   37  9 N
                                          LONGITUDE: 107 45 W

[TEMPERATURE DATA]      [PRECIPITATION DATA]       SYMBOLS USED IN COLUMN 16

AVERAGE MONTHLY: 23.1   TOTAL FOR MONTH:   1.78    1 = FOG OR MIST
DPTR FM NORMAL:  -4.0   DPTR FM NORMAL:    1.02    2 = FOG REDUCING VISIBILITY
HIGHEST:    43 ON  1    GRTST 24HR  0.79 ON 14-14      TO 1/4 MILE OR LESS
LOWEST:     -7 ON  8                               3 = THUNDER
                        SNOW, ICE PELLETS, HAIL    4 = ICE PELLETS
                        TOTAL MONTH:    M          5 = HAIL
                        GRTST 24HR    M  ON   M    6 = FREEZING RAIN OR DRIZZLE
                        GRTST DEPTH:  M  ON   M    7 = DUSTSTORM OR SANDSTORM:
                                                       VSBY 1/2 MILE OR LESS
                                                   8 = SMOKE OR HAZE
[NO. OF DAYS WITH]      [WEATHER - DAYS WITH]      9 = BLOWING SNOW
                                                   X = TORNADO
MAX 32 OR BELOW:   3    0.01 INCH OR MORE:  10
MAX 90 OR ABOVE:   0    0.10 INCH OR MORE:   4
MIN 32 OR BELOW:  18    0.50 INCH OR MORE:   1
MIN  0 OR BELOW:   3    1.00 INCH OR MORE:   0

[HDD (BASE 65) ]
TOTAL THIS MO.   751    CLEAR  (SCALE 0-3)   7
DPTR FM NORMAL    68    PTCLDY (SCALE 4-7)   7
TOTAL FM JUL 1  4949    CLOUDY (SCALE 8-10)  4
DPTR FM NORMAL   112

[CDD (BASE 65) ]
TOTAL THIS MO.     0
DPTR FM NORMAL     0    [PRESSURE DATA]
TOTAL FM JAN 1     0    HIGHEST SLP M ON M
DPTR FM NORMAL     0    LOWEST  SLP 29.36 ON 16

[REMARKS]
