000
CXUS54 KEWX 220910
CF6DRT
PRELIMINARY LOCAL CLIMATOLOGICAL DATA (WS FORM: F-6)

                                          STATION:   DEL RIO
                                          MONTH:     JULY
                                          YEAR:      2019
                                          LATITUDE:   29 22 N
                                          LONGITUDE: 100 55 W

  TEMPERATURE IN F:       :PCPN:    SNOW:  WIND      :SUNSHINE: SKY     :PK WND
================================================================================
1   2   3   4   5  6A  6B    7    8   9   10  11  12  13   14  15   16   17  18
                                     12Z  AVG MX 2MIN
DY MAX MIN AVG DEP HDD CDD  WTR  SNW DPTH SPD SPD DIR MIN PSBL S-S WX    SPD DR
================================================================================

 1  96  73  85   0   0  20 0.00  0.0    0 10.2 18 130   M    M   0        26 110
 2  96  74  85   0   0  20 0.00  0.0    0 11.0 24 110   M    M   3        36 120
 3  95  75  85   0   0  20 0.00  0.0    0 10.5 30 110   M    M   3 3      42 110
 4  97  74  86   1   0  21 0.00  0.0    0  9.7 17 130   M    M   3        27 120
 5  99  79  89   3   0  24 0.00  0.0    0 11.3 22 150   M    M   4        26 140
 6  96  77  87   1   0  22 0.00  0.0    0 12.0 18 150   M    M   2        23  90
 7  98  78  88   2   0  23 0.00  0.0    0  9.2 15 110   M    M   2        20 120
 8 101  80  91   5   0  26 0.00  0.0    0  8.7 16 130   M    M   1 3      23 110
 9 104  79  92   6   0  27 0.00  0.0    0 11.3 13 120   M    M   0 3      21 120
10 104  81  93   7   0  28 0.00  0.0    M  8.9 20  50   M    M   0        28  50
11 102  75  89   3   0  24    T  0.0    0  5.3 21  70   M    M   1 3      28  70
12 100  73  87   1   0  22 0.00  0.0    M  3.9 26 320   M    M   0 3      37 330
13 102  79  91   5   0  26 0.00  0.0    0  5.9 14 290   M    M   1        19 290
14 101  74  88   2   0  23 0.00  0.0    0  2.8  9 200   M    M   0        13 180
15 102  78  90   4   0  25 0.00  0.0    0  8.0 18 160   M    M   0        25 160
16 102  80  91   5   0  26 0.00  0.0    0 10.2 18 100   M    M   1        25 100
17 101  78  90   4   0  25 0.00  0.0    0 11.6 23 160   M    M   3        29 160
18 102  78  90   4   0  25 0.00  0.0    0 11.6 21 150   M    M   1        27 160
19 103  77  90   4   0  25 0.00  0.0    0 12.2 22 150   M    M   0        28 150
20 103  76  90   4   0  25 0.00  0.0    0 11.2 23 150   M    M   1        28 150
21 103  75  89   3   0  24 0.00  0.0    0 11.3 20 160   M    M   0        26 120
================================================================================
SM 2107 1613         0 501    T      0.0 196.8          M       26
================================================================================
AV100.3 76.8                               9.4 FASTST   M    M   1    MAX(MPH)
                                 MISC ---->  # 30 110               # 42  110
================================================================================
NOTES:
# LAST OF SEVERAL OCCURRENCES

COLUMN 17 PEAK WIND IN M.P.H.

PRELIMINARY LOCAL CLIMATOLOGICAL DATA (WS FORM: F-6) , PAGE 2

                                          STATION:  DEL RIO
                                          MONTH:    JULY
                                          YEAR:     2019
                                          LATITUDE:   29 22 N
                                          LONGITUDE: 100 55 W

[TEMPERATURE DATA]      [PRECIPITATION DATA]       SYMBOLS USED IN COLUMN 16

AVERAGE MONTHLY: 88.6   TOTAL FOR MONTH:      T    1 = FOG OR MIST
DPTR FM NORMAL:   2.8   DPTR FM NORMAL:   -1.24    2 = FOG REDUCING VISIBILITY
HIGHEST:   104 ON 10, 9 GRTST 24HR    T  ON 11-11      TO 1/4 MILE OR LESS
LOWEST:     73 ON 12, 1                            3 = THUNDER
                        SNOW, ICE PELLETS, HAIL    4 = ICE PELLETS
                        TOTAL MONTH:   0.0 INCH    5 = HAIL
                        GRTST 24HR     0.0         6 = FREEZING RAIN OR DRIZZLE
                        GRTST DEPTH:   0           7 = DUSTSTORM OR SANDSTORM:
                                                       VSBY 1/2 MILE OR LESS
                                                   8 = SMOKE OR HAZE
[NO. OF DAYS WITH]      [WEATHER - DAYS WITH]      9 = BLOWING SNOW
                                                   X = TORNADO
MAX 32 OR BELOW:   0    0.01 INCH OR MORE:   0
MAX 90 OR ABOVE:  21    0.10 INCH OR MORE:   0
MIN 32 OR BELOW:   0    0.50 INCH OR MORE:   0
MIN  0 OR BELOW:   0    1.00 INCH OR MORE:   0

[HDD (BASE 65) ]
TOTAL THIS MO.     0    CLEAR  (SCALE 0-3)  20
DPTR FM NORMAL     0    PTCLDY (SCALE 4-7)   1
TOTAL FM JUL 1     0    CLOUDY (SCALE 8-10)  0
DPTR FM NORMAL     0

[CDD (BASE 65) ]
TOTAL THIS MO.   501
DPTR FM NORMAL    66    [PRESSURE DATA]
TOTAL FM JAN 1  1832    HIGHEST SLP M ON M
DPTR FM NORMAL    67    LOWEST  SLP 29.72 ON 12

[REMARKS]
