000
CXUS53 KDMX 220920
CF6DSM
PRELIMINARY LOCAL CLIMATOLOGICAL DATA (WS FORM: F-6)

                                          STATION:   DES MOINES IA
                                          MONTH:     AUGUST
                                          YEAR:      2019
                                          LATITUDE:   41 31 N
                                          LONGITUDE:  93 39 W

  TEMPERATURE IN F:       :PCPN:    SNOW:  WIND      :SUNSHINE: SKY     :PK WND
================================================================================
1   2   3   4   5  6A  6B    7    8   9   10  11  12  13   14  15   16   17  18
                                     12Z  AVG MX 2MIN
DY MAX MIN AVG DEP HDD CDD  WTR  SNW DPTH SPD SPD DIR MIN PSBL S-S WX    SPD DR
================================================================================

 1  81  58  70  -6   0   5 0.00  0.0    0  6.6 13 120   M    M   5 1      21 100
 2  82  63  73  -3   0   8 0.00  0.0    0  6.8 13 130   M    M   5        19 150
 3  86  68  77   1   0  12    T  0.0    0  6.1 17 110   M    M   6        29 110
 4  86  66  76   0   0  11 0.00  0.0    0  3.1 10 140   M    M   3        15 140
 5  88  67  78   2   0  13    T  0.0    0  7.8 18  50   M    M   8 8      23 250
 6  86  67  77   1   0  12 0.00  0.0    0  5.4 14  20   M    M   2        20 360
 7  90  65  78   3   0  13 0.00  0.0    0  5.8 14 240   M    M   6        17 180
 8  85  69  77   2   0  12    T  0.0    0  6.9 15  10   M    M   5 3      21 350
 9  87  61  74  -1   0   9 0.00  0.0    0  3.2 10 150   M    M   3        18  70
10  89  69  79   4   0  14 0.00  0.0    0  8.2 16 170   M    M   8        25 140
11  85  72  79   4   0  14 0.09  0.0    0  4.8 31 240   M    M   8 138    39 230
12  86  71  79   4   0  14 0.28  0.0    0  6.5 18 240   M    M   7 13     22 250
13  87  70  79   4   0  14 0.00  0.0    0  9.1 20 310   M    M   5 12     28 300
14  77  62  70  -5   0   5 0.00  0.0    0  9.8 21 300   M    M   7        26 310
15  78  60  69  -6   0   4 0.00  0.0    0  4.7 12 190   M    M   7 12     15 170
16  82  65  74  -1   0   9 0.00  0.0    0  5.0 15 310   M    M   7        19 310
17  86  68  77   3   0  12    T  0.0    0  8.4 18 170   M    M   7        26 140
18  85  64  75   1   0  10 2.04  0.0    0  8.5 29 360   M    M   8 13     43 350
19  84  66  75   1   0  10    T  0.0    0  6.5 12 120   M    M   5        17 110
20  89  67  78   4   0  13 2.77  0.0    0  7.3 36 330   M    M   6 135    55 340
21  79  65  72  -2   0   7 0.47  0.0    0  6.6 28 260   M    M   8 13     39 270
================================================================================
SM 1778 1383         0 221  5.65     0.0 137.1          M      126
================================================================================
AV 84.7 65.9                               6.5 FASTST   M    M   6    MAX(MPH)
                                 MISC ---->  # 36 330               # 55  340
================================================================================
NOTES:
# LAST OF SEVERAL OCCURRENCES

COLUMN 17 PEAK WIND IN M.P.H.

PRELIMINARY LOCAL CLIMATOLOGICAL DATA (WS FORM: F-6) , PAGE 2

                                          STATION:  DES MOINES IA
                                          MONTH:    AUGUST
                                          YEAR:     2019
                                          LATITUDE:   41 31 N
                                          LONGITUDE:  93 39 W

[TEMPERATURE DATA]      [PRECIPITATION DATA]       SYMBOLS USED IN COLUMN 16

AVERAGE MONTHLY: 75.3   TOTAL FOR MONTH:   5.65    1 = FOG OR MIST
DPTR FM NORMAL:   0.2   DPTR FM NORMAL:    2.79    2 = FOG REDUCING VISIBILITY
HIGHEST:    90 ON  7    GRTST 24HR  2.77 ON 20-20      TO 1/4 MILE OR LESS
LOWEST:     58 ON  1                               3 = THUNDER
                        SNOW, ICE PELLETS, HAIL    4 = ICE PELLETS
                        TOTAL MONTH:   0.0 INCH    5 = HAIL
                        GRTST 24HR     0.0         6 = FREEZING RAIN OR DRIZZLE
                        GRTST DEPTH:   0           7 = DUSTSTORM OR SANDSTORM:
                                                       VSBY 1/2 MILE OR LESS
                                                   8 = SMOKE OR HAZE
[NO. OF DAYS WITH]      [WEATHER - DAYS WITH]      9 = BLOWING SNOW
                                                   X = TORNADO
MAX 32 OR BELOW:   0    0.01 INCH OR MORE:   5
MAX 90 OR ABOVE:   1    0.10 INCH OR MORE:   4
MIN 32 OR BELOW:   0    0.50 INCH OR MORE:   2
MIN  0 OR BELOW:   0    1.00 INCH OR MORE:   2

[HDD (BASE 65) ]
TOTAL THIS MO.     0    CLEAR  (SCALE 0-3)   3
DPTR FM NORMAL     0    PTCLDY (SCALE 4-7)  16
TOTAL FM JUL 1     0    CLOUDY (SCALE 8-10)  2
DPTR FM NORMAL    -1

[CDD (BASE 65) ]
TOTAL THIS MO.   221
DPTR FM NORMAL     8    [PRESSURE DATA]
TOTAL FM JAN 1   896    HIGHEST SLP M ON M
DPTR FM NORMAL    37    LOWEST  SLP 29.64 ON 18

[REMARKS]
