000
CXUS53 KDMX 160920
CF6DSM
PRELIMINARY LOCAL CLIMATOLOGICAL DATA (WS FORM: F-6)

                                          STATION:   DES MOINES IA
                                          MONTH:     FEBRUARY
                                          YEAR:      2019
                                          LATITUDE:   41 31 N
                                          LONGITUDE:  93 39 W

  TEMPERATURE IN F:       :PCPN:    SNOW:  WIND      :SUNSHINE: SKY     :PK WND
================================================================================
1   2   3   4   5  6A  6B    7    8   9   10  11  12  13   14  15   16   17  18
                                     12Z  AVG MX 2MIN
DY MAX MIN AVG DEP HDD CDD  WTR  SNW DPTH SPD SPD DIR MIN PSBL S-S WX    SPD DR
================================================================================

 1  27  -1  13 -11  52   0 0.00  0.0    7  8.9 16 160   M    M   6        21 100
 2  43  26  35  11  30   0 0.00  0.0    6 10.0 15 190   M    M  10 12     19 190
 3  49  42  46  22  19   0    T  0.0    T  9.9 17 200   M    M  10 12     25 210
 4  50  12  31   7  34   0    T    T    0 17.5 30 320   M    M   8 16     43 310
 5  19   8  14 -10  51   0 0.02  0.1    T  7.3 16  30   M    M  10 146    21  30
 6  24  16  20  -5  45   0 0.02  0.1    T  8.9 16 320   M    M  10 1346   22 320
 7  20   1  11 -14  54   0 0.16  1.4    1 20.8 32 290   M    M   8 145689 44 290
 8  10  -3   4 -21  61   0 0.00  0.0    1 11.1 29 300   M    M   1        36 300
 9  24   3  14 -11  51   0 0.00  0.0    1 11.0 21 140   M    M   6        25 130
10  28  22  25  -1  40   0 0.25  3.0    1  5.5 12 130   M    M  10 12     19 110
11  28  24  26   0  39   0 0.26  4.1    3  9.5 15  60   M    M  10 145    23  80
12  26   9  18  -8  47   0 0.04  0.9    8 20.9 35 300   M    M   7 189    44 290
13  30   3  17 -10  48   0 0.00  0.0    6  9.3 24 300   M    M   6        33 290
14  40   6  23  -4  42   0    T    T    4 14.3 36 320   M    M   7 18     46 320
15  13   2   8 -19  57   0 0.00  0.0    2 11.2 21 330   M    M   8        33 310
================================================================================
SM  431  170       670   0  0.75     9.6 176.1          M      117
================================================================================
AV 28.7 11.3                              11.7 FASTST   M    M   8    MAX(MPH)
                                 MISC ---->  # 36 320               # 46  320
================================================================================
NOTES:
# LAST OF SEVERAL OCCURRENCES

COLUMN 17 PEAK WIND IN M.P.H.

PRELIMINARY LOCAL CLIMATOLOGICAL DATA (WS FORM: F-6) , PAGE 2

                                          STATION:  DES MOINES IA
                                          MONTH:    FEBRUARY
                                          YEAR:     2019
                                          LATITUDE:   41 31 N
                                          LONGITUDE:  93 39 W

[TEMPERATURE DATA]      [PRECIPITATION DATA]       SYMBOLS USED IN COLUMN 16

AVERAGE MONTHLY: 20.0   TOTAL FOR MONTH:   0.75    1 = FOG OR MIST
DPTR FM NORMAL:  -5.2   DPTR FM NORMAL:    0.13    2 = FOG REDUCING VISIBILITY
HIGHEST:    50 ON  4    GRTST 24HR  0.26 ON 11-11      TO 1/4 MILE OR LESS
LOWEST:     -3 ON  8                               3 = THUNDER
                        SNOW, ICE PELLETS, HAIL    4 = ICE PELLETS
                        TOTAL MONTH:   9.6 INCHES  5 = HAIL
                        GRTST 24HR   4.1 ON 11-11  6 = FREEZING RAIN OR DRIZZLE
                        GRTST DEPTH:   8 ON 12     7 = DUSTSTORM OR SANDSTORM:
                                                       VSBY 1/2 MILE OR LESS
                                                   8 = SMOKE OR HAZE
[NO. OF DAYS WITH]      [WEATHER - DAYS WITH]      9 = BLOWING SNOW
                                                   X = TORNADO
MAX 32 OR BELOW:  11    0.01 INCH OR MORE:   6
MAX 90 OR ABOVE:   0    0.10 INCH OR MORE:   3
MIN 32 OR BELOW:  14    0.50 INCH OR MORE:   0
MIN  0 OR BELOW:   2    1.00 INCH OR MORE:   0

[HDD (BASE 65) ]
TOTAL THIS MO.   670    CLEAR  (SCALE 0-3)   1
DPTR FM NORMAL    74    PTCLDY (SCALE 4-7)   7
TOTAL FM JUL 1  4583    CLOUDY (SCALE 8-10)  7
DPTR FM NORMAL   207

[CDD (BASE 65) ]
TOTAL THIS MO.     0
DPTR FM NORMAL     0    [PRESSURE DATA]
TOTAL FM JAN 1     0    HIGHEST SLP M ON M
DPTR FM NORMAL     0    LOWEST  SLP 29.49 ON 14

[REMARKS]
