000
CXUS54 KFWD 230730
CF6DTO
PRELIMINARY LOCAL CLIMATOLOGICAL DATA (WS FORM: F-6)

                                          STATION:   DENTON
                                          MONTH:     FEBRUARY
                                          YEAR:      2019
                                          LATITUDE:   33 12 N
                                          LONGITUDE:  97 12 W

  TEMPERATURE IN F:       :PCPN:    SNOW:  WIND      :SUNSHINE: SKY     :PK WND
================================================================================
1   2   3   4   5  6A  6B    7    8   9   10  11  12  13   14  15   16   17  18
                                     12Z  AVG MX 2MIN
DY MAX MIN AVG DEP HDD CDD  WTR  SNW DPTH SPD SPD DIR MIN PSBL S-S WX    SPD DR
================================================================================

 1  60  50  55  10  10   0    T  0.0    0  7.3 14 160   M    M   8 1      17 160
 2  65  53  59  14   6   0 0.00  0.0    0  8.0 14 140   M    M   9 18     17 160
 3  73  59  66  21   0   1 0.00  0.0    0 13.9 23 180   M    M   6 1      30 200
 4  81  56  69  23   0   4 0.00  0.0    0  9.7 18 200   M    M   0 1      25 190
 5  76  56  66  20   0   1 0.00  0.0    0 11.7 25 190   M    M   6 128    30 180
 6  75  63  69  23   0   4 0.04  0.0    0 11.8 26 170   M    M   4 138    32 170
 7  71  27  49   3  16   0 0.16  0.0    0 16.4 30 300   M    M   6 13     39 310
 8  37  21  29 -17  36   0 0.00  0.0    0 10.5 21  20   M    M   0        27  30
 9  39  33  36 -10  29   0 0.01    M    0  7.5 14 130   M    M  10 1      16 130
10  46  35  41  -5  24   0 0.03    M    0  6.9 13 150   M    M  10 1      17 140
11  58  44  51   4  14   0 0.28    M    0  9.0 18 250   M    M   8 1      25 250
12  57  35  46  -1  19   0 0.00  0.0    0 10.8 30 330   M    M   1        36 320
13  62  32  47   0  18   0 0.00  0.0    0 13.4 28 190   M    M   0        35 200
14  79  50  65  18   0   0 0.00  0.0    0 12.3 25 220   M    M   0        31 210
15  67  34  51   4  14   0 0.00  0.0    0 10.1 22 350   M    M   1 1      27 340
16  41  31  36 -12  29   0 0.00  0.0    0  7.4 20  20   M    M  10 1      23  20
17  53  35  44  -4  21   0 0.00  0.0    0  9.6 20 340   M    M   4 1      25 350
18  40  30  35 -13  30   0 0.00  0.0    0 13.3 23  40   M    M   0        28  20
19  38  34  36 -12  29   0 0.42  0.0    0  8.1 16  80   M    M   9 18     20  70
20  59  36  48   0  17   0 0.00  0.0    0  7.5 15 300   M    M   4        19 310
21  51  39  45  -4  20   0 0.11    M    0  7.2 17  90   M    M   5 35     22 100
22  49  44  47  -2  18   0 0.14    M    0  6.3 23 100   M    M  10 1      27 100
================================================================================
SM 1277  897       350  10  1.19     0.0 218.7          M      111
================================================================================
AV 58.1 40.8                               9.9 FASTST   M    M   5    MAX(MPH)
                                 MISC ---->  # 30 300               # 39  310
================================================================================
NOTES:
# LAST OF SEVERAL OCCURRENCES

COLUMN 17 PEAK WIND IN M.P.H.

PRELIMINARY LOCAL CLIMATOLOGICAL DATA (WS FORM: F-6) , PAGE 2

                                          STATION:  DENTON
                                          MONTH:    FEBRUARY
                                          YEAR:     2019
                                          LATITUDE:   33 12 N
                                          LONGITUDE:  97 12 W

[TEMPERATURE DATA]      [PRECIPITATION DATA]       SYMBOLS USED IN COLUMN 16

AVERAGE MONTHLY: 49.4   TOTAL FOR MONTH:   1.19    1 = FOG OR MIST
DPTR FM NORMAL:   2.6   DPTR FM NORMAL:   -1.01    2 = FOG REDUCING VISIBILITY
HIGHEST:    81 ON  4    GRTST 24HR  0.42 ON 19-19      TO 1/4 MILE OR LESS
LOWEST:     21 ON  8                               3 = THUNDER
                        SNOW, ICE PELLETS, HAIL    4 = ICE PELLETS
                        TOTAL MONTH:   0.0 INCH    5 = HAIL
                        GRTST 24HR     0.0         6 = FREEZING RAIN OR DRIZZLE
                        GRTST DEPTH:   0           7 = DUSTSTORM OR SANDSTORM:
                                                       VSBY 1/2 MILE OR LESS
                                                   8 = SMOKE OR HAZE
[NO. OF DAYS WITH]      [WEATHER - DAYS WITH]      9 = BLOWING SNOW
                                                   X = TORNADO
MAX 32 OR BELOW:   0    0.01 INCH OR MORE:   8
MAX 90 OR ABOVE:   0    0.10 INCH OR MORE:   5
MIN 32 OR BELOW:   5    0.50 INCH OR MORE:   0
MIN  0 OR BELOW:   0    1.00 INCH OR MORE:   0

[HDD (BASE 65) ]
TOTAL THIS MO.   350    CLEAR  (SCALE 0-3)   7
DPTR FM NORMAL   -50    PTCLDY (SCALE 4-7)   7
TOTAL FM JUL 1  2117    CLOUDY (SCALE 8-10)  8
DPTR FM NORMAL   -35

[CDD (BASE 65) ]
TOTAL THIS MO.    10
DPTR FM NORMAL    10    [PRESSURE DATA]
TOTAL FM JAN 1    10    HIGHEST SLP M ON M
DPTR FM NORMAL     9    LOWEST  SLP 29.64 ON M

[REMARKS]
