817
CXUS54 KFWD 230730
CF6DTO
PRELIMINARY LOCAL CLIMATOLOGICAL DATA (WS FORM: F-6)

                                          STATION:   DENTON
                                          MONTH:     APRIL
                                          YEAR:      2019
                                          LATITUDE:   33 12 N
                                          LONGITUDE:  97 12 W

  TEMPERATURE IN F:       :PCPN:    SNOW:  WIND      :SUNSHINE: SKY     :PK WND
================================================================================
1   2   3   4   5  6A  6B    7    8   9   10  11  12  13   14  15   16   17  18
                                     12Z  AVG MX 2MIN
DY MAX MIN AVG DEP HDD CDD  WTR  SNW DPTH SPD SPD DIR MIN PSBL S-S WX    SPD DR
================================================================================

 1  61  35  48 -12  17   0 0.00  0.0    0  5.0 12 260   M    M   2 8      15 310
 2  72  40  56  -4   9   0 0.00  0.0    0 11.4 22 160   M    M   0 8      26 150
 3  69  51  60   0   5   0 0.00  0.0    0 16.3 29 160   M    M   6        36 160
 4  81  55  68   8   0   3 0.03  0.0    0  9.2 21  30   M    M   6 13     24  30
 5  78  47  63   2   2   0 0.00  0.0    0  6.4 13 140   M    M   1 1      17 110
 6  67  57  62   1   3   0 0.26  0.0    0  8.7 29 280   M    M   7 13     41 240
 7  71  57  64   3   1   0 0.00  0.0    0  6.7 17 140   M    M   6 12     21 160
 8  83  57  70   8   0   5 0.00  0.0    0  8.7 18 350   M    M   1        24 330
 9  88   M   M   M   M   M 0.00  0.0    0  7.2  M   M   M    M   0 8      22 150
10  91  67  79  17   0  14 0.00  0.0    0 21.2 38 170   M    M   0        47 160
11  76  44  60  -2   5   0 0.00  0.0    0 11.6 25 320   M    M   1 8      31 340
12  69  38  54  -8  11   0 0.00  0.0    0 10.1 18 100   M    M   1        24  80
13  59  41  50 -13  15   0 2.11  0.0    0 19.7 36  10   M    M  10 13     44  10
14  66  43  55  -8  10   0    T  0.0    0  9.7 26 320   M    M   2        34 320
15  78  50  64   1   1   0 0.00  0.0    0 16.8 29 170   M    M   0        33 180
16  76  60  68   4   0   3 0.00  0.0    0 19.7 30 170   M    M   2        35 180
17  83  56  70   6   0   5 1.66  0.0    0 14.9 63 310   M    M   7 13     73 310
18  70  50  60  -4   5   0 0.25  0.0    0 16.1 35 340   M    M   4 13     41 350
19  66  47  57  -7   8   0 0.00  0.0    0 14.2 25 340   M    M   0        34 350
20  80  42  61  -3   4   0 0.00  0.0    0  8.1 17 190   M    M   0        21 200
21  82  59  71   6   0   6 0.00  0.0    0 18.6 31 170   M    M   0        37 170
22  79  64  72   7   0   7 0.00  0.0    0 14.2 24 170   M    M   4        31 170
================================================================================
SM 1645 1060        96  43  4.31     0.0 274.5          M       60
================================================================================
AV 74.8 50.5                              12.5 FASTST   M    M   3    MAX(MPH)
                                 MISC ---->  # 63 310               # 73  310
================================================================================
NOTES:
# LAST OF SEVERAL OCCURRENCES

COLUMN 17 PEAK WIND IN M.P.H.

PRELIMINARY LOCAL CLIMATOLOGICAL DATA (WS FORM: F-6) , PAGE 2

                                          STATION:  DENTON
                                          MONTH:    APRIL
                                          YEAR:     2019
                                          LATITUDE:   33 12 N
                                          LONGITUDE:  97 12 W

[TEMPERATURE DATA]      [PRECIPITATION DATA]       SYMBOLS USED IN COLUMN 16

AVERAGE MONTHLY: 62.6   TOTAL FOR MONTH:   4.31    1 = FOG OR MIST
DPTR FM NORMAL:   0.3   DPTR FM NORMAL:    2.04    2 = FOG REDUCING VISIBILITY
HIGHEST:    91 ON 10    GRTST 24HR  2.11 ON 13-13      TO 1/4 MILE OR LESS
LOWEST:     35 ON  1                               3 = THUNDER
                        SNOW, ICE PELLETS, HAIL    4 = ICE PELLETS
                        TOTAL MONTH:   0.0 INCH    5 = HAIL
                        GRTST 24HR     0.0         6 = FREEZING RAIN OR DRIZZLE
                        GRTST DEPTH:   0           7 = DUSTSTORM OR SANDSTORM:
                                                       VSBY 1/2 MILE OR LESS
                                                   8 = SMOKE OR HAZE
[NO. OF DAYS WITH]      [WEATHER - DAYS WITH]      9 = BLOWING SNOW
                                                   X = TORNADO
MAX 32 OR BELOW:   0    0.01 INCH OR MORE:   5
MAX 90 OR ABOVE:   1    0.10 INCH OR MORE:   4
MIN 32 OR BELOW:   0    0.50 INCH OR MORE:   2
MIN  0 OR BELOW:   0    1.00 INCH OR MORE:   2

[HDD (BASE 65) ]
TOTAL THIS MO.    96    CLEAR  (SCALE 0-3)  14
DPTR FM NORMAL    -9    PTCLDY (SCALE 4-7)   7
TOTAL FM JUL 1  2703    CLOUDY (SCALE 8-10)  1
DPTR FM NORMAL    28

[CDD (BASE 65) ]
TOTAL THIS MO.    43
DPTR FM NORMAL    -5    [PRESSURE DATA]
TOTAL FM JAN 1    65    HIGHEST SLP M ON M
DPTR FM NORMAL    -8    LOWEST  SLP 29.36 ON 10

[REMARKS]
