000
CXUS53 KDTX 190800
CF6DTW
PRELIMINARY LOCAL CLIMATOLOGICAL DATA (WS FORM: F-6)

                                          STATION:   DETROIT MI
                                          MONTH:     FEBRUARY
                                          YEAR:      2019
                                          LATITUDE:   42 13 N
                                          LONGITUDE:  83 20 W

  TEMPERATURE IN F:       :PCPN:    SNOW:  WIND      :SUNSHINE: SKY     :PK WND
================================================================================
1   2   3   4   5  6A  6B    7    8   9   10  11  12  13   14  15   16   17  18
                                     12Z  AVG MX 2MIN
DY MAX MIN AVG DEP HDD CDD  WTR  SNW DPTH SPD SPD DIR MIN PSBL S-S WX    SPD DR
================================================================================

 1  16  -1   8 -18  57   0 0.00  0.0    5  2.7  9 180   M    M   7 8      11 170
 2  40   8  24  -2  41   0 0.00  0.0    4 10.6 20 230   M    M   8 18     23 230
 3  55  35  45  19  20   0 0.00  0.0    3 10.7 22 230   M    M   9 18     26 220
 4  53  40  47  21  18   0 0.16  0.0    0  9.9 22 220   M    M  10 18     27 230
 5  49  29  39  13  26   0 0.00  0.0    0  9.4 20 300   M    M  10 18     24 290
 6  35  29  32   6  33   0 0.50    T    0  6.1 20 310   M    M  10 16     22 310
 7  56  32  44  18  21   0 0.05  0.0    0 10.3 35 260   M    M  10 12     49 270
 8  36  15  26  -1  39   0    T    T    T 23.2 36 260   M    M  10 89     48 250
 9  26  11  19  -8  46   0    T    T    T  5.7 20 300   M    M   4        25 300
10  27  16  22  -5  43   0 0.04  0.4    0  6.0 14  60   M    M   9 16     17  60
11  31  23  27   0  38   0 0.01  0.2    1  9.7 18  90   M    M  10 18     26  70
12  35  27  31   4  34   0 0.64  0.4    1 14.1 30 230   M    M  10 1246   40 220
13  30  20  25  -3  40   0 0.10  1.8    1 20.5 31 240   M    M  10 9      39 240
14  45  18  32   4  33   0    T  0.0    1  7.8 15 170   M    M  10 18     20 160
15  42  20  31   3  34   0    T  0.0    0 17.3 26 250   M    M   7 8      34 260
16  28  20  24  -4  41   0    T    T    0  6.4 13 330   M    M  10 8      16 320
17  27  23  25  -3  40   0 0.13  1.2    1  9.9 18  40   M    M  10 158    23  40
18  30  15  23  -6  42   0 0.05  1.0    2  7.3 14 310   M    M   7 8      18 310
================================================================================
SM  661  380       646   0  1.68     5.0 187.6          M      161
================================================================================
AV 36.7 21.1                              10.4 FASTST   M    M   9    MAX(MPH)
                                 MISC ---->  # 36 260               # 49  270
================================================================================
NOTES:
# LAST OF SEVERAL OCCURRENCES

COLUMN 17 PEAK WIND IN M.P.H.

PRELIMINARY LOCAL CLIMATOLOGICAL DATA (WS FORM: F-6) , PAGE 2

                                          STATION:  DETROIT MI
                                          MONTH:    FEBRUARY
                                          YEAR:     2019
                                          LATITUDE:   42 13 N
                                          LONGITUDE:  83 20 W

[TEMPERATURE DATA]      [PRECIPITATION DATA]       SYMBOLS USED IN COLUMN 16

AVERAGE MONTHLY: 28.9   TOTAL FOR MONTH:   1.68    1 = FOG OR MIST
DPTR FM NORMAL:   1.9   DPTR FM NORMAL:    0.43    2 = FOG REDUCING VISIBILITY
HIGHEST:    56 ON  7    GRTST 24HR  0.64 ON 12-12      TO 1/4 MILE OR LESS
LOWEST:     -1 ON  1                               3 = THUNDER
                        SNOW, ICE PELLETS, HAIL    4 = ICE PELLETS
                        TOTAL MONTH:   5.0 INCHES  5 = HAIL
                        GRTST 24HR   1.8 ON 13-13  6 = FREEZING RAIN OR DRIZZLE
                        GRTST DEPTH:   5 ON  1     7 = DUSTSTORM OR SANDSTORM:
                                                       VSBY 1/2 MILE OR LESS
                                                   8 = SMOKE OR HAZE
[NO. OF DAYS WITH]      [WEATHER - DAYS WITH]      9 = BLOWING SNOW
                                                   X = TORNADO
MAX 32 OR BELOW:   8    0.01 INCH OR MORE:   9
MAX 90 OR ABOVE:   0    0.10 INCH OR MORE:   5
MIN 32 OR BELOW:  16    0.50 INCH OR MORE:   2
MIN  0 OR BELOW:   1    1.00 INCH OR MORE:   0

[HDD (BASE 65) ]
TOTAL THIS MO.   646    CLEAR  (SCALE 0-3)   0
DPTR FM NORMAL   -37    PTCLDY (SCALE 4-7)   4
TOTAL FM JUL 1  4156    CLOUDY (SCALE 8-10) 14
DPTR FM NORMAL   -47

[CDD (BASE 65) ]
TOTAL THIS MO.     0
DPTR FM NORMAL     0    [PRESSURE DATA]
TOTAL FM JAN 1     0    HIGHEST SLP M ON M
DPTR FM NORMAL     0    LOWEST  SLP 29.42 ON 15

[REMARKS]
