000
CXUS55 KTWC 240855
CF6DUG
PRELIMINARY LOCAL CLIMATOLOGICAL DATA (WS FORM: F-6)

                                          STATION:   DOUGLAS AZ
                                          MONTH:     APRIL
                                          YEAR:      2019
                                          LATITUDE:   31 28 N
                                          LONGITUDE: 109 36 W

  TEMPERATURE IN F:       :PCPN:    SNOW:  WIND      :SUNSHINE: SKY     :PK WND
================================================================================
1   2   3   4   5  6A  6B    7    8   9   10  11  12  13   14  15   16   17  18
                                     12Z  AVG MX 2MIN
DY MAX MIN AVG DEP HDD CDD  WTR  SNW DPTH SPD SPD DIR MIN PSBL S-S WX    SPD DR
================================================================================

 1  73  38  56  -2   9   0 0.00  0.0    M  6.6 16 120   M    M   M        20 100
 2  79  41  60   2   5   0 0.00  0.0    M 12.6 28 230   M    M   M        34 230
 3  76  43  60   2   5   0 0.00  0.0    M 11.8 29 270   M    M   M        40 240
 4  77  36  57  -1   8   0 0.00  0.0    M  8.7 21 210   M    M   M        25 220
 5  71  39  55  -3  10   0 0.00  0.0    M  7.1 32 230   M    M   M        49 210
 6  68  37  53  -6  12   0 0.00  0.0    M  6.2 17 290   M    M   M        23 280
 7  79  39  59   0   6   0 0.00  0.0    M  9.4 17 330   M    M   M        24  10
 8  86  42  64   5   1   0 0.00  0.0    0  6.5 15 340   M    M   M        17 340
 9  90  40  65   6   0   0 0.00  0.0    M 10.8 29 240   M    M   M        36 230
10  72  40  56  -4   9   0 0.00  0.0    0 16.6 32 300   M    M   M        41 290
11  67  34  51  -9  14   0 0.00  0.0    M 10.3 28 280   M    M   M        38 290
12  61  44  53  -7  12   0 0.00  0.0    M 10.8 28 160   M    M   M        37 160
13  68  31  50 -10  15   0 0.00  0.0    M  7.1 21 320   M    M   M        24 310
14  79  35  57  -4   8   0 0.00  0.0    M  4.1 12 340   M    M   M        17 230
15  82  37  60  -1   5   0 0.00  0.0    M  8.9 24 190   M    M   M        43 210
16  77  46  62   1   3   0 0.64    M    M 11.6 28 240   M    M   M 3      46 230
17  67  46  57  -5   8   0    T    M    M 11.5 28 320   M    M   M        33 340
18  81  42  62   0   3   0 0.00  0.0    M  7.5 17 350   M    M   M        23 330
19  87  37  62   0   3   0 0.00  0.0    M  6.6 17 180   M    M   M        24 130
20  86  48  67   5   0   2 0.00  0.0    M 13.1 32 230   M    M   M        45 220
21  83  49  66   3   0   1 0.00  0.0    M 12.3 28 230   M    M   M        36 220
22  77  49  63   0   2   0 0.01    M    M  8.3 25 190   M    M   M        33 210
23  74  42  58  -5   7   0 0.00  0.0    M  7.5 23  10   M    M   M 3      30 130
================================================================================
SM 1760  935       145   3  0.65     0.0 215.9          M        M
================================================================================
AV 76.5 40.7                               9.4 FASTST   M    M   0    MAX(MPH)
                                 MISC ---->  # 32 230               # 49  210
================================================================================
NOTES:
# LAST OF SEVERAL OCCURRENCES

COLUMN 17 PEAK WIND IN M.P.H.

PRELIMINARY LOCAL CLIMATOLOGICAL DATA (WS FORM: F-6) , PAGE 2

                                          STATION:  DOUGLAS AZ
                                          MONTH:    APRIL
                                          YEAR:     2019
                                          LATITUDE:   31 28 N
                                          LONGITUDE: 109 36 W

[TEMPERATURE DATA]      [PRECIPITATION DATA]       SYMBOLS USED IN COLUMN 16

AVERAGE MONTHLY: 58.6   TOTAL FOR MONTH:   0.65    1 = FOG OR MIST
DPTR FM NORMAL:  -1.7   DPTR FM NORMAL:    0.48    2 = FOG REDUCING VISIBILITY
HIGHEST:    90 ON  9    GRTST 24HR  0.64 ON 16-16      TO 1/4 MILE OR LESS
LOWEST:     31 ON 13                               3 = THUNDER
                        SNOW, ICE PELLETS, HAIL    4 = ICE PELLETS
                        TOTAL MONTH:   0.0 INCH    5 = HAIL
                        GRTST 24HR     0.0         6 = FREEZING RAIN OR DRIZZLE
                        GRTST DEPTH:   0           7 = DUSTSTORM OR SANDSTORM:
                                                       VSBY 1/2 MILE OR LESS
                                                   8 = SMOKE OR HAZE
[NO. OF DAYS WITH]      [WEATHER - DAYS WITH]      9 = BLOWING SNOW
                                                   X = TORNADO
MAX 32 OR BELOW:   0    0.01 INCH OR MORE:   2
MAX 90 OR ABOVE:   1    0.10 INCH OR MORE:   1
MIN 32 OR BELOW:   1    0.50 INCH OR MORE:   1
MIN  0 OR BELOW:   0    1.00 INCH OR MORE:   0

[HDD (BASE 65) ]
TOTAL THIS MO.   145    CLEAR  (SCALE 0-3)   0
DPTR FM NORMAL    24    PTCLDY (SCALE 4-7)   0
TOTAL FM JUL 1  2757    CLOUDY (SCALE 8-10)  0
DPTR FM NORMAL   275

[CDD (BASE 65) ]
TOTAL THIS MO.     3
DPTR FM NORMAL    -9    [PRESSURE DATA]
TOTAL FM JAN 1     3    HIGHEST SLP M ON M
DPTR FM NORMAL   -10    LOWEST  SLP 29.61 ON 12

[REMARKS]
