000
CXUS51 KPBZ 160904
CF6DUJ
PRELIMINARY LOCAL CLIMATOLOGICAL DATA (WS FORM: F-6)

                                          STATION:   DUBOIS
                                          MONTH:     FEBRUARY
                                          YEAR:      2019
                                          LATITUDE:   41 10 N
                                          LONGITUDE:  78 54 W

  TEMPERATURE IN F:       :PCPN:    SNOW:  WIND      :SUNSHINE: SKY     :PK WND
================================================================================
1   2   3   4   5  6A  6B    7    8   9   10  11  12  13   14  15   16   17  18
                                     12Z  AVG MX 2MIN
DY MAX MIN AVG DEP HDD CDD  WTR  SNW DPTH SPD SPD DIR MIN PSBL S-S WX    SPD DR
================================================================================

 1  14  -1   7 -17  58   0    T    M    M  2.6  8 250   M    M   6 8      10 110
 2  35   4  20  -4  45   0 0.00    M    M  9.2 20 250   M    M   3 1      25 220
 3  50  30  40  16  25   0 0.00  0.0    0  5.9 17 240   M    M   5 1      23 240
 4  58  34  46  22  19   0    T    M    0  3.5 12 210   M    M   3        17 220
 5  52  32  42  17  23   0 0.00  0.0    0  6.2 16 300   M    M   8 12     19 310
 6  46  30  38  13  27   0 0.24    M    0  7.8 14 130   M    M   9 12     20 120
 7  57  40  49  24  16   0 0.64    M    M  5.8 17 250   M    M  10 12     24 130
 8  56  16  36  11  29   0 0.20    M    M 22.3 32 240   M    M   9 1      41 250
 9  22  11  17  -8  48   0    T    M    0 10.2 25 290   M    M   5 8      35 280
10  30   7  19  -6  46   0 0.05    M    0  6.2 12 120   M    M   4 18     14 120
11  32  25  29   3  36   0 0.02    M    0  7.1 16 110   M    M  10 1      21 110
12  37  27  32   6  33   0 0.80    M    0 15.4 31 260   M    M  10 168    44 280
13  35  22  29   3  36   0 0.01    M    0 22.7 38 260   M    M  10 128    49 250
14  41  20  31   5  34   0 0.00  0.0    0 10.7 25 270   M    M   6 8      35 270
15  46  24  35   9  30   0    T    M    0 14.7 30 250   M    M   6 8      39 270
================================================================================
SM  611  321       505   0  1.96     0.0 150.3          M      104
================================================================================
AV 40.7 21.4                              10.0 FASTST   M    M   7    MAX(MPH)
                                 MISC ---->  # 38 260               # 49  250
================================================================================
NOTES:
# LAST OF SEVERAL OCCURRENCES

COLUMN 17 PEAK WIND IN M.P.H.

PRELIMINARY LOCAL CLIMATOLOGICAL DATA (WS FORM: F-6) , PAGE 2

                                          STATION:  DUBOIS
                                          MONTH:    FEBRUARY
                                          YEAR:     2019
                                          LATITUDE:   41 10 N
                                          LONGITUDE:  78 54 W

[TEMPERATURE DATA]      [PRECIPITATION DATA]       SYMBOLS USED IN COLUMN 16

AVERAGE MONTHLY: 31.1   TOTAL FOR MONTH:   1.96    1 = FOG OR MIST
DPTR FM NORMAL:   6.0   DPTR FM NORMAL:    0.76    2 = FOG REDUCING VISIBILITY
HIGHEST:    58 ON  4    GRTST 24HR  0.80 ON 12-12      TO 1/4 MILE OR LESS
LOWEST:     -1 ON  1                               3 = THUNDER
                        SNOW, ICE PELLETS, HAIL    4 = ICE PELLETS
                        TOTAL MONTH:   0.0 INCH    5 = HAIL
                        GRTST 24HR     0.0         6 = FREEZING RAIN OR DRIZZLE
                        GRTST DEPTH:   0           7 = DUSTSTORM OR SANDSTORM:
                                                       VSBY 1/2 MILE OR LESS
                                                   8 = SMOKE OR HAZE
[NO. OF DAYS WITH]      [WEATHER - DAYS WITH]      9 = BLOWING SNOW
                                                   X = TORNADO
MAX 32 OR BELOW:   4    0.01 INCH OR MORE:   7
MAX 90 OR ABOVE:   0    0.10 INCH OR MORE:   4
MIN 32 OR BELOW:  13    0.50 INCH OR MORE:   2
MIN  0 OR BELOW:   1    1.00 INCH OR MORE:   0

[HDD (BASE 65) ]
TOTAL THIS MO.   505    CLEAR  (SCALE 0-3)   2
DPTR FM NORMAL   -93    PTCLDY (SCALE 4-7)   7
TOTAL FM JUL 1  4354    CLOUDY (SCALE 8-10)  6
DPTR FM NORMAL  -188

[CDD (BASE 65) ]
TOTAL THIS MO.     0
DPTR FM NORMAL     0    [PRESSURE DATA]
TOTAL FM JAN 1     0    HIGHEST SLP M ON M
DPTR FM NORMAL     0    LOWEST  SLP 29.52 ON 12

[REMARKS]
