000
CXUS51 KPBZ 220804
CF6DUJ
PRELIMINARY LOCAL CLIMATOLOGICAL DATA (WS FORM: F-6)

                                          STATION:   DUBOIS
                                          MONTH:     MAY
                                          YEAR:      2018
                                          LATITUDE:   41 10 N
                                          LONGITUDE:  78 54 W

  TEMPERATURE IN F:       :PCPN:    SNOW:  WIND      :SUNSHINE: SKY     :PK WND
================================================================================
1   2   3   4   5  6A  6B    7    8   9   10  11  12  13   14  15   16   17  18
                                     12Z  AVG MX 2MIN
DY MAX MIN AVG DEP HDD CDD  WTR  SNW DPTH SPD SPD DIR MIN PSBL S-S WX    SPD DR
================================================================================

 1  77  41  59   7   6   0 0.00  0.0    0  9.2 20 240   M    M   0        28 230
 2  82  54  68  16   0   3 0.00  0.0    0 12.5 28 240   M    M   2        37 230
 3  79  61  70  17   0   5 0.48  0.0    0 10.7 22 240   M    M   7 138    27 240
 4  76  52  64  11   1   0 0.21  0.0    0 11.6 37 270   M    M   6 18     52 270
 5  71  44  58   5   7   0 0.01    M    0  4.1 12 250   M    M   1        17 180
 6  58  49  54   0  11   0 0.48    M    0  5.0 12 110   M    M   8 1      16 120
 7  65  46  56   2   9   0 0.01    M    M  4.2  9  40   M    M   8 12     13  30
 8  74  49  62   8   3   0 0.00  0.0    0  5.2  9 120   M    M   2         M  M
 9  78  51  65  11   0   0 0.00  0.0    0  6.9 12 260   M    M   3        21 260
10  76  57  67  12   0   2 0.05  0.0    0 11.2 24 250   M    M   6 3      35 250
11  61  45  53  -2  12   0 0.21    M    0  6.3 22 350   M    M   8 138    27 350
12  75  45  60   5   5   0 0.32    M    0  7.8 24 240   M    M   8 138    30 230
13  64  53  59   3   6   0 0.42    M    M  4.0 10 130   M    M  10 12     14 120
14  72  58  65   9   0   0 0.03    M    M  6.2 20 260   M    M   6 123    24 280
15  79  58  69  13   0   4 0.25  0.0    0  8.9 26 280   M    M   5 138    37 280
16  66  55  61   5   4   0 0.22  0.0    0  7.2 13  90   M    M   9 1      16 100
17  82  58  70  13   0   5 0.00  0.0    0  5.0 13 110   M    M   4 12     17 110
18  75  55  65   8   0   0 0.05  0.0    0 11.2 18 110   M    M   3 1      26 110
19  71  50  61   4   4   0 0.19  0.0    0 10.4 18 120   M    M   5 13     25 110
20  70  53  62   5   3   0 0.11    M    M  8.0 17 260   M    M   7 1      22 270
21  77  51  64   6   1   0 0.00    M    M  4.9 10 120   M    M   3 1      16  40
================================================================================
SM 1528 1085        72  19  3.04     0.0 160.5          M      111
================================================================================
AV 72.8 51.7                               7.6 FASTST   M    M   5    MAX(MPH)
                                 MISC ---->  # 37 270               # 52  270
================================================================================
NOTES:
# LAST OF SEVERAL OCCURRENCES

COLUMN 17 PEAK WIND IN M.P.H.

PRELIMINARY LOCAL CLIMATOLOGICAL DATA (WS FORM: F-6) , PAGE 2

                                          STATION:  DUBOIS
                                          MONTH:    MAY
                                          YEAR:     2018
                                          LATITUDE:   41 10 N
                                          LONGITUDE:  78 54 W

[TEMPERATURE DATA]      [PRECIPITATION DATA]       SYMBOLS USED IN COLUMN 16

AVERAGE MONTHLY: 62.2   TOTAL FOR MONTH:   3.04    1 = FOG OR MIST
DPTR FM NORMAL:   7.3   DPTR FM NORMAL:    0.24    2 = FOG REDUCING VISIBILITY
HIGHEST:    82 ON 17, 2 GRTST 24HR  0.48 ON  6- 6      TO 1/4 MILE OR LESS
LOWEST:     41 ON  1                               3 = THUNDER
                        SNOW, ICE PELLETS, HAIL    4 = ICE PELLETS
                        TOTAL MONTH:   0.0 INCH    5 = HAIL
                        GRTST 24HR     0.0         6 = FREEZING RAIN OR DRIZZLE
                        GRTST DEPTH:   0           7 = DUSTSTORM OR SANDSTORM:
                                                       VSBY 1/2 MILE OR LESS
                                                   8 = SMOKE OR HAZE
[NO. OF DAYS WITH]      [WEATHER - DAYS WITH]      9 = BLOWING SNOW
                                                   X = TORNADO
MAX 32 OR BELOW:   0    0.01 INCH OR MORE:  15
MAX 90 OR ABOVE:   0    0.10 INCH OR MORE:  10
MIN 32 OR BELOW:   0    0.50 INCH OR MORE:   0
MIN  0 OR BELOW:   0    1.00 INCH OR MORE:   0

[HDD (BASE 65) ]
TOTAL THIS MO.    72    CLEAR  (SCALE 0-3)   7
DPTR FM NORMAL  -148    PTCLDY (SCALE 4-7)  10
TOTAL FM JUL 1  6310    CLOUDY (SCALE 8-10)  4
DPTR FM NORMAL  -423

[CDD (BASE 65) ]
TOTAL THIS MO.    19
DPTR FM NORMAL    10    [PRESSURE DATA]
TOTAL FM JAN 1    22    HIGHEST SLP M ON M
DPTR FM NORMAL     9    LOWEST  SLP 29.81 ON 10

[REMARKS]
