000
CXUS51 KPBZ 180804
CF6DUJ
PRELIMINARY LOCAL CLIMATOLOGICAL DATA (WS FORM: F-6)

                                          STATION:   DUBOIS
                                          MONTH:     APRIL
                                          YEAR:      2019
                                          LATITUDE:   41 10 N
                                          LONGITUDE:  78 54 W

  TEMPERATURE IN F:       :PCPN:    SNOW:  WIND      :SUNSHINE: SKY     :PK WND
================================================================================
1   2   3   4   5  6A  6B    7    8   9   10  11  12  13   14  15   16   17  18
                                     12Z  AVG MX 2MIN
DY MAX MIN AVG DEP HDD CDD  WTR  SNW DPTH SPD SPD DIR MIN PSBL S-S WX    SPD DR
================================================================================

 1  38  20  29 -12  36   0    T    M    0  7.5 20 340   M    M   3 18     28 330
 2  48  23  36  -5  29   0 0.00  0.0    0  7.5 14 190   M    M   0        21 160
 3  53  29  41  -1  24   0 0.00  0.0    0 12.9 32 270   M    M   1        44 270
 4  49  30  40  -2  25   0 0.00  0.0    0  5.3 12 310   M    M   5        14  20
 5  41  34  38  -5  27   0 0.21    M    0 10.2 20 130   M    M  10 18     25 120
 6  64  37  51   8  14   0 0.00  0.0    0  3.8 13 250   M    M   7 12     18 250
 7  69  40  55  12  10   0 0.10    M    0  8.3 15 220   M    M   3 13     22 230
 8  67  50  59  15   6   0 0.03  0.0    0 12.2 24 270   M    M   6 13     32 250
 9  65  39  52   8  13   0 0.00  0.0    0 12.2 28 280   M    M   4 1      42 270
10  53  35  44  -1  21   0 0.00  0.0    0  8.9 17 340   M    M   4        22 350
11  57  35  46   1  19   0 0.00  0.0    0 12.6 21 110   M    M   5        29 100
12  71  45  58  13   7   0 0.36    M    0 10.0 28 260   M    M   4 13     35 250
13  65  46  56  10   9   0 0.00    M    M  8.0 21 240   M    M   1        26 220
14  65  47  56  10   9   0 1.55    M    0  9.2 31 260   M    M   7 138    42 280
15  53  33  43  -4  22   0 0.03    M    0 17.1 30 260   M    M   7 18     41 270
16  56  29  43  -4  22   0    T    M    0  6.9 14 250   M    M   7        17 250
17  59  43  51   4  14   0 0.22    M    0  8.6 16 130   M    M   9 1      21 130
================================================================================
SM  973  615       307   0  2.50     0.0 161.2          M       83
================================================================================
AV 57.2 36.2                               9.5 FASTST   M    M   5    MAX(MPH)
                                 MISC ---->  # 32 270               # 44  270
================================================================================
NOTES:
# LAST OF SEVERAL OCCURRENCES

COLUMN 17 PEAK WIND IN M.P.H.

PRELIMINARY LOCAL CLIMATOLOGICAL DATA (WS FORM: F-6) , PAGE 2

                                          STATION:  DUBOIS
                                          MONTH:    APRIL
                                          YEAR:     2019
                                          LATITUDE:   41 10 N
                                          LONGITUDE:  78 54 W

[TEMPERATURE DATA]      [PRECIPITATION DATA]       SYMBOLS USED IN COLUMN 16

AVERAGE MONTHLY: 46.7   TOTAL FOR MONTH:   2.50    1 = FOG OR MIST
DPTR FM NORMAL:   2.5   DPTR FM NORMAL:    0.51    2 = FOG REDUCING VISIBILITY
HIGHEST:    71 ON 12    GRTST 24HR  1.55 ON 14-14      TO 1/4 MILE OR LESS
LOWEST:     20 ON  1                               3 = THUNDER
                        SNOW, ICE PELLETS, HAIL    4 = ICE PELLETS
                        TOTAL MONTH:   0.0 INCH    5 = HAIL
                        GRTST 24HR     0.0         6 = FREEZING RAIN OR DRIZZLE
                        GRTST DEPTH:   0           7 = DUSTSTORM OR SANDSTORM:
                                                       VSBY 1/2 MILE OR LESS
                                                   8 = SMOKE OR HAZE
[NO. OF DAYS WITH]      [WEATHER - DAYS WITH]      9 = BLOWING SNOW
                                                   X = TORNADO
MAX 32 OR BELOW:   0    0.01 INCH OR MORE:   7
MAX 90 OR ABOVE:   0    0.10 INCH OR MORE:   5
MIN 32 OR BELOW:   5    0.50 INCH OR MORE:   1
MIN  0 OR BELOW:   0    1.00 INCH OR MORE:   1

[HDD (BASE 65) ]
TOTAL THIS MO.   307    CLEAR  (SCALE 0-3)   4
DPTR FM NORMAL   -47    PTCLDY (SCALE 4-7)  11
TOTAL FM JUL 1  6143    CLOUDY (SCALE 8-10)  2
DPTR FM NORMAL  -169

[CDD (BASE 65) ]
TOTAL THIS MO.     0
DPTR FM NORMAL     0    [PRESSURE DATA]
TOTAL FM JAN 1     0    HIGHEST SLP M ON M
DPTR FM NORMAL     0    LOWEST  SLP 29.29 ON 14

[REMARKS]
