000
CXUS53 KFGF 220915
CF6DVL
PRELIMINARY LOCAL CLIMATOLOGICAL DATA (WS FORM: F-6)

                                          STATION:   DEVILS LAKE ND
                                          MONTH:     FEBRUARY
                                          YEAR:      2019
                                          LATITUDE:   48  7 N
                                          LONGITUDE:  98 54 W

  TEMPERATURE IN F:       :PCPN:    SNOW:  WIND      :SUNSHINE: SKY     :PK WND
================================================================================
1   2   3   4   5  6A  6B    7    8   9   10  11  12  13   14  15   16   17  18
                                     12Z  AVG MX 2MIN
DY MAX MIN AVG DEP HDD CDD  WTR  SNW DPTH SPD SPD DIR MIN PSBL S-S WX    SPD DR
================================================================================

 1  27  -3  12   3  53   0    T    M    M 11.6 18  30   M    M   5 1       M  M
 2  10   0   5  -5  60   0    T    M    M 11.9 20  30   M    M  10         M  M
 3   6 -12  -3 -13  68   0    T    M    M 18.3 23 360   M    M  10 128     M  M
 4  -7 -20 -13 -23  78   0    T    M    M 17.5 24 360   M    M   7 18     31 350
 5  -7 -19 -13 -23  78   0    T    M    M  7.5 10  40   M    M   9 1       M  M
 6  -6  -8  -7 -17  72   0    T    M    M 15.8 23  10   M    M  10 18     29  10
 7  -8 -19 -13 -24  78   0    T    M    M 20.4 27 340   M    M   8 18     31 360
 8 -16 -32 -24 -35  89   0 0.00    M    M  6.3 15 300   M    M   0         M  M
 9  -4 -27 -15 -26  80   0    T    M    M  5.3  9  60   M    M   7         M  M
10   0 -18  -9 -20  74   0    T    M    M  7.7 12  60   M    M   8 1       M  M
11  10  -9   1 -11  64   0    T    M    M 10.5 17 110   M    M  10 1       M  M
12  12 -16  -2 -14  67   0 0.01    M    M 10.4 20 290   M    M   4 1       M  M
13   5 -17  -6 -18  71   0    M    M    M  7.6 15 140   M    M   6 1       M  M
14   4 -14  -5 -18  70   0    M    M    M 17.2 22 320   M    M   5 1       M  M
15  -3 -25 -14 -27  79   0    M    M    M  5.3 12 300   M    M   0 8       M  M
16   6 -16  -5 -18  70   0    M    M    M  8.5 14 100   M    M   8         M  M
17   9  -2   4 -10  61   0    M    M    M 10.4 16  20   M    M  10         M  M
18   1 -12  -5 -19  70   0    M    M    M  5.4 12 340   M    M   5         M  M
19   9 -13  -2 -16  67   0    M    M    M  8.1 17 220   M    M   0 1       M  M
20  15  -5   5 -10  60   0    M    M    M  9.7 14  20   M    M   7 1       M  M
21  13  -2   6  -9  59   0    T    M    M  7.7 14 330   M    M   9 1       M  M
================================================================================
SM   76 -289      1468   0  0.01    M    223.1          M      138
================================================================================
AV  3.6-13.8                              10.6 FASTST   M    M   7    MAX(MPH)
                                 MISC ---->  # 27 340               # 31  350
================================================================================
NOTES:
# LAST OF SEVERAL OCCURRENCES

COLUMN 17 PEAK WIND IN M.P.H.

PRELIMINARY LOCAL CLIMATOLOGICAL DATA (WS FORM: F-6) , PAGE 2

                                          STATION:  DEVILS LAKE ND
                                          MONTH:    FEBRUARY
                                          YEAR:     2019
                                          LATITUDE:   48  7 N
                                          LONGITUDE:  98 54 W

[TEMPERATURE DATA]      [PRECIPITATION DATA]       SYMBOLS USED IN COLUMN 16

AVERAGE MONTHLY: -5.1   TOTAL FOR MONTH:   0.01    1 = FOG OR MIST
DPTR FM NORMAL: -17.0   DPTR FM NORMAL:   -0.30    2 = FOG REDUCING VISIBILITY
HIGHEST:    27 ON  1    GRTST 24HR  0.01 ON 12-12      TO 1/4 MILE OR LESS
LOWEST:    -32 ON  8                               3 = THUNDER
                        SNOW, ICE PELLETS, HAIL    4 = ICE PELLETS
                        TOTAL MONTH:    M          5 = HAIL
                        GRTST 24HR    M  ON   M    6 = FREEZING RAIN OR DRIZZLE
                        GRTST DEPTH:  M  ON   M    7 = DUSTSTORM OR SANDSTORM:
                                                       VSBY 1/2 MILE OR LESS
                                                   8 = SMOKE OR HAZE
[NO. OF DAYS WITH]      [WEATHER - DAYS WITH]      9 = BLOWING SNOW
                                                   X = TORNADO
MAX 32 OR BELOW:  21    0.01 INCH OR MORE:   1
MAX 90 OR ABOVE:   0    0.10 INCH OR MORE:   0
MIN 32 OR BELOW:  21    0.50 INCH OR MORE:   0
MIN  0 OR BELOW:  21    1.00 INCH OR MORE:   0

[HDD (BASE 65) ]
TOTAL THIS MO.  1468    CLEAR  (SCALE 0-3)   3
DPTR FM NORMAL     M    PTCLDY (SCALE 4-7)  11
TOTAL FM JUL 1  7467    CLOUDY (SCALE 8-10)  7
DPTR FM NORMAL  3939

[CDD (BASE 65) ]
TOTAL THIS MO.     0
DPTR FM NORMAL     0    [PRESSURE DATA]
TOTAL FM JAN 1     0    HIGHEST SLP M ON M
DPTR FM NORMAL     0    LOWEST  SLP M ON M

[REMARKS]
