000
CXUS53 KFGF 250915
CF6DVL
PRELIMINARY LOCAL CLIMATOLOGICAL DATA (WS FORM: F-6)

                                          STATION:   DEVILS LAKE ND
                                          MONTH:     MAY
                                          YEAR:      2018
                                          LATITUDE:   48  7 N
                                          LONGITUDE:  98 54 W

  TEMPERATURE IN F:       :PCPN:    SNOW:  WIND      :SUNSHINE: SKY     :PK WND
================================================================================
1   2   3   4   5  6A  6B    7    8   9   10  11  12  13   14  15   16   17  18
                                     12Z  AVG MX 2MIN
DY MAX MIN AVG DEP HDD CDD  WTR  SNW DPTH SPD SPD DIR MIN PSBL S-S WX    SPD DR
================================================================================

 1  46  33  40 -11  25   0 0.02    M    M  9.1 18 360   M    M   8        22 310
 2  65  25  45  -6  20   0    T    M    M  8.7 21 290   M    M   4 123    37 270
 3  72  29  51  -1  14   0    T    M    M  9.3 31 280   M    M   1        39 280
 4  74  38  56   4   9   0 0.00    M    M  9.0 25 280   M    M   0        37 280
 5  75  46  61   8   4   0 0.00    M    M  8.9 22 360   M    M   3        24  20
 6  79  47  63  10   2   0 0.00    M    M  7.2 17 320   M    M   3        24 310
 7  81  46  64  11   1   0 0.09    M    M  8.6 18 210   M    M   3 3      24 210
 8  63  49  56   2   9   0 0.10    M    M 12.1 20 100   M    M   7 1      27 100
 9  64  44  54   0  11   0 0.07    M    M 16.0 27  10   M    M   6 12     33  10
10  51  25  38 -16  27   0 0.00    M    M  6.4 14  60   M    M   0        18  50
11  58  36  47  -8  18   0 0.00    M    M  7.3 12  70   M    M   8 8       M  M
12  67  42  55   0  10   0 0.00    M    M  6.1 13 210   M    M   2         M  M
13  75  46  61   6   4   0 0.00    M    M 10.5 17 240   M    M   2        21 270
14  76  48  62   6   3   0 0.00    M    M  9.4 20  60   M    M   0        32  50
15  82  38  60   4   5   0 0.00    M    M 11.8 22 250   M    M   0        28 230
16  77  52  65   9   0   0 0.00    M    M 15.5 21  90   M    M   0        30 100
17  59  48  54  -2  11   0    T    M    M 17.7 24  70   M    M   7 3      35  70
18  49  42  46 -11  19   0 0.50    M    M 16.5 25  30   M    M   9 1      33  20
19  63  38  51  -6  14   0 0.00    M    M 11.1 21  30   M    M   0        27  30
20  71  40  56  -1   9   0 0.00    M    M  5.8 14 240   M    M   0 8       M  M
21  74  43  59   1   6   0 0.00    M    M  6.4 13 150   M    M   0        20 150
22  79  52  66   8   0   1 0.00    M    M  6.6  9 120   M    M   1 1       M  M
23  81  61  71  13   0   6 0.00  0.0    0 11.8 17 160   M    M   3        23 120
24  87  62  75  16   0  10 0.00  0.0    0 10.3 18 190   M    M   2 13     24 190
================================================================================
SM 1668 1030       221  17  0.78     0.0 242.1          M       69
================================================================================
AV 69.5 42.9                              10.1 FASTST   M    M   3    MAX(MPH)
                                 MISC ---->  # 31 280               # 39  280
================================================================================
NOTES:
# LAST OF SEVERAL OCCURRENCES

COLUMN 17 PEAK WIND IN M.P.H.

PRELIMINARY LOCAL CLIMATOLOGICAL DATA (WS FORM: F-6) , PAGE 2

                                          STATION:  DEVILS LAKE ND
                                          MONTH:    MAY
                                          YEAR:     2018
                                          LATITUDE:   48  7 N
                                          LONGITUDE:  98 54 W

[TEMPERATURE DATA]      [PRECIPITATION DATA]       SYMBOLS USED IN COLUMN 16

AVERAGE MONTHLY: 56.2   TOTAL FOR MONTH:   0.78    1 = FOG OR MIST
DPTR FM NORMAL:   1.2   DPTR FM NORMAL:   -0.98    2 = FOG REDUCING VISIBILITY
HIGHEST:    87 ON 24    GRTST 24HR  0.50 ON 18-18      TO 1/4 MILE OR LESS
LOWEST:     25 ON 10, 2                            3 = THUNDER
                        SNOW, ICE PELLETS, HAIL    4 = ICE PELLETS
                        TOTAL MONTH:   0.0 INCH    5 = HAIL
                        GRTST 24HR     0.0         6 = FREEZING RAIN OR DRIZZLE
                        GRTST DEPTH:   0           7 = DUSTSTORM OR SANDSTORM:
                                                       VSBY 1/2 MILE OR LESS
                                                   8 = SMOKE OR HAZE
[NO. OF DAYS WITH]      [WEATHER - DAYS WITH]      9 = BLOWING SNOW
                                                   X = TORNADO
MAX 32 OR BELOW:   0    0.01 INCH OR MORE:   5
MAX 90 OR ABOVE:   0    0.10 INCH OR MORE:   2
MIN 32 OR BELOW:   3    0.50 INCH OR MORE:   1
MIN  0 OR BELOW:   0    1.00 INCH OR MORE:   0

[HDD (BASE 65) ]
TOTAL THIS MO.   221    CLEAR  (SCALE 0-3)  17
DPTR FM NORMAL   -33    PTCLDY (SCALE 4-7)   6
TOTAL FM JUL 1  9683    CLOUDY (SCALE 8-10)  1
DPTR FM NORMAL   582

[CDD (BASE 65) ]
TOTAL THIS MO.    17
DPTR FM NORMAL     5    [PRESSURE DATA]
TOTAL FM JAN 1    17    HIGHEST SLP M ON M
DPTR FM NORMAL     3    LOWEST  SLP M ON M

[REMARKS]
