000
CXUS55 KDVN 181100
CF6DVN
PRELIMINARY LOCAL CLIMATOLOGICAL DATA (WS FORM: F-6)

                                          STATION:   DAVENPORT IA
                                          MONTH:     FEBRUARY
                                          YEAR:      2019
                                          LATITUDE:   41 37 N
                                          LONGITUDE:  90 35 W

  TEMPERATURE IN F:       :PCPN:    SNOW:  WIND      :SUNSHINE: SKY     :PK WND
================================================================================
1   2   3   4   5  6A  6B    7    8   9   10  11  12  13   14  15   16   17  18
                                     12Z  AVG MX 2MIN
DY MAX MIN AVG DEP HDD CDD  WTR  SNW DPTH SPD SPD DIR MIN PSBL S-S WX    SPD DR
================================================================================

 1  16  -7   5 -17  60   0 0.00  0.0   12  7.7 14 160   M    M   2 18     18 160
 2  44  14  29   6  36   0 0.00  0.0   11 12.2 20 220   M    M   5 128    26 220
 3  47  40  44  21  21   0    T  0.0    5 12.8 18 180   M    M   8 1      26 170
 4  50  18  34  11  31   0 0.01  0.0    1 17.3 25 300   M    M   8 1      33 310
 5  32  16  24   1  41   0 0.72  0.3    T 10.0 23 100   M    M   6 13456  29 100
 6  32  30  31   8  34   0 0.01    T    0  6.9 14 350   M    M  10 16     17 310
 7  33   6  20  -4  45   0 0.67  0.2    0 19.8 38 280   M    M  10 1368   50 290
 8  11   1   6 -18  59   0    T    T    T 17.4 32 290   M    M   3 8      41 290
 9  24   3  14 -10  51   0 0.00  0.0    T 10.4 18 140   M    M   4        25 140
10  27  23  25   1  40   0 0.02  0.5    T  9.1 20 140   M    M  10 16     24 140
11  32  26  29   4  36   0 0.56  1.2    T 13.9 24 100   M    M  10 16     34  90
12  33  12  23  -2  42   0 0.14  0.8    1 20.2 37 280   M    M  10 12689  48 280
13  32   6  19  -6  46   0 0.00  0.0    1 12.8 25 280   M    M   1        34 280
14  45  10  28   2  37   0 0.00  0.0    1 18.4 36 300   M    M   1 8      45 310
15  13   2   8 -18  57   0 0.00  0.0    T 15.0 32 310   M    M   0        42 310
16  28   6  17  -9  48   0 0.00  0.0    T 10.9 25 110   M    M   4        35 110
17  27  21  24  -3  41   0 0.23  5.1    1 12.4 20  40   M    M  10 18     27  90
================================================================================
SM  526  227       725   0  2.36     8.1 227.2          M      102
================================================================================
AV 30.9 13.4                              13.4 FASTST   M    M   6    MAX(MPH)
                                 MISC ---->  # 38 280               # 50  290
================================================================================
NOTES:
# LAST OF SEVERAL OCCURRENCES

COLUMN 17 PEAK WIND IN M.P.H.

PRELIMINARY LOCAL CLIMATOLOGICAL DATA (WS FORM: F-6) , PAGE 2

                                          STATION:  DAVENPORT IA
                                          MONTH:    FEBRUARY
                                          YEAR:     2019
                                          LATITUDE:   41 37 N
                                          LONGITUDE:  90 35 W

[TEMPERATURE DATA]      [PRECIPITATION DATA]       SYMBOLS USED IN COLUMN 16

AVERAGE MONTHLY: 22.2   TOTAL FOR MONTH:   2.36    1 = FOG OR MIST
DPTR FM NORMAL:  -2.1   DPTR FM NORMAL:    1.62    2 = FOG REDUCING VISIBILITY
HIGHEST:    50 ON  4    GRTST 24HR  0.72 ON  5- 5      TO 1/4 MILE OR LESS
LOWEST:     -7 ON  1                               3 = THUNDER
                        SNOW, ICE PELLETS, HAIL    4 = ICE PELLETS
                        TOTAL MONTH:   8.1 INCHES  5 = HAIL
                        GRTST 24HR   5.1 ON 17-17  6 = FREEZING RAIN OR DRIZZLE
                        GRTST DEPTH:  12 ON  1     7 = DUSTSTORM OR SANDSTORM:
                                                       VSBY 1/2 MILE OR LESS
                                                   8 = SMOKE OR HAZE
[NO. OF DAYS WITH]      [WEATHER - DAYS WITH]      9 = BLOWING SNOW
                                                   X = TORNADO
MAX 32 OR BELOW:  11    0.01 INCH OR MORE:   8
MAX 90 OR ABOVE:   0    0.10 INCH OR MORE:   5
MIN 32 OR BELOW:  16    0.50 INCH OR MORE:   3
MIN  0 OR BELOW:   1    1.00 INCH OR MORE:   0

[HDD (BASE 65) ]
TOTAL THIS MO.   725    CLEAR  (SCALE 0-3)   5
DPTR FM NORMAL    33    PTCLDY (SCALE 4-7)   4
TOTAL FM JUL 1  4741    CLOUDY (SCALE 8-10)  8
DPTR FM NORMAL   113

[CDD (BASE 65) ]
TOTAL THIS MO.     0
DPTR FM NORMAL     0    [PRESSURE DATA]
TOTAL FM JAN 1     0    HIGHEST SLP M ON M
DPTR FM NORMAL     0    LOWEST  SLP 29.46 ON 14

[REMARKS]
