715
CXUS55 KDVN 241100
CF6DVN
PRELIMINARY LOCAL CLIMATOLOGICAL DATA (WS FORM: F-6)

                                          STATION:   DAVENPORT IA
                                          MONTH:     AUGUST
                                          YEAR:      2019
                                          LATITUDE:   41 37 N
                                          LONGITUDE:  90 35 W

  TEMPERATURE IN F:       :PCPN:    SNOW:  WIND      :SUNSHINE: SKY     :PK WND
================================================================================
1   2   3   4   5  6A  6B    7    8   9   10  11  12  13   14  15   16   17  18
                                     12Z  AVG MX 2MIN
DY MAX MIN AVG DEP HDD CDD  WTR  SNW DPTH SPD SPD DIR MIN PSBL S-S WX    SPD DR
================================================================================

 1  83  58  71  -2   0   6 0.00  0.0    0  4.9 12  70   M    M   0        16  20
 2  85  56  71  -2   0   6 0.00  0.0    0  5.4 13 100   M    M   0        20  50
 3  89  61  75   3   0  10 0.00  0.0    0  3.8 10 130   M    M   0        16  20
 4  89  62  76   4   0  11 0.00  0.0    0  2.3  8 290   M    M   0        13 290
 5  88  63  76   4   0  11 0.28  0.0    0  6.9 21 340   M    M   1 13     31 350
 6  86  64  75   3   0  10 0.07  0.0    0  5.9 10 340   M    M   3 13     17 340
 7  86  62  74   2   0   9 0.00  0.0    0  5.2 14 230   M    M   0 1      20 210
 8  85  61  73   1   0   8 0.00  0.0    0  6.8 16 310   M    M   1        23 330
 9  83  54  69  -3   0   4 0.00  0.0    0  5.0 13 300   M    M   0        20 240
10  85  61  73   1   0   8 0.00  0.0    0  4.7 10 110   M    M   0        15 110
11  84  67  76   4   0  11 0.53  0.0    0  6.5 17  40   M    M   6 123    24 190
12  78  71  75   3   0  10 0.18  0.0    0  6.0 17 100   M    M   8 12     22  90
13  84  69  77   5   0  12    T  0.0    0  6.9 14 290   M    M   6 1      21 300
14  78  63  71  -1   0   6 0.06  0.0    0  7.9 18 300   M    M   3 1      26 280
15  80  59  70  -2   0   5 0.00  0.0    0  3.8  9  40   M    M   1 1      13 220
16  83  63  73   1   0   8 0.00  0.0    0  6.4 15 260   M    M   4        21 260
17  84  65  75   4   0  10 0.16  0.0    0  5.7 12 220   M    M   3 138    18 240
18  83  65  74   3   0   9 0.33  0.0    0  6.3 22 320   M    M   4 13     32 330
19  87  67  77   6   0  12 0.00  0.0    0  4.7 10  60   M    M   4 1      13  60
20  83  68  76   5   0  11 0.67  0.0    0  4.5 23 350   M    M   3 13     29 350
21  80  64  72   1   0   7 0.02  0.0    0  5.6 21 280   M    M   4 123    34 280
22  80  59  70  -1   0   5 0.00  0.0    0  6.5 13  90   M    M   1        17  80
23  81  56  69  -1   0   4 0.00  0.0    0  9.2 15  60   M    M   0        21  90
================================================================================
SM 1924 1438         0 193  2.30     0.0 130.9          M       52
================================================================================
AV 83.7 62.5                               5.7 FASTST   M    M   2    MAX(MPH)
                                 MISC ---->  # 23 350               # 34  280
================================================================================
NOTES:
# LAST OF SEVERAL OCCURRENCES

COLUMN 17 PEAK WIND IN M.P.H.

PRELIMINARY LOCAL CLIMATOLOGICAL DATA (WS FORM: F-6) , PAGE 2

                                          STATION:  DAVENPORT IA
                                          MONTH:    AUGUST
                                          YEAR:     2019
                                          LATITUDE:   41 37 N
                                          LONGITUDE:  90 35 W

[TEMPERATURE DATA]      [PRECIPITATION DATA]       SYMBOLS USED IN COLUMN 16

AVERAGE MONTHLY: 73.1   TOTAL FOR MONTH:   2.30    1 = FOG OR MIST
DPTR FM NORMAL:   1.3   DPTR FM NORMAL:   -1.28    2 = FOG REDUCING VISIBILITY
HIGHEST:    89 ON  4, 3 GRTST 24HR  0.67 ON 20-20      TO 1/4 MILE OR LESS
LOWEST:     54 ON  9                               3 = THUNDER
                        SNOW, ICE PELLETS, HAIL    4 = ICE PELLETS
                        TOTAL MONTH:   0.0 INCH    5 = HAIL
                        GRTST 24HR     0.0         6 = FREEZING RAIN OR DRIZZLE
                        GRTST DEPTH:   0           7 = DUSTSTORM OR SANDSTORM:
                                                       VSBY 1/2 MILE OR LESS
                                                   8 = SMOKE OR HAZE
[NO. OF DAYS WITH]      [WEATHER - DAYS WITH]      9 = BLOWING SNOW
                                                   X = TORNADO
MAX 32 OR BELOW:   0    0.01 INCH OR MORE:   9
MAX 90 OR ABOVE:   0    0.10 INCH OR MORE:   6
MIN 32 OR BELOW:   0    0.50 INCH OR MORE:   2
MIN  0 OR BELOW:   0    1.00 INCH OR MORE:   0

[HDD (BASE 65) ]
TOTAL THIS MO.     0    CLEAR  (SCALE 0-3)  14
DPTR FM NORMAL     0    PTCLDY (SCALE 4-7)   8
TOTAL FM JUL 1     0    CLOUDY (SCALE 8-10)  1
DPTR FM NORMAL    -4

[CDD (BASE 65) ]
TOTAL THIS MO.   193
DPTR FM NORMAL    30    [PRESSURE DATA]
TOTAL FM JAN 1   827    HIGHEST SLP M ON M
DPTR FM NORMAL   163    LOWEST  SLP 29.72 ON 18

[REMARKS]
