000
CXUS55 KPSR 181005
CF6DVT
PRELIMINARY LOCAL CLIMATOLOGICAL DATA (WS FORM: F-6)

                                          STATION:   DEER VLY/PHOENIX AZ
                                          MONTH:     APRIL
                                          YEAR:      2019
                                          LATITUDE:   33 41 N
                                          LONGITUDE: 112  4 W

  TEMPERATURE IN F:       :PCPN:    SNOW:  WIND      :SUNSHINE: SKY     :PK WND
================================================================================
1   2   3   4   5  6A  6B    7    8   9   10  11  12  13   14  15   16   17  18
                                     12Z  AVG MX 2MIN
DY MAX MIN AVG DEP HDD CDD  WTR  SNW DPTH SPD SPD DIR MIN PSBL S-S WX    SPD DR
================================================================================

 1  81  53  67   1   0   2 0.00  0.0    0  6.0 13  30   M    M   0        16  70
 2  82  54  68   2   0   3 0.00  0.0    0  8.0 22 240   M    M   0        26 240
 3  75  57  66   0   0   1 0.00  0.0    0  6.9 15 220   M    M   0        20 220
 4  79  57  68   2   0   3 0.00  0.0    0  6.3 16 160   M    M   0        21 160
 5  78  52  65  -1   0   0 0.00  0.0    0  5.0 16 240   M    M   0        23 240
 6  78  60  69   2   0   4 0.00  0.0    0  4.7 15 250   M    M   2        19 270
 7  87  56  72   5   0   7 0.00  0.0    0  6.1 14 260   M    M   0        17 250
 8  94  60  77  10   0  12 0.00  0.0    0  4.3 13 250   M    M   0        17 240
 9  93  61  77   9   0  12 0.00  0.0    0 11.8 29 230   M    M   0        36 230
10  75  55  65  -3   0   0 0.00  0.0    0 16.0 35 280   M    M   0        47 270
11  75  50  63  -5   2   0 0.00  0.0    0 10.3 22 240   M    M   0        27 280
12  73  56  65  -3   0   0 0.00  0.0    0  7.1 28  10   M    M   7        35 360
13  77  50  64  -4   1   0 0.00  0.0    0  4.6 14 230   M    M   0        19 230
14  82  52  67  -2   0   2 0.00  0.0    0  4.4 14 250   M    M   0        18 270
15  84  56  70   1   0   5 0.00  0.0    0  6.1 22 250   M    M   0        26 240
16  78  58  68  -1   0   3 0.02  0.0    0  8.9 28 270   M    M   3        32 230
17  76  52  64  -6   1   0 0.01  0.0    0  5.4 16 200   M    M   2        22 200
================================================================================
SM 1367  939         4  54  0.03     0.0 121.9          M       14
================================================================================
AV 80.4 55.2                               7.2 FASTST   M    M   1    MAX(MPH)
                                 MISC ---->  # 35 280               # 47  270
================================================================================
NOTES:
# LAST OF SEVERAL OCCURRENCES

COLUMN 17 PEAK WIND IN M.P.H.

PRELIMINARY LOCAL CLIMATOLOGICAL DATA (WS FORM: F-6) , PAGE 2

                                          STATION:  DEER VLY/PHOENIX AZ
                                          MONTH:    APRIL
                                          YEAR:     2019
                                          LATITUDE:   33 41 N
                                          LONGITUDE: 112  4 W

[TEMPERATURE DATA]      [PRECIPITATION DATA]       SYMBOLS USED IN COLUMN 16

AVERAGE MONTHLY: 67.8   TOTAL FOR MONTH:   0.03    1 = FOG OR MIST
DPTR FM NORMAL:   0.3   DPTR FM NORMAL:   -0.31    2 = FOG REDUCING VISIBILITY
HIGHEST:    94 ON  8    GRTST 24HR  0.02 ON 16-16      TO 1/4 MILE OR LESS
LOWEST:     50 ON 13,11                            3 = THUNDER
                        SNOW, ICE PELLETS, HAIL    4 = ICE PELLETS
                        TOTAL MONTH:   0.0 INCH    5 = HAIL
                        GRTST 24HR     0.0         6 = FREEZING RAIN OR DRIZZLE
                        GRTST DEPTH:   0           7 = DUSTSTORM OR SANDSTORM:
                                                       VSBY 1/2 MILE OR LESS
                                                   8 = SMOKE OR HAZE
[NO. OF DAYS WITH]      [WEATHER - DAYS WITH]      9 = BLOWING SNOW
                                                   X = TORNADO
MAX 32 OR BELOW:   0    0.01 INCH OR MORE:   2
MAX 90 OR ABOVE:   2    0.10 INCH OR MORE:   0
MIN 32 OR BELOW:   0    0.50 INCH OR MORE:   0
MIN  0 OR BELOW:   0    1.00 INCH OR MORE:   0

[HDD (BASE 65) ]
TOTAL THIS MO.     4    CLEAR  (SCALE 0-3)  16
DPTR FM NORMAL   -23    PTCLDY (SCALE 4-7)   1
TOTAL FM JUL 1  1300    CLOUDY (SCALE 8-10)  0
DPTR FM NORMAL    19

[CDD (BASE 65) ]
TOTAL THIS MO.    54
DPTR FM NORMAL   -16    [PRESSURE DATA]
TOTAL FM JAN 1    90    HIGHEST SLP M ON M
DPTR FM NORMAL   -33    LOWEST  SLP 29.59 ON  9

[REMARKS]
