000
CXUS54 KHGX 251317
CF6DWH
PRELIMINARY LOCAL CLIMATOLOGICAL DATA (WS FORM: F-6)

                                          STATION:   HOUSTON/D.W._HOOKS
                                          MONTH:     APRIL
                                          YEAR:      2019
                                          LATITUDE:   30  4 N
                                          LONGITUDE:  95 33 W

  TEMPERATURE IN F:       :PCPN:    SNOW:  WIND      :SUNSHINE: SKY     :PK WND
================================================================================
1   2   3   4   5  6A  6B    7    8   9   10  11  12  13   14  15   16   17  18
                                     12Z  AVG MX 2MIN
DY MAX MIN AVG DEP HDD CDD  WTR  SNW DPTH SPD SPD DIR MIN PSBL S-S WX    SPD DR
================================================================================

 1  56  38  47 -17  18   0 0.00  0.0    0  3.9 10 350   M    M   4        14 360
 2  70  36  53 -11  12   0 0.00  0.0    0  2.6 13 100   M    M   0 1      17  40
 3  72  46  59  -6   6   0 0.09  0.0    0  8.4 22 120   M    M   8 13     29 120
 4  84  63  74   9   0   9 0.24  0.0    0  6.9 20 220   M    M   7 138    27 210
 5  82  66  74   9   0   9    T  0.0    0  5.3 16 110   M    M   7 18     20 110
 6  83  69  76  11   0  11 0.01  0.0    0  7.7 16 130   M    M   7 138    22 130
 7  73  62  68   2   0   3 1.32  0.0    0  6.0 28 240   M    M   8 13     37 240
 8  81  61  71   5   0   6 0.01  0.0    0  8.1 18 350   M    M   5 1      25 290
 9  88  57  73   7   0   8 0.00  0.0    0  2.5  8 250   M    M   0 1       M  M
10  88  58  73   7   0   8 0.00  0.0    0  8.4 21 200   M    M   0        28 200
11  78  63  71   4   0   6 0.03  0.0    0  5.5 15 200   M    M   4 1      24 150
12  73  60  67   0   0   2 0.08  0.0    0  8.7 17  90   M    M   5 1      22  80
13  83  49  66  -1   0   1 0.19  0.0    0 11.3 26 320   M    M   6 13     36 290
14  71  46  59  -9   6   0 0.00  0.0    0  8.1 26 290   M    M   2        36 290
15  79  46  63  -5   2   0 0.00  0.0    0  5.5 14 140   M    M   0        20 140
16  80  60  70   2   0   5 0.00  0.0    0  8.2 20 130   M    M   3        28 130
17  78  69  74   6   0   9 0.02  0.0    0  8.4 20 140   M    M  10 18     30 140
18  75  57  66  -2   0   1 2.16  0.0    M  8.7 28  60   M    M   7 13     35  60
19  72  51  62  -7   3   0 0.00  0.0    0 10.3 26 310   M    M   0        38 320
20  77  45  61  -8   4   0 0.00  0.0    0  2.7  9 190   M    M   0        14 200
21  81  53  67  -2   0   2 0.00  0.0    0  6.9 17 130   M    M   0        25 190
22  81  60  71   1   0   6 0.00  0.0    0  7.9 20 130   M    M   3        26 120
23  77  68  73   3   0   8    T  0.0    0  7.4 21 120   M    M   7 8      27 140
24  79  65  72   2   0   7 0.06  0.0    0  8.6 21 140   M    M   9 13     30 140
================================================================================
SM 1861 1348        51 101  4.21     0.0 168.0          M      102
================================================================================
AV 77.5 56.2                               7.0 FASTST   M    M   4    MAX(MPH)
                                 MISC ---->  # 28 240               # 38  320
================================================================================
NOTES:
# LAST OF SEVERAL OCCURRENCES

COLUMN 17 PEAK WIND IN M.P.H.

PRELIMINARY LOCAL CLIMATOLOGICAL DATA (WS FORM: F-6) , PAGE 2

                                          STATION:  HOUSTON/D.W._HOOKS
                                          MONTH:    APRIL
                                          YEAR:     2019
                                          LATITUDE:   30  4 N
                                          LONGITUDE:  95 33 W

[TEMPERATURE DATA]      [PRECIPITATION DATA]       SYMBOLS USED IN COLUMN 16

AVERAGE MONTHLY: 66.9   TOTAL FOR MONTH:   4.21    1 = FOG OR MIST
DPTR FM NORMAL:  -0.2   DPTR FM NORMAL:    1.49    2 = FOG REDUCING VISIBILITY
HIGHEST:    88 ON 10, 9 GRTST 24HR  2.16 ON 18-18      TO 1/4 MILE OR LESS
LOWEST:     36 ON  2                               3 = THUNDER
                        SNOW, ICE PELLETS, HAIL    4 = ICE PELLETS
                        TOTAL MONTH:   0.0 INCH    5 = HAIL
                        GRTST 24HR     0.0         6 = FREEZING RAIN OR DRIZZLE
                        GRTST DEPTH:   0           7 = DUSTSTORM OR SANDSTORM:
                                                       VSBY 1/2 MILE OR LESS
                                                   8 = SMOKE OR HAZE
[NO. OF DAYS WITH]      [WEATHER - DAYS WITH]      9 = BLOWING SNOW
                                                   X = TORNADO
MAX 32 OR BELOW:   0    0.01 INCH OR MORE:  11
MAX 90 OR ABOVE:   0    0.10 INCH OR MORE:   4
MIN 32 OR BELOW:   0    0.50 INCH OR MORE:   2
MIN  0 OR BELOW:   0    1.00 INCH OR MORE:   2

[HDD (BASE 65) ]
TOTAL THIS MO.    51    CLEAR  (SCALE 0-3)  10
DPTR FM NORMAL     4    PTCLDY (SCALE 4-7)  12
TOTAL FM JUL 1  1412    CLOUDY (SCALE 8-10)  2
DPTR FM NORMAL  -161

[CDD (BASE 65) ]
TOTAL THIS MO.   101
DPTR FM NORMAL     1    [PRESSURE DATA]
TOTAL FM JAN 1   209    HIGHEST SLP M ON M
DPTR FM NORMAL    32    LOWEST  SLP 29.48 ON 13

[REMARKS]
