000
CXUS54 KEWX 220910
CF6DZB
PRELIMINARY LOCAL CLIMATOLOGICAL DATA (WS FORM: F-6)

                                          STATION:   Horseshoe Bay
                                          MONTH:     APRIL
                                          YEAR:      2019
                                          LATITUDE:   30 31 N
                                          LONGITUDE:  98 22 W

  TEMPERATURE IN F:       :PCPN:    SNOW:  WIND      :SUNSHINE: SKY     :PK WND
================================================================================
1   2   3   4   5  6A  6B    7    8   9   10  11  12  13   14  15   16   17  18
                                     12Z  AVG MX 2MIN
DY MAX MIN AVG DEP HDD CDD  WTR  SNW DPTH SPD SPD DIR MIN PSBL S-S WX    SPD DR
================================================================================

 1  63  37  50   M  15   0 0.00    M    M  1.9  6 170   M    M   5         M  M
 2  74  39  57   M   8   0 0.00    M    M  6.4 12 150   M    M   0        18 150
 3  68  55  62   M   3   0 0.02    M    M  7.4 13 170   M    M   9 1      21 160
 4  90  57  74   M   0   9 0.00    M    M  5.3 10 170   M    M   4        16 240
 5  83  52  68   M   0   3 0.00    M    M  2.8 10 130   M    M   4 1       M  M
 6  74  64  69   M   0   4 0.64    M    M  2.3  7  80   M    M   8 13      M  M
 7  71  61  66   M   0   1 0.35    M    M  3.5 13 290   M    M   8 13     23 290
 8  85  56  71   M   0   6 0.00    M    M  5.4 13 330   M    M   0        18 330
 9  90  52  71   M   0   6 0.00    M    M  4.7 13 180   M    M   0        18 180
10  93  68  81   M   0  16 0.00    M    M 14.5 25 170   M    M   0        40 170
11  78  53  66   M   0   1 0.00    M    M  6.8 23 170   M    M   1        39 320
12  78  46  62   M   3   0 0.00    M    M  4.9 12 100   M    M   2        17 130
13  67  46  57   M   8   0 0.21    M    M 10.8 23 300   M    M   9 13     35 300
14  73  43  58   M   7   0 0.00    M    M  6.6 16 340   M    M   1 8      28 340
15  82  54  68   M   0   3 0.00    M    M  9.2 17 180   M    M   0        24 170
16  79  63  71   M   0   6 0.00    M    M 12.4 24 160   M    M   7        31 180
17  86  60  73   M   0   8 0.39    M    M  9.3 16 190   M    M   8 3      23 150
18  74  53  64   M   1   0 0.24    M    M  8.5 20 340   M    M   3 3      33 350
19  74  48  61   M   4   0 0.00    M    M  6.4 15 340   M    M   2        25 350
20  84  44  64   M   1   0 0.00    M    M  5.1 12 170   M    M   0        20 170
21  84  61  73   M   0   8 0.00    M    M 10.6 16 150   M    M   1        32 200
================================================================================
SM 1650 1112        50  71  1.85    M    144.8          M       72
================================================================================
AV 78.6 53.0                               6.9 FASTST   M    M   3    MAX(MPH)
                                 MISC ---->  # 25 170               # 40  170
================================================================================
NOTES:
# LAST OF SEVERAL OCCURRENCES

COLUMN 17 PEAK WIND IN M.P.H.

PRELIMINARY LOCAL CLIMATOLOGICAL DATA (WS FORM: F-6) , PAGE 2

                                          STATION:  Horseshoe Bay
                                          MONTH:    APRIL
                                          YEAR:     2019
                                          LATITUDE:   30 31 N
                                          LONGITUDE:  98 22 W

[TEMPERATURE DATA]      [PRECIPITATION DATA]       SYMBOLS USED IN COLUMN 16

AVERAGE MONTHLY: 65.8   TOTAL FOR MONTH:   1.85    1 = FOG OR MIST
DPTR FM NORMAL:     M   DPTR FM NORMAL:       M    2 = FOG REDUCING VISIBILITY
HIGHEST:    93 ON 10    GRTST 24HR  0.64 ON  6- 6      TO 1/4 MILE OR LESS
LOWEST:     37 ON  1                               3 = THUNDER
                        SNOW, ICE PELLETS, HAIL    4 = ICE PELLETS
                        TOTAL MONTH:    M          5 = HAIL
                        GRTST 24HR    M  ON   M    6 = FREEZING RAIN OR DRIZZLE
                        GRTST DEPTH:  M  ON   M    7 = DUSTSTORM OR SANDSTORM:
                                                       VSBY 1/2 MILE OR LESS
                                                   8 = SMOKE OR HAZE
[NO. OF DAYS WITH]      [WEATHER - DAYS WITH]      9 = BLOWING SNOW
                                                   X = TORNADO
MAX 32 OR BELOW:   0    0.01 INCH OR MORE:   6
MAX 90 OR ABOVE:   3    0.10 INCH OR MORE:   5
MIN 32 OR BELOW:   0    0.50 INCH OR MORE:   1
MIN  0 OR BELOW:   0    1.00 INCH OR MORE:   0

[HDD (BASE 65) ]
TOTAL THIS MO.    50    CLEAR  (SCALE 0-3)  11
DPTR FM NORMAL     M    PTCLDY (SCALE 4-7)   8
TOTAL FM JUL 1  1918    CLOUDY (SCALE 8-10)  2
DPTR FM NORMAL     M

[CDD (BASE 65) ]
TOTAL THIS MO.    71
DPTR FM NORMAL     M    [PRESSURE DATA]
TOTAL FM JAN 1   133    HIGHEST SLP M ON M
DPTR FM NORMAL     M    LOWEST  SLP M ON M

[REMARKS]
