000
CXUS56 KEKA 241230
CF6EKA
PRELIMINARY LOCAL CLIMATOLOGICAL DATA (WS FORM: F-6)

                                          STATION:   EUREKA CA
                                          MONTH:     AUGUST
                                          YEAR:      2019
                                          LATITUDE:   40 47 N
                                          LONGITUDE: 124 10 W

  TEMPERATURE IN F:       :PCPN:    SNOW:  WIND      :SUNSHINE: SKY     :PK WND
================================================================================
1   2   3   4   5  6A  6B    7    8   9   10  11  12  13   14  15   16   17  18
                                     12Z  AVG MX 2MIN
DY MAX MIN AVG DEP HDD CDD  WTR  SNW DPTH SPD SPD DIR MIN PSBL S-S WX    SPD DR
================================================================================

 1  69  53  61   3   4   0 0.00  0.0    0  3.1  8 340   M    M   5        12  20
 2  70  59  65   7   0   0 0.00  0.0    0  3.0  7 320   M    M   6 1       9 330
 3  69  59  64   6   1   0    T  0.0    0  4.3  9 300   M    M   9 18      9 300
 4  65  58  62   4   3   0 0.00  0.0    0  5.4  9 270   M    M  10 1      10  M
 5  67  57  62   3   3   0 0.00  0.0    0  5.5 12 360   M    M   8 1      13  M
 6  65  57  61   2   4   0    T  0.0    0  4.6  9 360   M    M  10 1      12  M
 7  64  58  61   2   4   0    T  0.0    0  5.0  8 340   M    M  10 1      12 340
 8  71  58  65   6   0   0 0.00  0.0    0  4.3 12 320   M    M   7        12  M
 9  71  55  63   4   2   0 0.11  0.0    0  3.6  9 340   M    M   5         9  M
10  69  57  63   4   2   0 0.05  0.0    0  2.8  9 310   M    M   5        13  M
11  69  52  61   2   4   0 0.00  0.0    0  4.6  8 360   M    M   2        12  M
12  71  56  64   5   1   0 0.00  0.0    0  3.6  7 350   M    M   5         9  M
13  71  56  64   5   1   0 0.00  0.0    0  4.8 10  20   M    M   5        15  M
14  69  58  64   5   1   0 0.00  0.0    0  5.0 12 340   M    M   2        17  M
15  69  57  63   4   2   0 0.00  0.0    0  4.3 10 360   M    M   4 1      10  M
16  67  52  60   1   5   0 0.00  0.0    0  6.0 12  10   M    M   1        25 350
17  66  51  59   0   6   0 0.00  0.0    0  4.8 12 320   M    M   1        15  M
18  63  53  58  -1   7   0 0.00  0.0    0  5.5 14 240   M    M   6 1      16  M
19  67  52  60   1   5   0 0.00  0.0    0  3.7  9 310   M    M   5 1      12  M
20  70  53  62   3   3   0 0.00  0.0    0  3.9 10 320   M    M   7 1      10  M
21  78  54  66   7   0   1 0.02  0.0    0  2.9 10 350   M    M   8 1      13  M
22  65  54  60   1   5   0    T  0.0    0  4.8  9  10   M    M   6 2      12  M
23  68  51  60   1   5   0 0.00  0.0    0  3.5  7  10   M    M   1        12  M
================================================================================
SM 1573 1270        68   1  0.18     0.0  99.0          M      128
================================================================================
AV 68.4 55.2                               4.3 FASTST   M    M   6    MAX(MPH)
                                 MISC ---->  # 14 240               # 25  350
================================================================================
NOTES:
# LAST OF SEVERAL OCCURRENCES

COLUMN 17 PEAK WIND IN M.P.H.

PRELIMINARY LOCAL CLIMATOLOGICAL DATA (WS FORM: F-6) , PAGE 2

                                          STATION:  EUREKA CA
                                          MONTH:    AUGUST
                                          YEAR:     2019
                                          LATITUDE:   40 47 N
                                          LONGITUDE: 124 10 W

[TEMPERATURE DATA]      [PRECIPITATION DATA]       SYMBOLS USED IN COLUMN 16

AVERAGE MONTHLY: 61.8   TOTAL FOR MONTH:   0.18    1 = FOG OR MIST
DPTR FM NORMAL:   3.0   DPTR FM NORMAL:   -0.02    2 = FOG REDUCING VISIBILITY
HIGHEST:    78 ON 21    GRTST 24HR  0.11 ON  9- 9      TO 1/4 MILE OR LESS
LOWEST:     51 ON 23,17                            3 = THUNDER
                        SNOW, ICE PELLETS, HAIL    4 = ICE PELLETS
                        TOTAL MONTH:   0.0 INCH    5 = HAIL
                        GRTST 24HR     0.0         6 = FREEZING RAIN OR DRIZZLE
                        GRTST DEPTH:   0           7 = DUSTSTORM OR SANDSTORM:
                                                       VSBY 1/2 MILE OR LESS
                                                   8 = SMOKE OR HAZE
[NO. OF DAYS WITH]      [WEATHER - DAYS WITH]      9 = BLOWING SNOW
                                                   X = TORNADO
MAX 32 OR BELOW:   0    0.01 INCH OR MORE:   3
MAX 90 OR ABOVE:   0    0.10 INCH OR MORE:   1
MIN 32 OR BELOW:   0    0.50 INCH OR MORE:   0
MIN  0 OR BELOW:   0    1.00 INCH OR MORE:   0

[HDD (BASE 65) ]
TOTAL THIS MO.    68    CLEAR  (SCALE 0-3)   5
DPTR FM NORMAL   -76    PTCLDY (SCALE 4-7)  13
TOTAL FM JUL 1   204    CLOUDY (SCALE 8-10)  5
DPTR FM NORMAL  -166

[CDD (BASE 65) ]
TOTAL THIS MO.     1
DPTR FM NORMAL     1    [PRESSURE DATA]
TOTAL FM JAN 1     8    HIGHEST SLP M ON M
DPTR FM NORMAL     8    LOWEST  SLP M ON M

[REMARKS]
