000
CXUS51 KRLX 231105
CF6EKN
PRELIMINARY LOCAL CLIMATOLOGICAL DATA (WS FORM: F-6)

                                          STATION:   ELKINS WV
                                          MONTH:     APRIL
                                          YEAR:      2019
                                          LATITUDE:   38 52 N
                                          LONGITUDE:  79 51 W

  TEMPERATURE IN F:       :PCPN:    SNOW:  WIND      :SUNSHINE: SKY     :PK WND
================================================================================
1   2   3   4   5  6A  6B    7    8   9   10  11  12  13   14  15   16   17  18
                                     12Z  AVG MX 2MIN
DY MAX MIN AVG DEP HDD CDD  WTR  SNW DPTH SPD SPD DIR MIN PSBL S-S WX    SPD DR
================================================================================

 1  44  22  33 -12  32   0 0.00  0.0    0  3.4 16 290   M    M   4        22 330
 2  56  23  40  -6  25   0 0.00  0.0    0  3.2 14 140   M    M   2        19 150
 3  61  30  46   0  19   0 0.00  0.0    0  8.7 24 280   M    M   1        33 250
 4  67  29  48   2  17   0 0.00  0.0    0  2.6 12 120   M    M   2        17 150
 5  56  49  53   7  12   0 0.02  0.0    0  7.4 20 160   M    M  10        27 170
 6  69  42  56   9   9   0 0.00  0.0    0  1.1 12 290   M    M   8        22 360
 7  77  37  57  10   8   0 0.10  0.0    0  5.1 17 200   M    M   4 1      22 210
 8  69  50  60  12   5   0 0.25  0.0    0  5.9 18 230   M    M   8 12     25 260
 9  71  38  55   7  10   0 0.00  0.0    0  6.8 21 300   M    M   6 12     30 320
10  65  33  49   1  16   0 0.00  0.0    0  3.4 17 300   M    M   0        21 260
11  80  37  59  11   6   0 0.00  0.0    0  7.6 18 170   M    M   0        25 180
12  75  54  65  16   0   0 0.63  0.0    0  9.1 23 270   M    M   4 18     36 150
13  73  48  61  12   4   0 0.00  0.0    0  0.8  9 170   M    M   4 1      13 160
14  72  50  61  12   4   0 0.88  0.0    0 12.2 29 270   M    M   4 13     43 180
15  56  36  46  -4  19   0 0.13    T    0 11.4 26 270   M    M   9        39 250
16  70  30  50   0  15   0    T  0.0    0  4.4 17 270   M    M   2        24 280
17  77  43  60  10   5   0    T  0.0    0  3.0 16 250   M    M   1        21 250
18  83  45  64  13   1   0 0.01  0.0    0  7.1 22 170   M    M   3        30 170
19  71  52  62  11   3   0 0.82  0.0    0  6.8 23 250   M    M   7 1      30 240
20  65  45  55   4  10   0 0.06  0.0    0  7.6 21 150   M    M   5 1      30 150
21  52  43  48  -3  17   0    T  0.0    0  2.9  9 310   M    M  10 1      12 260
22  68  43  56   4   9   0 0.00  0.0    0  3.5 13 310   M    M   5        19 310
================================================================================
SM 1477  879       246   0  2.90    T    124.0          M       99
================================================================================
AV 67.1 40.0                               5.6 FASTST   M    M   5    MAX(MPH)
                                 MISC ---->  # 29 270               # 43  180
================================================================================
NOTES:
# LAST OF SEVERAL OCCURRENCES

COLUMN 17 PEAK WIND IN M.P.H.

PRELIMINARY LOCAL CLIMATOLOGICAL DATA (WS FORM: F-6) , PAGE 2

                                          STATION:  ELKINS WV
                                          MONTH:    APRIL
                                          YEAR:     2019
                                          LATITUDE:   38 52 N
                                          LONGITUDE:  79 51 W

[TEMPERATURE DATA]      [PRECIPITATION DATA]       SYMBOLS USED IN COLUMN 16

AVERAGE MONTHLY: 53.6   TOTAL FOR MONTH:   2.90    1 = FOG OR MIST
DPTR FM NORMAL:   5.0   DPTR FM NORMAL:    0.14    2 = FOG REDUCING VISIBILITY
HIGHEST:    83 ON 18    GRTST 24HR  0.88 ON 14-14      TO 1/4 MILE OR LESS
LOWEST:     22 ON  1                               3 = THUNDER
                        SNOW, ICE PELLETS, HAIL    4 = ICE PELLETS
                        TOTAL MONTH:    T          5 = HAIL
                        GRTST 24HR    T  ON 15-15  6 = FREEZING RAIN OR DRIZZLE
                        GRTST DEPTH:   0           7 = DUSTSTORM OR SANDSTORM:
                                                       VSBY 1/2 MILE OR LESS
                                                   8 = SMOKE OR HAZE
[NO. OF DAYS WITH]      [WEATHER - DAYS WITH]      9 = BLOWING SNOW
                                                   X = TORNADO
MAX 32 OR BELOW:   0    0.01 INCH OR MORE:   9
MAX 90 OR ABOVE:   0    0.10 INCH OR MORE:   6
MIN 32 OR BELOW:   5    0.50 INCH OR MORE:   3
MIN  0 OR BELOW:   0    1.00 INCH OR MORE:   0

[HDD (BASE 65) ]
TOTAL THIS MO.   246    CLEAR  (SCALE 0-3)   7
DPTR FM NORMAL  -119    PTCLDY (SCALE 4-7)  12
TOTAL FM JUL 1  4923    CLOUDY (SCALE 8-10)  3
DPTR FM NORMAL  -543

[CDD (BASE 65) ]
TOTAL THIS MO.     0
DPTR FM NORMAL     0    [PRESSURE DATA]
TOTAL FM JAN 1     0    HIGHEST SLP M ON M
DPTR FM NORMAL     0    LOWEST  SLP 29.29 ON 14

[REMARKS]
