000
CXUS56 KLKN 181009
CF6EKO
PRELIMINARY LOCAL CLIMATOLOGICAL DATA (WS FORM: F-6)

                                          STATION:   ELKO AIRPORT NV
                                          MONTH:     FEBRUARY
                                          YEAR:      2019
                                          LATITUDE:   40 49 N
                                          LONGITUDE: 115 47 W

  TEMPERATURE IN F:       :PCPN:    SNOW:  WIND      :SUNSHINE: SKY     :PK WND
================================================================================
1   2   3   4   5  6A  6B    7    8   9   10  11  12  13   14  15   16   17  18
                                     12Z  AVG MX 2MIN
DY MAX MIN AVG DEP HDD CDD  WTR  SNW DPTH SPD SPD DIR MIN PSBL S-S WX    SPD DR
================================================================================

 1  50  22  36  10  29   0 0.00  0.0    T  7.0 24 170   M    M   0        34 170
 2  50  33  42  16  23   0 0.36  1.5    T 12.5 32 240   M    M   8 1      42 160
 3  39  29  34   7  31   0 0.28  1.4    1  5.6 17 190   M    M   9 1      23 210
 4  45  31  38  11  27   0 0.28  2.7    1 11.2 24 170   M    M   9 1      37 160
 5  45  15  30   3  35   0 0.08  1.0    3  5.7 31 240   M    M   5 18     41 200
 6  26  12  19  -8  46   0 0.02  0.2    3  6.0 17 260   M    M   8 18     21 240
 7  26   4  15 -13  50   0    T    T    3  3.7 10  70   M    M   1        15 120
 8  30   4  17 -11  48   0 0.00  0.0    2  5.2 10  50   M    M   6        15 130
 9  37  15  26  -2  39   0 0.04  0.7    2 10.5 26 180   M    M   9 128    36 170
10  33   5  19  -9  46   0 0.05  0.5    2 10.5 33 160   M    M   7 12     44 170
11  33   7  20  -9  45   0 0.00  0.0    3  7.5 17 250   M    M   3        21 210
12  36   6  21  -8  44   0 0.00  0.0    2  8.4 16  50   M    M   4        20 270
13  38  32  35   6  30   0 0.95  7.9    2 13.0 28 200   M    M  10 12     37 200
14  48  34  41  11  24   0 0.12  0.0    8 14.7 36 170   M    M   5 1      44 170
15  38  19  29  -1  36   0 0.02  0.7    3  7.7 25 280   M    M   7 1      30 260
16  31  17  24  -6  41   0 0.01  0.4    3  5.1 18 230   M    M   8 18     22 230
17  28  17  23  -7  42   0 0.04  0.7    3  4.7 10  20   M    M   8 128    12 200
================================================================================
SM  633  302       636   0  2.25    17.7 139.0          M      107
================================================================================
AV 37.2 17.8                               8.2 FASTST   M    M   6    MAX(MPH)
                                 MISC ---->  # 36 170               # 44  170
================================================================================
NOTES:
# LAST OF SEVERAL OCCURRENCES

COLUMN 17 PEAK WIND IN M.P.H.

PRELIMINARY LOCAL CLIMATOLOGICAL DATA (WS FORM: F-6) , PAGE 2

                                          STATION:  ELKO AIRPORT NV
                                          MONTH:    FEBRUARY
                                          YEAR:     2019
                                          LATITUDE:   40 49 N
                                          LONGITUDE: 115 47 W

[TEMPERATURE DATA]      [PRECIPITATION DATA]       SYMBOLS USED IN COLUMN 16

AVERAGE MONTHLY: 27.5   TOTAL FOR MONTH:   2.25    1 = FOG OR MIST
DPTR FM NORMAL:  -0.7   DPTR FM NORMAL:    1.75    2 = FOG REDUCING VISIBILITY
HIGHEST:    50 ON  2, 1 GRTST 24HR  0.95 ON 13-13      TO 1/4 MILE OR LESS
LOWEST:      4 ON  8, 7                            3 = THUNDER
                        SNOW, ICE PELLETS, HAIL    4 = ICE PELLETS
                        TOTAL MONTH:  17.7 INCHES  5 = HAIL
                        GRTST 24HR   7.9 ON 13-13  6 = FREEZING RAIN OR DRIZZLE
                        GRTST DEPTH:   8 ON 14     7 = DUSTSTORM OR SANDSTORM:
                                                       VSBY 1/2 MILE OR LESS
                                                   8 = SMOKE OR HAZE
[NO. OF DAYS WITH]      [WEATHER - DAYS WITH]      9 = BLOWING SNOW
                                                   X = TORNADO
MAX 32 OR BELOW:   5    0.01 INCH OR MORE:  12
MAX 90 OR ABOVE:   0    0.10 INCH OR MORE:   5
MIN 32 OR BELOW:  15    0.50 INCH OR MORE:   1
MIN  0 OR BELOW:   0    1.00 INCH OR MORE:   0

[HDD (BASE 65) ]
TOTAL THIS MO.   636    CLEAR  (SCALE 0-3)   2
DPTR FM NORMAL    10    PTCLDY (SCALE 4-7)  11
TOTAL FM JUL 1  4581    CLOUDY (SCALE 8-10)  4
DPTR FM NORMAL  -230

[CDD (BASE 65) ]
TOTAL THIS MO.     0
DPTR FM NORMAL     0    [PRESSURE DATA]
TOTAL FM JAN 1     0    HIGHEST SLP M ON M
DPTR FM NORMAL     0    LOWEST  SLP 29.32 ON 14

[REMARKS]
