000
CXUS56 KLKN 211009
CF6EKO
PRELIMINARY LOCAL CLIMATOLOGICAL DATA (WS FORM: F-6)

                                          STATION:   ELKO AIRPORT NV
                                          MONTH:     APRIL
                                          YEAR:      2019
                                          LATITUDE:   40 49 N
                                          LONGITUDE: 115 47 W

  TEMPERATURE IN F:       :PCPN:    SNOW:  WIND      :SUNSHINE: SKY     :PK WND
================================================================================
1   2   3   4   5  6A  6B    7    8   9   10  11  12  13   14  15   16   17  18
                                     12Z  AVG MX 2MIN
DY MAX MIN AVG DEP HDD CDD  WTR  SNW DPTH SPD SPD DIR MIN PSBL S-S WX    SPD DR
================================================================================

 1  58  25  42   0  23   0 0.00  0.0    0  3.5 18 210   M    M   5        25 220
 2  52  38  45   3  20   0 0.38  0.0    0  5.3 32 270   M    M   9 1      37 280
 3  58  40  49   7  16   0 0.01  0.0    0  5.5 15 250   M    M   6        20 200
 4  64  36  50   7  15   0 0.00  0.0    0  7.1 20 210   M    M   5        26 200
 5  55  39  47   4  18   0 0.06  0.0    0  7.1 25 290   M    M   9        30 280
 6  56  31  44   1  21   0 0.00  0.0    0  6.6 23 250   M    M   3 12     28 240
 7  67  40  54  11  11   0 0.00  0.0    0  8.6 25 220   M    M   2        31 220
 8  69  37  53  10  12   0 0.01  0.0    0  7.8 23 240   M    M   3        29 230
 9  55  34  45   1  20   0 0.09  0.1    0 12.3 30 320   M    M   8 18     37 310
10  48  34  41  -3  24   0    T    T    0 12.1 29 300   M    M   8        37 320
11  49  36  43  -1  22   0 0.02    T    0  9.7 22 300   M    M   9        26 280
12  52  32  42  -2  23   0 0.02  0.2    0  6.7 23 330   M    M   8        28 330
13  59  27  43  -1  22   0 0.00  0.0    0  4.6 17 250   M    M   1 1      27 250
14  61  35  48   3  17   0 0.01  0.0    0 10.9 32 270   M    M   8        37 270
15  62  43  53   8  12   0 0.07    T    0  5.9 21 210   M    M  10 3      29 220
16  55  33  44  -1  21   0    T    T    0  9.4 22 340   M    M   5        29 340
17  63  27  45   0  20   0 0.00  0.0    0  5.8 18 260   M    M   1 1      24 270
18  71  32  52   6  13   0 0.00  0.0    0  2.9  9 230   M    M   0 8      12 220
19  79  36  58  12   7   0 0.00  0.0    0  4.4 17 230   M    M   1        22 190
20  64  47  56  10   9   0    T  0.0    0  8.0 32 230   M    M   7        40 230
================================================================================
SM 1197  702       346   0  0.67     0.3 144.2          M      108
================================================================================
AV 59.9 35.1                               7.2 FASTST   M    M   5    MAX(MPH)
                                 MISC ---->  # 32 270               # 40  230
================================================================================
NOTES:
# LAST OF SEVERAL OCCURRENCES

COLUMN 17 PEAK WIND IN M.P.H.

PRELIMINARY LOCAL CLIMATOLOGICAL DATA (WS FORM: F-6) , PAGE 2

                                          STATION:  ELKO AIRPORT NV
                                          MONTH:    APRIL
                                          YEAR:     2019
                                          LATITUDE:   40 49 N
                                          LONGITUDE: 115 47 W

[TEMPERATURE DATA]      [PRECIPITATION DATA]       SYMBOLS USED IN COLUMN 16

AVERAGE MONTHLY: 47.5   TOTAL FOR MONTH:   0.67    1 = FOG OR MIST
DPTR FM NORMAL:   3.5   DPTR FM NORMAL:    0.03    2 = FOG REDUCING VISIBILITY
HIGHEST:    79 ON 19    GRTST 24HR  0.38 ON  2- 2      TO 1/4 MILE OR LESS
LOWEST:     25 ON  1                               3 = THUNDER
                        SNOW, ICE PELLETS, HAIL    4 = ICE PELLETS
                        TOTAL MONTH:   0.3 INCH    5 = HAIL
                        GRTST 24HR   0.2 ON 12-12  6 = FREEZING RAIN OR DRIZZLE
                        GRTST DEPTH:   0           7 = DUSTSTORM OR SANDSTORM:
                                                       VSBY 1/2 MILE OR LESS
                                                   8 = SMOKE OR HAZE
[NO. OF DAYS WITH]      [WEATHER - DAYS WITH]      9 = BLOWING SNOW
                                                   X = TORNADO
MAX 32 OR BELOW:   0    0.01 INCH OR MORE:   9
MAX 90 OR ABOVE:   0    0.10 INCH OR MORE:   1
MIN 32 OR BELOW:   6    0.50 INCH OR MORE:   0
MIN  0 OR BELOW:   0    1.00 INCH OR MORE:   0

[HDD (BASE 65) ]
TOTAL THIS MO.   346    CLEAR  (SCALE 0-3)   7
DPTR FM NORMAL   -74    PTCLDY (SCALE 4-7)   7
TOTAL FM JUL 1  6160    CLOUDY (SCALE 8-10)  6
DPTR FM NORMAL  -237

[CDD (BASE 65) ]
TOTAL THIS MO.     0
DPTR FM NORMAL     0    [PRESSURE DATA]
TOTAL FM JAN 1     0    HIGHEST SLP M ON M
DPTR FM NORMAL     0    LOWEST  SLP 29.54 ON 15

[REMARKS]
