000
CXUS54 KSHV 171500
CF6ELD
PRELIMINARY LOCAL CLIMATOLOGICAL DATA (WS FORM: F-6)

                                          STATION:   EL DORADO
                                          MONTH:     AUGUST
                                          YEAR:      2019
                                          LATITUDE:   33 13 N
                                          LONGITUDE:  92 49 W

  TEMPERATURE IN F:       :PCPN:    SNOW:  WIND      :SUNSHINE: SKY     :PK WND
================================================================================
1   2   3   4   5  6A  6B    7    8   9   10  11  12  13   14  15   16   17  18
                                     12Z  AVG MX 2MIN
DY MAX MIN AVG DEP HDD CDD  WTR  SNW DPTH SPD SPD DIR MIN PSBL S-S WX    SPD DR
================================================================================

 1  88  73  81  -1   0  16 0.00  0.0    0  1.8  7 320   M    M   1 1      10 340
 2  91  70  81  -1   0  16 0.00  0.0    0  2.2 12  60   M    M   0 18     13  60
 3  92  72  82   0   0  17 0.00  0.0    0  3.2 12  10   M    M   1 18     15 320
 4  91  71  81  -1   0  16 0.00  0.0    0  2.1 10 320   M    M   4 18     13 360
 5  95  70  83   1   0  18 0.00  0.0    0  1.5  9  50   M    M   0 18     13  20
 6  91  72  82   0   0  17 0.02  0.0    0  2.4 15 180   M    M   1 13     19 180
 7  95  73  84   2   0  19 0.08  0.0    0  4.0 12 220   M    M   1 138    15 230
 8  95  76  86   4   0  21 0.00  0.0    0  5.3 14  60   M    M   1 8      17  70
 9  93  77  85   3   0  20 0.00  0.0    0  3.5 12 220   M    M   1 18     16 220
10  90  76  83   1   0  18 0.03  0.0    0  2.7  9 300   M    M   1 18     13 220
11  98  75  87   5   0  22 0.00  0.0    0  1.8  9 280   M    M   2 18     12 250
12  97  76  87   5   0  22 0.00  0.0    0  2.9 12 200   M    M   1 18     18 210
13  99  76  88   6   0  23 0.00  0.0    0  3.2 12 290   M    M   1 18     15 300
14  95  74  85   3   0  20 0.00  0.0    0  3.8  9  10   M    M   1 18     13  40
15  96  68  82   0   0  17 0.00  0.0    0  2.8 12 100   M    M   0 18     18  80
16  97  67  82   0   0  17 0.00  0.0    0  2.7 10 150   M    M   0 18     14 150
================================================================================
SM 1503 1166         0 299  0.13     0.0  45.9          M       16
================================================================================
AV 93.9 72.9                               2.9 FASTST   M    M   1    MAX(MPH)
                                 MISC ---->  # 15 180               # 19  180
================================================================================
NOTES:
# LAST OF SEVERAL OCCURRENCES

COLUMN 17 PEAK WIND IN M.P.H.

PRELIMINARY LOCAL CLIMATOLOGICAL DATA (WS FORM: F-6) , PAGE 2

                                          STATION:  EL DORADO
                                          MONTH:    AUGUST
                                          YEAR:     2019
                                          LATITUDE:   33 13 N
                                          LONGITUDE:  92 49 W

[TEMPERATURE DATA]      [PRECIPITATION DATA]       SYMBOLS USED IN COLUMN 16

AVERAGE MONTHLY: 83.4   TOTAL FOR MONTH:   0.13    1 = FOG OR MIST
DPTR FM NORMAL:   1.4   DPTR FM NORMAL:   -1.53    2 = FOG REDUCING VISIBILITY
HIGHEST:    99 ON 13    GRTST 24HR  0.08 ON  7- 7      TO 1/4 MILE OR LESS
LOWEST:     67 ON 16                               3 = THUNDER
                        SNOW, ICE PELLETS, HAIL    4 = ICE PELLETS
                        TOTAL MONTH:   0.0 INCH    5 = HAIL
                        GRTST 24HR     0.0         6 = FREEZING RAIN OR DRIZZLE
                        GRTST DEPTH:   0           7 = DUSTSTORM OR SANDSTORM:
                                                       VSBY 1/2 MILE OR LESS
                                                   8 = SMOKE OR HAZE
[NO. OF DAYS WITH]      [WEATHER - DAYS WITH]      9 = BLOWING SNOW
                                                   X = TORNADO
MAX 32 OR BELOW:   0    0.01 INCH OR MORE:   3
MAX 90 OR ABOVE:  15    0.10 INCH OR MORE:   0
MIN 32 OR BELOW:   0    0.50 INCH OR MORE:   0
MIN  0 OR BELOW:   0    1.00 INCH OR MORE:   0

[HDD (BASE 65) ]
TOTAL THIS MO.     0    CLEAR  (SCALE 0-3)  15
DPTR FM NORMAL     0    PTCLDY (SCALE 4-7)   1
TOTAL FM JUL 1     0    CLOUDY (SCALE 8-10)  0
DPTR FM NORMAL     0

[CDD (BASE 65) ]
TOTAL THIS MO.   299
DPTR FM NORMAL    27    [PRESSURE DATA]
TOTAL FM JAN 1  1545    HIGHEST SLP M ON M
DPTR FM NORMAL    50    LOWEST  SLP 29.83 ON 12

[REMARKS]
