000
CXUS54 KEPZ 261200
CF6ELP
PRELIMINARY LOCAL CLIMATOLOGICAL DATA (WS FORM: F-6)

                                          STATION:   EL PASO
                                          MONTH:     APRIL
                                          YEAR:      2018
                                          LATITUDE:   31 47 N
                                          LONGITUDE: 106 24 W

  TEMPERATURE IN F:       :PCPN:    SNOW:  WIND      :SUNSHINE: SKY     :PK WND
================================================================================
1   2   3   4   5  6A  6B    7    8   9   10  11  12  13   14  15   16   17  18
                                     12Z  AVG MX 2MIN
DY MAX MIN AVG DEP HDD CDD  WTR  SNW DPTH SPD SPD DIR MIN PSBL S-S WX    SPD DR
================================================================================

 1  87  59  73  13   0   8 0.00  0.0    0 10.2 26 260   M    M   7        36 280
 2  83  59  71  10   0   6 0.00  0.0    0 16.1 35 260   M    M   2        41 250
 3  82  60  71  10   0   6 0.00  0.0    0 13.5 30 280   M    M   2        40 250
 4  80  46  63   2   2   0 0.00  0.0    0  5.2 15 160   M    M   2        19 110
 5  85  54  70   8   0   5 0.00  0.0    0  8.6 23 250   M    M   4        29 250
 6  86  62  74  12   0   9 0.00  0.0    0 14.1 28 300   M    M   6        34 240
 7  88  62  75  13   0  10 0.00  0.0    0 14.7 28 250   M    M   5        38 270
 8  89  66  78  16   0  13 0.00  0.0    0 16.1 37 290   M    M   2        46 280
 9  85  63  74  11   0   9 0.00  0.0    0  8.6 32 290   M    M   5        40 300
10  84  53  69   6   0   4 0.00  0.0    0  5.5 15  70   M    M   2        18  70
11  94  58  76  13   0  11 0.00  0.0    0 11.1 29 260   M    M   4 8      34 270
12  90  68  79  15   0  14 0.00  0.0    0 23.7 41 250   M    M   3 7      53 230
13  73  54  64   0   1   0 0.00  0.0    0 25.9 45 260   M    M   1 7      55 290
14  70  49  60  -4   5   0 0.00  0.0    0  8.3 18 330   M    M   1        30 330
15  80  46  63  -1   2   0 0.00  0.0    0  4.2 12 160   M    M   0        16 140
16  89  50  70   5   0   5 0.00  0.0    0 10.2 26 260   M    M   4        33 280
17  87  66  77  12   0  12 0.00  0.0    0 21.6 38 240   M    M   4        46 260
18  82  56  69   4   0   4 0.00  0.0    0  9.8 18 110   M    M   3        23 100
19  84  57  71   5   0   6    T  0.0    0 13.3 28 110   M    M   4 3      34 110
20  78  61  70   4   0   5 0.00  0.0    0 18.4 36 280   M    M   1        46 270
21  78  51  65  -1   0   0 0.00  0.0    0  9.5 28 310   M    M   3        34 310
22  77  53  65  -2   0   0    T  0.0    0  5.6 23 170   M    M   6        30 170
23  88  55  72   5   0   7 0.00  0.0    0  3.4 13 200   M    M   3        17 220
24  93  55  74   7   0   9 0.00  0.0    0  5.9 20  80   M    M   5        26 180
25  75  53  64  -4   1   0 0.00  0.0    0 10.5 22  80   M    M   4        27  90
================================================================================
SM 2087 1416        11 143    T      0.0 294.0          M       83
================================================================================
AV 83.5 56.6                              11.8 FASTST   M    M   3    MAX(MPH)
                                 MISC ---->  # 45 260               # 55  290
================================================================================
NOTES:
# LAST OF SEVERAL OCCURRENCES

COLUMN 17 PEAK WIND IN M.P.H.

PRELIMINARY LOCAL CLIMATOLOGICAL DATA (WS FORM: F-6) , PAGE 2

                                          STATION:  EL PASO
                                          MONTH:    APRIL
                                          YEAR:     2018
                                          LATITUDE:   31 47 N
                                          LONGITUDE: 106 24 W

[TEMPERATURE DATA]      [PRECIPITATION DATA]       SYMBOLS USED IN COLUMN 16

AVERAGE MONTHLY: 70.1   TOTAL FOR MONTH:      T    1 = FOG OR MIST
DPTR FM NORMAL:   6.1   DPTR FM NORMAL:   -0.19    2 = FOG REDUCING VISIBILITY
HIGHEST:    94 ON 11    GRTST 24HR    T  ON 22-22      TO 1/4 MILE OR LESS
LOWEST:     46 ON 15, 4                            3 = THUNDER
                        SNOW, ICE PELLETS, HAIL    4 = ICE PELLETS
                        TOTAL MONTH:   0.0 INCH    5 = HAIL
                        GRTST 24HR     0.0         6 = FREEZING RAIN OR DRIZZLE
                        GRTST DEPTH:   0           7 = DUSTSTORM OR SANDSTORM:
                                                       VSBY 1/2 MILE OR LESS
                                                   8 = SMOKE OR HAZE
[NO. OF DAYS WITH]      [WEATHER - DAYS WITH]      9 = BLOWING SNOW
                                                   X = TORNADO
MAX 32 OR BELOW:   0    0.01 INCH OR MORE:   0
MAX 90 OR ABOVE:   3    0.10 INCH OR MORE:   0
MIN 32 OR BELOW:   0    0.50 INCH OR MORE:   0
MIN  0 OR BELOW:   0    1.00 INCH OR MORE:   0

[HDD (BASE 65) ]
TOTAL THIS MO.    11    CLEAR  (SCALE 0-3)  12
DPTR FM NORMAL   -75    PTCLDY (SCALE 4-7)  13
TOTAL FM JUL 1  1643    CLOUDY (SCALE 8-10)  0
DPTR FM NORMAL  -816

[CDD (BASE 65) ]
TOTAL THIS MO.   143
DPTR FM NORMAL    85    [PRESSURE DATA]
TOTAL FM JAN 1   180    HIGHEST SLP M ON M
DPTR FM NORMAL   112    LOWEST  SLP 29.48 ON 12

[REMARKS]
