000
CXUS56 KOTX 180900
CF6EPH
PRELIMINARY LOCAL CLIMATOLOGICAL DATA (WS FORM: F-6)

                                          STATION:   EPHRATA WA AIRPORT
                                          MONTH:     APRIL
                                          YEAR:      2019
                                          LATITUDE:   47 18 N
                                          LONGITUDE: 119 31 W

  TEMPERATURE IN F:       :PCPN:    SNOW:  WIND      :SUNSHINE: SKY     :PK WND
================================================================================
1   2   3   4   5  6A  6B    7    8   9   10  11  12  13   14  15   16   17  18
                                     12Z  AVG MX 2MIN
DY MAX MIN AVG DEP HDD CDD  WTR  SNW DPTH SPD SPD DIR MIN PSBL S-S WX    SPD DR
================================================================================

 1  67  39  53   6  12   0 0.00    M    M  7.2 14  20   M    M   0        17  60
 2  68  40  54   6  11   0 0.00    M    M  8.1 17  50   M    M   2        21  40
 3  68  45  57   9   8   0    T    M    M 10.6 22 220   M    M   6        28 210
 4  61  41  51   3  14   0 0.00    M    M  5.5 16 280   M    M   2        20 180
 5  62  37  50   2  15   0 0.07    M    M  7.7 29 220   M    M   7 1      37 220
 6  57  32  45  -3  20   0 0.04    M    M  6.6 24 210   M    M   5 1      29 210
 7  59  42  51   3  14   0 0.24    M    M  7.1 16 220   M    M   5 1      20 240
 8  53  42  48  -1  17   0 0.09    M    M  4.9 12 210   M    M   8 1      13 360
 9  65  45  55   6  10   0 0.04    M    M 14.8 31 310   M    M   4 1      39 310
10  60  45  53   4  12   0 0.00    M    M 15.6 28 310   M    M   4        34 310
11  58  44  51   2  14   0    T    M    M  5.2 18 310   M    M   9        22 320
12  57  43  50   1  15   0 0.12    M    M  4.3 18 230   M    M   7 1      21 240
13  54  39  47  -3  18   0 0.05    M    M 10.1 24 190   M    M   6 1      30 190
14  55  36  46  -4  19   0 0.00    M    M  9.9 20 230   M    M   1        23 260
15  57  30  44  -6  21   0 0.00    M    M  5.9 10  10   M    M   3        14 150
16  61  40  51   1  14   0 0.00    M    M  7.5 17 210   M    M   5        22 190
17  68  39  54   4  11   0 0.00    M    M 10.2 21 300   M    M   1        26 300
================================================================================
SM 1030  679       245   0  0.65    M    141.2          M       75
================================================================================
AV 60.6 39.9                               8.3 FASTST   M    M   4    MAX(MPH)
                                 MISC ---->  # 31 310               # 39  310
================================================================================
NOTES:
# LAST OF SEVERAL OCCURRENCES

COLUMN 17 PEAK WIND IN M.P.H.

PRELIMINARY LOCAL CLIMATOLOGICAL DATA (WS FORM: F-6) , PAGE 2

                                          STATION:  EPHRATA WA AIRPORT
                                          MONTH:    APRIL
                                          YEAR:     2019
                                          LATITUDE:   47 18 N
                                          LONGITUDE: 119 31 W

[TEMPERATURE DATA]      [PRECIPITATION DATA]       SYMBOLS USED IN COLUMN 16

AVERAGE MONTHLY: 50.3   TOTAL FOR MONTH:   0.65    1 = FOG OR MIST
DPTR FM NORMAL:   1.4   DPTR FM NORMAL:    0.36    2 = FOG REDUCING VISIBILITY
HIGHEST:    68 ON 17, 3 GRTST 24HR  0.24 ON  7- 7      TO 1/4 MILE OR LESS
LOWEST:     30 ON 15                               3 = THUNDER
                        SNOW, ICE PELLETS, HAIL    4 = ICE PELLETS
                        TOTAL MONTH:    M          5 = HAIL
                        GRTST 24HR    M  ON   M    6 = FREEZING RAIN OR DRIZZLE
                        GRTST DEPTH:  M  ON   M    7 = DUSTSTORM OR SANDSTORM:
                                                       VSBY 1/2 MILE OR LESS
                                                   8 = SMOKE OR HAZE
[NO. OF DAYS WITH]      [WEATHER - DAYS WITH]      9 = BLOWING SNOW
                                                   X = TORNADO
MAX 32 OR BELOW:   0    0.01 INCH OR MORE:   7
MAX 90 OR ABOVE:   0    0.10 INCH OR MORE:   2
MIN 32 OR BELOW:   2    0.50 INCH OR MORE:   0
MIN  0 OR BELOW:   0    1.00 INCH OR MORE:   0

[HDD (BASE 65) ]
TOTAL THIS MO.   245    CLEAR  (SCALE 0-3)   6
DPTR FM NORMAL   -29    PTCLDY (SCALE 4-7)  10
TOTAL FM JUL 1  5511    CLOUDY (SCALE 8-10)  1
DPTR FM NORMAL   -20

[CDD (BASE 65) ]
TOTAL THIS MO.     0
DPTR FM NORMAL     0    [PRESSURE DATA]
TOTAL FM JAN 1     0    HIGHEST SLP M ON M
DPTR FM NORMAL     0    LOWEST  SLP 29.65 ON  5

[REMARKS]
