000
CXUS53 KDMX 200920
CF6EST
PRELIMINARY LOCAL CLIMATOLOGICAL DATA (WS FORM: F-6)

                                          STATION:   ESTHERVILLE IA
                                          MONTH:     FEBRUARY
                                          YEAR:      2019
                                          LATITUDE:   43 24 N
                                          LONGITUDE:  94 45 W

  TEMPERATURE IN F:       :PCPN:    SNOW:  WIND      :SUNSHINE: SKY     :PK WND
================================================================================
1   2   3   4   5  6A  6B    7    8   9   10  11  12  13   14  15   16   17  18
                                     12Z  AVG MX 2MIN
DY MAX MIN AVG DEP HDD CDD  WTR  SNW DPTH SPD SPD DIR MIN PSBL S-S WX    SPD DR
================================================================================

 1  22  -5   9  -8  56   0 0.00  0.0    M 15.3 25 170   M    M   1 1      31 170
 2  41  20  31  14  34   0 0.00  0.0    M 14.6 22 200   M    M   5 1      30 220
 3  41  21  31  14  34   0    T    M    M 11.0 21 210   M    M  10 126    29 210
 4  22  -3  10  -8  55   0    M    M    M 22.4 33 310   M    M   5 16     42 300
 5   6  -4   1 -17  64   0 0.11    M    M 12.5 18 360   M    M   7 12     24 360
 6   8   4   6 -12  59   0    M    M    M 14.0 18 330   M    M  10 1      24 350
 7   5  -6   0 -18  65   0    M    M    M 26.7 41 300   M    M  10 12     53 290
 8   1 -11  -5 -23  70   0    T    M    M 12.5 31 300   M    M   3 18     39 290
 9  13  -8   3 -16  62   0 0.00  0.0    M 12.7 29 130   M    M   3 8      33 150
10  21  12  17  -2  48   0    M    M    M  9.8 15 360   M    M  10 12     18  10
11  24  14  19   0  46   0    M    M    M 11.3 20 100   M    M  10 1      25 110
12  21   0  11  -9  54   0    M    M    M 20.5 35 290   M    M   7 18     42 290
13  21  -3   9 -11  56   0 0.00  0.0    0 13.8 23 150   M    M   1        29 140
14  23  -3  10 -10  55   0    T    M    0 19.7 39 320   M    M   6 128    49 320
15   8  -8   0 -20  65   0 0.00  0.0    0 12.4 24 320   M    M   0 18     31 320
16  18  -6   6 -15  59   0    T    M    0  8.6 17  80   M    M   8 1      21  80
17  20  14  17  -4  48   0 0.03    M    0 13.5 18  40   M    M  10 1      22  40
18  16 -14   1 -20  64   0    T    M    M  7.7 15 330   M    M   0 128    18 340
19  15 -16   0 -22  65   0 0.01    M    M  7.2 18 120   M    M   6 128    22 120
================================================================================
SM  346   -2      1059   0  0.15     0.0 266.2          M      112
================================================================================
AV 18.2 -0.1                              14.0 FASTST   M    M   6    MAX(MPH)
                                 MISC ---->  # 41 300               # 53  290
================================================================================
NOTES:
# LAST OF SEVERAL OCCURRENCES

COLUMN 17 PEAK WIND IN M.P.H.

PRELIMINARY LOCAL CLIMATOLOGICAL DATA (WS FORM: F-6) , PAGE 2

                                          STATION:  ESTHERVILLE IA
                                          MONTH:    FEBRUARY
                                          YEAR:     2019
                                          LATITUDE:   43 24 N
                                          LONGITUDE:  94 45 W

[TEMPERATURE DATA]      [PRECIPITATION DATA]       SYMBOLS USED IN COLUMN 16

AVERAGE MONTHLY:  9.1   TOTAL FOR MONTH:   0.15    1 = FOG OR MIST
DPTR FM NORMAL: -10.1   DPTR FM NORMAL:   -0.09    2 = FOG REDUCING VISIBILITY
HIGHEST:    41 ON  3, 2 GRTST 24HR  0.11 ON  5- 5      TO 1/4 MILE OR LESS
LOWEST:    -16 ON 19                               3 = THUNDER
                        SNOW, ICE PELLETS, HAIL    4 = ICE PELLETS
                        TOTAL MONTH:   0.0 INCH    5 = HAIL
                        GRTST 24HR     0.0         6 = FREEZING RAIN OR DRIZZLE
                        GRTST DEPTH:   0           7 = DUSTSTORM OR SANDSTORM:
                                                       VSBY 1/2 MILE OR LESS
                                                   8 = SMOKE OR HAZE
[NO. OF DAYS WITH]      [WEATHER - DAYS WITH]      9 = BLOWING SNOW
                                                   X = TORNADO
MAX 32 OR BELOW:  17    0.01 INCH OR MORE:   3
MAX 90 OR ABOVE:   0    0.10 INCH OR MORE:   1
MIN 32 OR BELOW:  19    0.50 INCH OR MORE:   0
MIN  0 OR BELOW:  13    1.00 INCH OR MORE:   0

[HDD (BASE 65) ]
TOTAL THIS MO.  1059    CLEAR  (SCALE 0-3)   6
DPTR FM NORMAL   185    PTCLDY (SCALE 4-7)   7
TOTAL FM JUL 1  5992    CLOUDY (SCALE 8-10)  6
DPTR FM NORMAL   447

[CDD (BASE 65) ]
TOTAL THIS MO.     0
DPTR FM NORMAL     0    [PRESSURE DATA]
TOTAL FM JAN 1     0    HIGHEST SLP M ON M
DPTR FM NORMAL     0    LOWEST  SLP 29.49 ON 14

[REMARKS]
