000
CXUS56 KPQR 241200
CF6EUG
PRELIMINARY LOCAL CLIMATOLOGICAL DATA (WS FORM: F-6)

                                          STATION:   EUGENE OR
                                          MONTH:     APRIL
                                          YEAR:      2019
                                          LATITUDE:   44  7 N
                                          LONGITUDE: 123 13 W

  TEMPERATURE IN F:       :PCPN:    SNOW:  WIND      :SUNSHINE: SKY     :PK WND
================================================================================
1   2   3   4   5  6A  6B    7    8   9   10  11  12  13   14  15   16   17  18
                                     12Z  AVG MX 2MIN
DY MAX MIN AVG DEP HDD CDD  WTR  SNW DPTH SPD SPD DIR MIN PSBL S-S WX    SPD DR
================================================================================

 1  57  50  54   6  11   0 0.68  0.0    0  4.8 10 190   M    M  10 1      12 210
 2  62  53  58  10   7   0 0.52  0.0    0  2.3 12 320   M    M  10 18     13 320
 3  61  51  56   7   9   0 0.06  0.0    0  7.3 17 240   M    M   9 1      24 180
 4  61  48  55   6  10   0 0.47  0.0    0  4.6 15 130   M    M  10 13     18 140
 5  58  44  51   2  14   0 0.33  0.0    0  9.0 24 210   M    M   8 1      32 260
 6  57  46  52   3  13   0 1.23  0.0    0  7.6 25 200   M    M  10 1      29 250
 7  55  49  52   3  13   0 2.34  0.0    0  7.8 18 190   M    M  10 1      24 100
 8  58  48  53   4  12   0 0.75  0.0    0  6.7 24 160   M    M   9 1      25 160
 9  58  42  50   1  15   0 0.02  0.0    0  8.7 22 280   M    M   8        27 270
10  54  46  50   1  15   0 0.02  0.0    0  8.8 16 240   M    M  10        21 250
11  52  47  50   1  15   0 0.06  0.0    0  9.6 20 190   M    M   9 1      23 180
12  61  44  53   3  12   0 0.00  0.0    0  5.1 12 260   M    M   6        14 250
13  52  42  47  -3  18   0 0.12  0.0    0  6.8 15 190   M    M  10 1      18 190
14  54  38  46  -4  19   0    T  0.0    0  5.1 13 240   M    M   7        16 250
15  50  37  44  -6  21   0 0.26  0.0    0  3.0  9  50   M    M   8 1      23 270
16  61  45  53   3  12   0 0.01  0.0    0  8.6 17 270   M    M   9 1      44 210
17  68  49  59   9   6   0 0.00  0.0    0  4.4  8 210   M    M   7        15 120
18  80  45  63  13   2   0 0.00  0.0    0  3.6 10  20   M    M   3 1      13 160
19  71  46  59   9   6   0 0.33  0.0    0  5.9 17  10   M    M   6 1      20 360
20  61  45  53   2  12   0 0.14  0.0    0  6.9 15 290   M    M   9 1      18 280
21  63  44  54   3  11   0 0.00  0.0    0  4.8 12  30   M    M   8        15  30
22  72  41  57   6   8   0 0.00  0.0    0  4.1  9 350   M    M   6 1      11 350
23  69  49  59   8   6   0    T  0.0    0  6.4 14  40   M    M   9        16  30
================================================================================
SM 1395 1049       267   0  7.34     0.0 141.9          M      191
================================================================================
AV 60.7 45.6                               6.2 FASTST   M    M   8    MAX(MPH)
                                 MISC ---->  # 25 200               # 44  210
================================================================================
NOTES:
# LAST OF SEVERAL OCCURRENCES

COLUMN 17 PEAK WIND IN M.P.H.

PRELIMINARY LOCAL CLIMATOLOGICAL DATA (WS FORM: F-6) , PAGE 2

                                          STATION:  EUGENE OR
                                          MONTH:    APRIL
                                          YEAR:     2019
                                          LATITUDE:   44  7 N
                                          LONGITUDE: 123 13 W

[TEMPERATURE DATA]      [PRECIPITATION DATA]       SYMBOLS USED IN COLUMN 16

AVERAGE MONTHLY: 53.1   TOTAL FOR MONTH:   7.34    1 = FOG OR MIST
DPTR FM NORMAL:   3.5   DPTR FM NORMAL:    4.63    2 = FOG REDUCING VISIBILITY
HIGHEST:    80 ON 18    GRTST 24HR  2.34 ON  7- 7      TO 1/4 MILE OR LESS
LOWEST:     37 ON 15                               3 = THUNDER
                        SNOW, ICE PELLETS, HAIL    4 = ICE PELLETS
                        TOTAL MONTH:   0.0 INCH    5 = HAIL
                        GRTST 24HR     0.0         6 = FREEZING RAIN OR DRIZZLE
                        GRTST DEPTH:   0           7 = DUSTSTORM OR SANDSTORM:
                                                       VSBY 1/2 MILE OR LESS
                                                   8 = SMOKE OR HAZE
[NO. OF DAYS WITH]      [WEATHER - DAYS WITH]      9 = BLOWING SNOW
                                                   X = TORNADO
MAX 32 OR BELOW:   0    0.01 INCH OR MORE:  16
MAX 90 OR ABOVE:   0    0.10 INCH OR MORE:  11
MIN 32 OR BELOW:   0    0.50 INCH OR MORE:   5
MIN  0 OR BELOW:   0    1.00 INCH OR MORE:   2

[HDD (BASE 65) ]
TOTAL THIS MO.   267    CLEAR  (SCALE 0-3)   0
DPTR FM NORMAL   -86    PTCLDY (SCALE 4-7)   9
TOTAL FM JUL 1  4048    CLOUDY (SCALE 8-10) 14
DPTR FM NORMAL  -201

[CDD (BASE 65) ]
TOTAL THIS MO.     0
DPTR FM NORMAL     0    [PRESSURE DATA]
TOTAL FM JAN 1     0    HIGHEST SLP M ON M
DPTR FM NORMAL     0    LOWEST  SLP 29.66 ON  5

[REMARKS]
