000
CXUS53 KPAH 240630
CF6EVV
PRELIMINARY LOCAL CLIMATOLOGICAL DATA (WS FORM: F-6)

                                          STATION:   EVANSVILLE IN
                                          MONTH:     APRIL
                                          YEAR:      2019
                                          LATITUDE:   38  2 N
                                          LONGITUDE:  87 32 W

  TEMPERATURE IN F:       :PCPN:    SNOW:  WIND      :SUNSHINE: SKY     :PK WND
================================================================================
1   2   3   4   5  6A  6B    7    8   9   10  11  12  13   14  15   16   17  18
                                     12Z  AVG MX 2MIN
DY MAX MIN AVG DEP HDD CDD  WTR  SNW DPTH SPD SPD DIR MIN PSBL S-S WX    SPD DR
================================================================================

 1  50  27  39 -12  26   0 0.00  0.0    0  2.6 14  90   M    M   0        19 120
 2  59  33  46  -6  19   0 0.00  0.0    0  5.5 20 240   M    M   0 8      27 240
 3  65  37  51  -1  14   0 0.00  0.0    0  3.7  8  90   M    M   1        13  90
 4  70  47  59   7   6   0 0.25  0.0    0  6.1 21 230   M    M   5 1      26 220
 5  63  52  58   5   7   0 0.01  0.0    0  3.5 12 260   M    M  10 1      15 260
 6  70  46  58   5   7   0 0.00  0.0    0  2.9 10 140   M    M   3 12     16 160
 7  69  57  63  10   2   0 0.19  0.0    0  9.3 22 210   M    M   7 13     32 210
 8  74  58  66  12   0   1 0.02  0.0    0  3.8 12 220   M    M   4 1      17 230
 9  73  50  62   8   3   0 0.00  0.0    0  6.6 17 360   M    M   0 1      26  10
10  77  46  62   8   3   0 0.00  0.0    0  6.0 15 140   M    M   1        21 120
11  83  64  74  19   0   9 0.00  0.0    0 11.6 30 200   M    M   1        44 190
12  74  46  60   5   5   0 0.50  0.0    0  9.1 25 250   M    M   3 13     37 250
13  65  44  55   0  10   0 0.80  0.0    0  8.3 18  30   M    M   4 1      28  20
14  68  35  52  -4  13   0 0.34  0.0    0 11.2 30 220   M    M   9 13     40 220
15  58  33  46 -10  19   0 0.00  0.0    0  5.4 13 340   M    M   0        19 320
16  77  45  61   5   4   0 0.00  0.0    0 11.1 26 210   M    M   0        38 210
17  80  53  67  10   0   2 0.00  0.0    0 10.4 22 190   M    M   3        30 210
18  69  48  59   2   6   0 0.80  0.0    0 11.3 18 340   M    M   9 13     29 350
19  48  43  46 -11  19   0 0.81  0.0    0 13.9 24 340   M    M  10 1      34 360
20  64  40  52  -6  13   0 0.18  0.0    0  8.2 23 330   M    M   7 1      36 330
21  73  35  54  -4  11   0 0.00  0.0    0  2.6 12 150   M    M   0 12     14 180
22  79  48  64   6   1   0 0.00  0.0    0  7.1 20 160   M    M   0        29 220
23  79  57  68   9   0   3 0.02  0.0    0  7.4 15 260   M    M   3        20 260
================================================================================
SM 1587 1044       188  15  3.92     0.0 167.6          M       80
================================================================================
AV 69.0 45.4                               7.3 FASTST   M    M   3    MAX(MPH)
                                 MISC ---->  # 30 200               # 44  190
================================================================================
NOTES:
# LAST OF SEVERAL OCCURRENCES

COLUMN 17 PEAK WIND IN M.P.H.

PRELIMINARY LOCAL CLIMATOLOGICAL DATA (WS FORM: F-6) , PAGE 2

                                          STATION:  EVANSVILLE IN
                                          MONTH:    APRIL
                                          YEAR:     2019
                                          LATITUDE:   38  2 N
                                          LONGITUDE:  87 32 W

[TEMPERATURE DATA]      [PRECIPITATION DATA]       SYMBOLS USED IN COLUMN 16

AVERAGE MONTHLY: 57.2   TOTAL FOR MONTH:   3.92    1 = FOG OR MIST
DPTR FM NORMAL:   2.2   DPTR FM NORMAL:    0.68    2 = FOG REDUCING VISIBILITY
HIGHEST:    83 ON 11    GRTST 24HR  0.81 ON 19-19      TO 1/4 MILE OR LESS
LOWEST:     27 ON  1                               3 = THUNDER
                        SNOW, ICE PELLETS, HAIL    4 = ICE PELLETS
                        TOTAL MONTH:   0.0 INCH    5 = HAIL
                        GRTST 24HR     0.0         6 = FREEZING RAIN OR DRIZZLE
                        GRTST DEPTH:   0           7 = DUSTSTORM OR SANDSTORM:
                                                       VSBY 1/2 MILE OR LESS
                                                   8 = SMOKE OR HAZE
[NO. OF DAYS WITH]      [WEATHER - DAYS WITH]      9 = BLOWING SNOW
                                                   X = TORNADO
MAX 32 OR BELOW:   0    0.01 INCH OR MORE:  11
MAX 90 OR ABOVE:   0    0.10 INCH OR MORE:   8
MIN 32 OR BELOW:   1    0.50 INCH OR MORE:   4
MIN  0 OR BELOW:   0    1.00 INCH OR MORE:   0

[HDD (BASE 65) ]
TOTAL THIS MO.   188    CLEAR  (SCALE 0-3)  12
DPTR FM NORMAL   -57    PTCLDY (SCALE 4-7)   7
TOTAL FM JUL 1  4393    CLOUDY (SCALE 8-10)  4
DPTR FM NORMAL   -18

[CDD (BASE 65) ]
TOTAL THIS MO.    15
DPTR FM NORMAL     0    [PRESSURE DATA]
TOTAL FM JAN 1    15    HIGHEST SLP M ON M
DPTR FM NORMAL    -3    LOWEST  SLP 29.36 ON 14

[REMARKS]
