000
CXUS53 KPAH 170644
CF6EVV
PRELIMINARY LOCAL CLIMATOLOGICAL DATA (WS FORM: F-6)

                                          STATION:   EVANSVILLE IN
                                          MONTH:     FEBRUARY
                                          YEAR:      2019
                                          LATITUDE:   38  2 N
                                          LONGITUDE:  87 32 W

  TEMPERATURE IN F:       :PCPN:    SNOW:  WIND      :SUNSHINE: SKY     :PK WND
================================================================================
1   2   3   4   5  6A  6B    7    8   9   10  11  12  13   14  15   16   17  18
                                     12Z  AVG MX 2MIN
DY MAX MIN AVG DEP HDD CDD  WTR  SNW DPTH SPD SPD DIR MIN PSBL S-S WX    SPD DR
================================================================================

 1  45  25  35   2  30   0 0.03    T    0  1.4  7  50   M    M   5 168    10  30
 2  56  25  41   7  24   0 0.00  0.0    0  1.8 12 240   M    M   4 1      14 230
 3  67  31  49  15  16   0 0.00  0.0    0  5.5 17 210   M    M   0 1      24 220
 4  60  48  54  20  11   0 0.05  0.0    0  7.6 15 210   M    M   9 1      23 200
 5  49  38  44  10  21   0 0.08  0.0    0  4.4 13 310   M    M  10 1      19 340
 6  61  48  55  21  10   0 0.79  0.0    0  3.0 15 280   M    M  10 123    22 270
 7  67  25  46  12  19   0 1.34  0.0    0 12.1 29 250   M    M  10 123    44 240
 8  28  18  23 -12  42   0 0.00  0.0    0  8.4 20 290   M    M   4        31 260
 9  34  16  25 -10  40   0 0.00  0.0    0  8.2 14  90   M    M   0        18  40
10  41  23  32  -3  33   0 0.39  0.0    0  4.8 10 180   M    M   9 16     15 170
11  56  40  48  13  17   0 1.36  0.0    0  5.3 12 190   M    M  10 1      18 180
12  57  30  44   8  21   0 0.57  0.0    0 12.3 25 280   M    M   8 1      43 270
13  43  28  36   0  29   0 0.00  0.0    0  9.9 18 250   M    M   0        26 250
14  57  41  49  13  16   0 0.00  0.0    0 12.9 28 210   M    M   4        37 220
15  53  26  40   4  25   0 0.09  0.2    0  9.0 20 320   M    M   9 1468   29 320
16  40  26  33  -4  32   0    T    T    0  8.6 15  80   M    M   3        20 360
================================================================================
SM  814  488       386   0  4.70     0.2 115.2          M       95
================================================================================
AV 50.9 30.5                               7.2 FASTST   M    M   6    MAX(MPH)
                                 MISC ---->  # 29 250               # 44  240
================================================================================
NOTES:
# LAST OF SEVERAL OCCURRENCES

COLUMN 17 PEAK WIND IN M.P.H.

PRELIMINARY LOCAL CLIMATOLOGICAL DATA (WS FORM: F-6) , PAGE 2

                                          STATION:  EVANSVILLE IN
                                          MONTH:    FEBRUARY
                                          YEAR:     2019
                                          LATITUDE:   38  2 N
                                          LONGITUDE:  87 32 W

[TEMPERATURE DATA]      [PRECIPITATION DATA]       SYMBOLS USED IN COLUMN 16

AVERAGE MONTHLY: 40.7   TOTAL FOR MONTH:   4.70    1 = FOG OR MIST
DPTR FM NORMAL:   5.8   DPTR FM NORMAL:    2.84    2 = FOG REDUCING VISIBILITY
HIGHEST:    67 ON  7, 3 GRTST 24HR  1.36 ON 11-11      TO 1/4 MILE OR LESS
LOWEST:     16 ON  9                               3 = THUNDER
                        SNOW, ICE PELLETS, HAIL    4 = ICE PELLETS
                        TOTAL MONTH:   0.2 INCH    5 = HAIL
                        GRTST 24HR   0.2 ON 15-15  6 = FREEZING RAIN OR DRIZZLE
                        GRTST DEPTH:   0           7 = DUSTSTORM OR SANDSTORM:
                                                       VSBY 1/2 MILE OR LESS
                                                   8 = SMOKE OR HAZE
[NO. OF DAYS WITH]      [WEATHER - DAYS WITH]      9 = BLOWING SNOW
                                                   X = TORNADO
MAX 32 OR BELOW:   1    0.01 INCH OR MORE:   9
MAX 90 OR ABOVE:   0    0.10 INCH OR MORE:   5
MIN 32 OR BELOW:  11    0.50 INCH OR MORE:   4
MIN  0 OR BELOW:   0    1.00 INCH OR MORE:   2

[HDD (BASE 65) ]
TOTAL THIS MO.   386    CLEAR  (SCALE 0-3)   4
DPTR FM NORMAL   -95    PTCLDY (SCALE 4-7)   5
TOTAL FM JUL 1  3178    CLOUDY (SCALE 8-10)  7
DPTR FM NORMAL   -82

[CDD (BASE 65) ]
TOTAL THIS MO.     0
DPTR FM NORMAL     0    [PRESSURE DATA]
TOTAL FM JAN 1     0    HIGHEST SLP M ON M
DPTR FM NORMAL     0    LOWEST  SLP 29.62 ON 12

[REMARKS]
