000
CXUS56 KSLC 181234
CF6EVW
PRELIMINARY LOCAL CLIMATOLOGICAL DATA (WS FORM: F-6)

                                          STATION:   EVANSTON WY
                                          MONTH:     AUGUST
                                          YEAR:      2019
                                          LATITUDE:   41 16 N
                                          LONGITUDE: 111  2 W

  TEMPERATURE IN F:       :PCPN:    SNOW:  WIND      :SUNSHINE: SKY     :PK WND
================================================================================
1   2   3   4   5  6A  6B    7    8   9   10  11  12  13   14  15   16   17  18
                                     12Z  AVG MX 2MIN
DY MAX MIN AVG DEP HDD CDD  WTR  SNW DPTH SPD SPD DIR MIN PSBL S-S WX    SPD DR
================================================================================

 1  80  54  67  -1   0   2 0.00  0.0    0  6.3 20 310   M    M   4        26 310
 2  86  54  70   2   0   5 0.00  0.0    0  7.0 18 230   M    M   1        22 220
 3  87  56  72   4   0   7 0.00  0.0    0  9.2 45 210   M    M   2 3      57 220
 4  88  54  71   3   0   6    T  0.0    0  8.6 37 260   M    M   1 13     48 270
 5  86  55  71   4   0   6    T  0.0    0  8.3 24 250   M    M   1 13     27 250
 6  89  56  73   6   0   8 0.00  0.0    0  8.5 26 240   M    M   0        30 230
 7  75  55  65  -2   0   0    T  0.0    0  7.6 25 280   M    M   4        32 290
 8  73  50  62  -5   3   0    T  0.0    0  9.8 29 220   M    M   2        35 210
 9  79  49  64  -3   1   0 0.00  0.0    0  9.5 25 250   M    M   1        33 220
10  83  56  70   4   0   5    T  0.0    0  9.6 31 170   M    M   3        41 180
11  79  51  65  -1   0   0 0.00  0.0    0 12.4 29 270   M    M   1        37 260
12  77  47  62  -4   3   0 0.00  0.0    0  9.1 25 270   M    M   0        32 290
13  83  47  65  -1   0   0 0.00  0.0    0  7.3 24 260   M    M   0        31 240
14  85  51  68   2   0   3 0.00  0.0    0 10.4 25 250   M    M   0        33 260
15  84  54  69   4   0   4 0.00  0.0    0 11.7 28 250   M    M   0        37 240
16  80  55  68   3   0   3 0.00  0.0    0 11.6 29 240   M    M   0        48 230
17  79  48  64  -1   1   0 0.00  0.0    0 12.7 35 250   M    M   0        42 250
================================================================================
SM 1393  892         8  49    T      0.0 159.6          M       20
================================================================================
AV 81.9 52.5                               9.4 FASTST   M    M   1    MAX(MPH)
                                 MISC ---->  # 45 210               # 57  220
================================================================================
NOTES:
# LAST OF SEVERAL OCCURRENCES

COLUMN 17 PEAK WIND IN M.P.H.

PRELIMINARY LOCAL CLIMATOLOGICAL DATA (WS FORM: F-6) , PAGE 2

                                          STATION:  EVANSTON WY
                                          MONTH:    AUGUST
                                          YEAR:     2019
                                          LATITUDE:   41 16 N
                                          LONGITUDE: 111  2 W

[TEMPERATURE DATA]      [PRECIPITATION DATA]       SYMBOLS USED IN COLUMN 16

AVERAGE MONTHLY: 67.2   TOTAL FOR MONTH:      T    1 = FOG OR MIST
DPTR FM NORMAL:   0.6   DPTR FM NORMAL:   -0.54    2 = FOG REDUCING VISIBILITY
HIGHEST:    89 ON  6    GRTST 24HR    T  ON 10-10      TO 1/4 MILE OR LESS
LOWEST:     47 ON 13,12                            3 = THUNDER
                        SNOW, ICE PELLETS, HAIL    4 = ICE PELLETS
                        TOTAL MONTH:   0.0 INCH    5 = HAIL
                        GRTST 24HR     0.0         6 = FREEZING RAIN OR DRIZZLE
                        GRTST DEPTH:   0           7 = DUSTSTORM OR SANDSTORM:
                                                       VSBY 1/2 MILE OR LESS
                                                   8 = SMOKE OR HAZE
[NO. OF DAYS WITH]      [WEATHER - DAYS WITH]      9 = BLOWING SNOW
                                                   X = TORNADO
MAX 32 OR BELOW:   0    0.01 INCH OR MORE:   0
MAX 90 OR ABOVE:   0    0.10 INCH OR MORE:   0
MIN 32 OR BELOW:   0    0.50 INCH OR MORE:   0
MIN  0 OR BELOW:   0    1.00 INCH OR MORE:   0

[HDD (BASE 65) ]
TOTAL THIS MO.     8    CLEAR  (SCALE 0-3)  15
DPTR FM NORMAL   -14    PTCLDY (SCALE 4-7)   2
TOTAL FM JUL 1    27    CLOUDY (SCALE 8-10)  0
DPTR FM NORMAL   -31

[CDD (BASE 65) ]
TOTAL THIS MO.    49
DPTR FM NORMAL     4    [PRESSURE DATA]
TOTAL FM JAN 1   156    HIGHEST SLP M ON M
DPTR FM NORMAL    15    LOWEST  SLP 29.78 ON 17

[REMARKS]
