000
CXUS56 KSLC 231236
CF6EVW
PRELIMINARY LOCAL CLIMATOLOGICAL DATA (WS FORM: F-6)

                                          STATION:   EVANSTON WY
                                          MONTH:     APRIL
                                          YEAR:      2019
                                          LATITUDE:   41 16 N
                                          LONGITUDE: 111  2 W

  TEMPERATURE IN F:       :PCPN:    SNOW:  WIND      :SUNSHINE: SKY     :PK WND
================================================================================
1   2   3   4   5  6A  6B    7    8   9   10  11  12  13   14  15   16   17  18
                                     12Z  AVG MX 2MIN
DY MAX MIN AVG DEP HDD CDD  WTR  SNW DPTH SPD SPD DIR MIN PSBL S-S WX    SPD DR
================================================================================

 1  39  20  30  -5  35   0    T    M    0  8.0 14 250   M    M   6 1      15 250
 2  40  32  36   0  29   0 0.07    M    0  6.9 15 230   M    M   9 12     18 220
 3  39  33  36   0  29   0 0.03    M    0  8.2 17 240   M    M   9 12     19 230
 4  49  32  41   5  24   0 0.00  0.0    0  4.9 10 210   M    M   5        11  80
 5  47  36  42   6  23   0 0.01    M    0  7.1 13 220   M    M   6        16 210
 6  41  30  36  -1  29   0    T    M    0 11.4 25 280   M    M   6 1      29 280
 7  46  28  37   0  28   0 0.00  0.0    0 11.8 22 240   M    M   4        27 250
 8  51  35  43   6  22   0 0.00  0.0    0 10.1 22 260   M    M   0        25 260
 9  50  29  40   3  25   0 0.25    M    0 10.7 28 350   M    M   6 12     33 350
10  31  26  29  -9  36   0 0.07    M    0 15.2 30 340   M    M  10 12     35 350
11  34  20  27 -11  38   0    T    M    0 11.1 22 320   M    M   7        26 300
12  34  20  27 -11  38   0 0.13    M    0  7.4 14 270   M    M   8 128    16 260
13  37  21  29  -9  36   0 0.02    M    0 10.9 20 260   M    M   7 12     24 250
14  44  29  37  -2  28   0 0.07    M    0 15.8 30 240   M    M   7 1      36 230
15  39  32  36  -3  29   0 0.51    M    0  8.6 20 230   M    M  10 12     23 240
16  40  30  35  -4  30   0 0.09    M    0 10.7 24 220   M    M   8 1      33 210
17  45  25  35  -5  30   0 0.00  0.0    0 10.4 23 270   M    M   4        26 270
18  56  30  43   3  22   0 0.00  0.0    0 10.8 18 270   M    M   0        22 260
19  63  36  50  10  15   0 0.00  0.0    0  7.4 18 250   M    M   0        23 240
20  66  41  54  14  11   0 0.00  0.0    0 11.2 29 220   M    M   2        37 230
21  55  36  46   5  19   0 0.13    M    0  6.6 26 250   M    M   9 13     31 260
22  49  32  41   0  24   0 0.01    M    0  7.4 17 340   M    M   7 12     21 340
================================================================================
SM  995  653       600   0  1.39     0.0 212.6          M      130
================================================================================
AV 45.2 29.7                               9.7 FASTST   M    M   6    MAX(MPH)
                                 MISC ---->  # 30 340               # 37  230
================================================================================
NOTES:
# LAST OF SEVERAL OCCURRENCES

COLUMN 17 PEAK WIND IN M.P.H.

PRELIMINARY LOCAL CLIMATOLOGICAL DATA (WS FORM: F-6) , PAGE 2

                                          STATION:  EVANSTON WY
                                          MONTH:    APRIL
                                          YEAR:     2019
                                          LATITUDE:   41 16 N
                                          LONGITUDE: 111  2 W

[TEMPERATURE DATA]      [PRECIPITATION DATA]       SYMBOLS USED IN COLUMN 16

AVERAGE MONTHLY: 37.5   TOTAL FOR MONTH:   1.39    1 = FOG OR MIST
DPTR FM NORMAL:  -0.6   DPTR FM NORMAL:    0.61    2 = FOG REDUCING VISIBILITY
HIGHEST:    66 ON 20    GRTST 24HR  0.51 ON 15-15      TO 1/4 MILE OR LESS
LOWEST:     20 ON 12,11                            3 = THUNDER
                        SNOW, ICE PELLETS, HAIL    4 = ICE PELLETS
                        TOTAL MONTH:   0.0 INCH    5 = HAIL
                        GRTST 24HR     0.0         6 = FREEZING RAIN OR DRIZZLE
                        GRTST DEPTH:   0           7 = DUSTSTORM OR SANDSTORM:
                                                       VSBY 1/2 MILE OR LESS
                                                   8 = SMOKE OR HAZE
[NO. OF DAYS WITH]      [WEATHER - DAYS WITH]      9 = BLOWING SNOW
                                                   X = TORNADO
MAX 32 OR BELOW:   1    0.01 INCH OR MORE:  12
MAX 90 OR ABOVE:   0    0.10 INCH OR MORE:   4
MIN 32 OR BELOW:  16    0.50 INCH OR MORE:   1
MIN  0 OR BELOW:   0    1.00 INCH OR MORE:   0

[HDD (BASE 65) ]
TOTAL THIS MO.   600    CLEAR  (SCALE 0-3)   4
DPTR FM NORMAL    10    PTCLDY (SCALE 4-7)  11
TOTAL FM JUL 1  7585    CLOUDY (SCALE 8-10)  7
DPTR FM NORMAL   -73

[CDD (BASE 65) ]
TOTAL THIS MO.     0
DPTR FM NORMAL     0    [PRESSURE DATA]
TOTAL FM JAN 1     0    HIGHEST SLP M ON M
DPTR FM NORMAL     0    LOWEST  SLP 29.62 ON 20

[REMARKS]
