000
CXUS52 KMHX 260700
CF6EWN
PRELIMINARY LOCAL CLIMATOLOGICAL DATA (WS FORM: F-6)

                                          STATION:   NEW BERN NC
                                          MONTH:     APRIL
                                          YEAR:      2019
                                          LATITUDE:   35  4 N
                                          LONGITUDE:  77  3 W

  TEMPERATURE IN F:       :PCPN:    SNOW:  WIND      :SUNSHINE: SKY     :PK WND
================================================================================
1   2   3   4   5  6A  6B    7    8   9   10  11  12  13   14  15   16   17  18
                                     12Z  AVG MX 2MIN
DY MAX MIN AVG DEP HDD CDD  WTR  SNW DPTH SPD SPD DIR MIN PSBL S-S WX    SPD DR
================================================================================

 1  52  39  46 -12  19   0 0.00  0.0    0 10.3 21  40   M    M   0        29 360
 2  50  39  45 -13  20   0 0.96    M    0 14.0 29 360   M    M   8 1      35 360
 3  67  36  52  -7  13   0 0.00  0.0    0  6.2 12 200   M    M   0 1      17 200
 4  75  47  61   2   4   0 0.00  0.0    0  4.6 16 170   M    M   0        21 160
 5  68  51  60   1   5   0 0.14  0.0    0  5.9 17 140   M    M   7 1      24 140
 6  66  55  61   2   4   0 0.00  0.0    0  6.0 13  30   M    M   9 12     16 360
 7  76  50  63   3   2   0 0.00  0.0    0  4.9 13 200   M    M   3 12     17 140
 8  86  52  69   9   0   4 0.00  0.0    0  7.8 20 200   M    M   4 1      26 200
 9  74  62  68   8   0   3 0.70  0.0    0  7.7 16 270   M    M   6 138    23 260
10  73  58  66   6   0   1 0.00  0.0    0  9.2 22  40   M    M   0        27  60
11  77  50  64   3   1   0 0.00  0.0    0  6.3 17 100   M    M   0 1      24  90
12  78  58  68   7   0   3 0.00  0.0    0 10.5 23 170   M    M   5        32 140
13  77  68  73  12   0   8 0.95  0.0    0  6.8 20 170   M    M   9 128    26 170
14  81  68  75  13   0  10    T  0.0    0 12.6 28 190   M    M   8 1      41 180
15  76  54  65   3   0   0    M  0.0    0 13.3 40 240   M    M   2 13     60 260
16  68  45  57  -5   8   0 0.00  0.0    0  6.9 15 360   M    M   0        20 360
17  83  47  65   3   0   0 0.00  0.0    0  7.5 15 180   M    M   0        19 180
18  80  55  68   6   0   3 0.00  0.0    0  8.4 22 210   M    M   1        30 200
19  79  66  73  10   0   8 0.32  0.0    0 16.0 32 240   M    M   9 138    47 240
20  72  54  63   0   2   0 0.33  0.0    0 13.2 28 210   M    M   4 13     37 240
21  66  46  56  -7   9   0 0.00  0.0    0  5.6 14 280   M    M   6        18 270
22  74  50  62  -2   3   0    T  0.0    0  5.2 16  10   M    M   2        22 350
23  82  52  67   3   0   2 0.00  0.0    0  5.7 17 160   M    M   0        22 180
24  87  61  74  10   0   9 0.00  0.0    0  6.2 14 320   M    M   0        19 320
25  90  61  76  12   0  11 0.00  0.0    0  8.1 17 190   M    M   0        24 210
================================================================================
SM 1857 1324        90  62  3.40     0.0 208.9          M       83
================================================================================
AV 74.3 53.0                               8.4 FASTST   M    M   3    MAX(MPH)
                                 MISC ---->  # 40 240               # 60  260
================================================================================
NOTES:
# LAST OF SEVERAL OCCURRENCES

COLUMN 17 PEAK WIND IN M.P.H.

PRELIMINARY LOCAL CLIMATOLOGICAL DATA (WS FORM: F-6) , PAGE 2

                                          STATION:  NEW BERN NC
                                          MONTH:    APRIL
                                          YEAR:     2019
                                          LATITUDE:   35  4 N
                                          LONGITUDE:  77  3 W

[TEMPERATURE DATA]      [PRECIPITATION DATA]       SYMBOLS USED IN COLUMN 16

AVERAGE MONTHLY: 63.6   TOTAL FOR MONTH:   3.40    1 = FOG OR MIST
DPTR FM NORMAL:   2.4   DPTR FM NORMAL:    0.76    2 = FOG REDUCING VISIBILITY
HIGHEST:    90 ON 25    GRTST 24HR  0.96 ON  2- 2      TO 1/4 MILE OR LESS
LOWEST:     36 ON  3                               3 = THUNDER
                        SNOW, ICE PELLETS, HAIL    4 = ICE PELLETS
                        TOTAL MONTH:   0.0 INCH    5 = HAIL
                        GRTST 24HR     0.0         6 = FREEZING RAIN OR DRIZZLE
                        GRTST DEPTH:   0           7 = DUSTSTORM OR SANDSTORM:
                                                       VSBY 1/2 MILE OR LESS
                                                   8 = SMOKE OR HAZE
[NO. OF DAYS WITH]      [WEATHER - DAYS WITH]      9 = BLOWING SNOW
                                                   X = TORNADO
MAX 32 OR BELOW:   0    0.01 INCH OR MORE:   6
MAX 90 OR ABOVE:   1    0.10 INCH OR MORE:   6
MIN 32 OR BELOW:   0    0.50 INCH OR MORE:   3
MIN  0 OR BELOW:   0    1.00 INCH OR MORE:   0

[HDD (BASE 65) ]
TOTAL THIS MO.    90    CLEAR  (SCALE 0-3)  13
DPTR FM NORMAL   -48    PTCLDY (SCALE 4-7)   8
TOTAL FM JUL 1  2407    CLOUDY (SCALE 8-10)  4
DPTR FM NORMAL  -246

[CDD (BASE 65) ]
TOTAL THIS MO.    62
DPTR FM NORMAL    20    [PRESSURE DATA]
TOTAL FM JAN 1    79    HIGHEST SLP M ON M
DPTR FM NORMAL    23    LOWEST  SLP 29.50 ON  2

[REMARKS]
