000
CXUS51 KOKX 250703
CF6EWR
PRELIMINARY LOCAL CLIMATOLOGICAL DATA (WS FORM: F-6)

                                          STATION:   NEWARK NJ
                                          MONTH:     APRIL
                                          YEAR:      2019
                                          LATITUDE:   40 42 N
                                          LONGITUDE:  74 10 W

  TEMPERATURE IN F:       :PCPN:    SNOW:  WIND      :SUNSHINE: SKY     :PK WND
================================================================================
1   2   3   4   5  6A  6B    7    8   9   10  11  12  13   14  15   16   17  18
                                     12Z  AVG MX 2MIN
DY MAX MIN AVG DEP HDD CDD  WTR  SNW DPTH SPD SPD DIR MIN PSBL S-S WX    SPD DR
================================================================================

 1  48  32  40  -8  25   0 0.00  0.0    0 15.4 28 290   M    M   2        35 300
 2  50  35  43  -5  22   0    T  0.0    0  7.6 18 130   M    M   8        24 140
 3  67  40  54   6  11   0    T  0.0    0 18.4 36 250   M    M   3        45 260
 4  62  41  52   3  13   0 0.00  0.0    0 13.3 23 280   M    M   6        33 270
 5  43  39  41  -8  24   0 0.17  0.0    0  8.9 16  20   M    M  10 1      20  30
 6  69  39  54   5  11   0    T  0.0    0  8.1 20 350   M    M   5 1      25 330
 7  63  46  55   5  10   0 0.00  0.0    0  5.7 15 140   M    M   7        20 110
 8  80  51  66  16   0   1 0.26  0.0    0 10.2 24 250   M    M   9 1      32 250
 9  52  45  49  -2  16   0 0.02  0.0    0  6.5 14 160   M    M  10 18     19 150
10  61  44  53   2  12   0 0.00  0.0    0 13.2 23 330   M    M   3        35 290
11  52  38  45  -6  20   0 0.00  0.0    0  7.3 17  20   M    M   9        22  30
12  70  46  58   6   7   0 0.57  0.0    0  7.4 22 190   M    M   9 18     27 170
13  79  61  70  18   0   5 0.17  0.0    0 11.3 21 190   M    M   9 1      29 240
14  72  56  64  12   1   0 0.02  0.0    0  5.4 14 170   M    M   9 128    18 160
15  70  46  58   5   7   0 1.00  0.0    0 19.0 38 280   M    M   7 13     50 290
16  67  37  52  -1  13   0    T  0.0    0 15.1 25 280   M    M   4        34 280
17  60  49  55   1  10   0    T  0.0    0  8.1 15 150   M    M   8        19 170
18  64  51  58   4   7   0    T  0.0    0  8.1 14 110   M    M   9 18     21 110
19  80  63  72  18   0   7 0.07  0.0    0 16.1 25 180   M    M   8 1      33 200
20  69  53  61   7   4   0 0.51  0.0    0  9.6 26 190   M    M  10 13     34 190
21  64  52  58   3   7   0 0.00  0.0    0  7.2 16  90   M    M   8        23 120
22  65  50  58   3   7   0 0.09  0.0    0  9.7 21 340   M    M   9 1      27 330
23  78  56  67  11   0   2 0.01  0.0    0  7.4 17 200   M    M   6        21 120
24  71  55  63   7   2   0    T  0.0    0 11.6 24 300   M    M   4        31 300
================================================================================
SM 1556 1125       229  15  2.89     0.0 250.6          M      172
================================================================================
AV 64.8 46.9                              10.4 FASTST   M    M   7    MAX(MPH)
                                 MISC ---->  # 38 280               # 50  290
================================================================================
NOTES:
# LAST OF SEVERAL OCCURRENCES

COLUMN 17 PEAK WIND IN M.P.H.

PRELIMINARY LOCAL CLIMATOLOGICAL DATA (WS FORM: F-6) , PAGE 2

                                          STATION:  NEWARK NJ
                                          MONTH:    APRIL
                                          YEAR:     2019
                                          LATITUDE:   40 42 N
                                          LONGITUDE:  74 10 W

[TEMPERATURE DATA]      [PRECIPITATION DATA]       SYMBOLS USED IN COLUMN 16

AVERAGE MONTHLY: 55.9   TOTAL FOR MONTH:   2.89    1 = FOG OR MIST
DPTR FM NORMAL:   4.0   DPTR FM NORMAL:   -0.52    2 = FOG REDUCING VISIBILITY
HIGHEST:    80 ON 19, 8 GRTST 24HR  1.00 ON 15-15      TO 1/4 MILE OR LESS
LOWEST:     32 ON  1                               3 = THUNDER
                        SNOW, ICE PELLETS, HAIL    4 = ICE PELLETS
                        TOTAL MONTH:   0.0 INCH    5 = HAIL
                        GRTST 24HR     0.0         6 = FREEZING RAIN OR DRIZZLE
                        GRTST DEPTH:   0           7 = DUSTSTORM OR SANDSTORM:
                                                       VSBY 1/2 MILE OR LESS
                                                   8 = SMOKE OR HAZE
[NO. OF DAYS WITH]      [WEATHER - DAYS WITH]      9 = BLOWING SNOW
                                                   X = TORNADO
MAX 32 OR BELOW:   0    0.01 INCH OR MORE:  11
MAX 90 OR ABOVE:   0    0.10 INCH OR MORE:   6
MIN 32 OR BELOW:   1    0.50 INCH OR MORE:   3
MIN  0 OR BELOW:   0    1.00 INCH OR MORE:   1

[HDD (BASE 65) ]
TOTAL THIS MO.   229    CLEAR  (SCALE 0-3)   2
DPTR FM NORMAL   -96    PTCLDY (SCALE 4-7)  10
TOTAL FM JUL 1  4527    CLOUDY (SCALE 8-10) 12
DPTR FM NORMAL  -142

[CDD (BASE 65) ]
TOTAL THIS MO.    15
DPTR FM NORMAL    12    [PRESSURE DATA]
TOTAL FM JAN 1    15    HIGHEST SLP M ON M
DPTR FM NORMAL    11    LOWEST  SLP 29.29 ON 15

[REMARKS]
