000
CXUS51 KOKX 190703
CF6EWR
PRELIMINARY LOCAL CLIMATOLOGICAL DATA (WS FORM: F-6)

                                          STATION:   NEWARK NJ
                                          MONTH:     FEBRUARY
                                          YEAR:      2019
                                          LATITUDE:   40 42 N
                                          LONGITUDE:  74 10 W

  TEMPERATURE IN F:       :PCPN:    SNOW:  WIND      :SUNSHINE: SKY     :PK WND
================================================================================
1   2   3   4   5  6A  6B    7    8   9   10  11  12  13   14  15   16   17  18
                                     12Z  AVG MX 2MIN
DY MAX MIN AVG DEP HDD CDD  WTR  SNW DPTH SPD SPD DIR MIN PSBL S-S WX    SPD DR
================================================================================

 1  22  10  16 -16  49   0 0.00  0.0    0  7.0 13 270   M    M   5        16 280
 2  35  14  25  -7  40   0 0.00  0.0    0 11.2 23 250   M    M   7        29 250
 3  53  24  39   7  26   0 0.00  0.0    0  6.3 12 230   M    M   5        15 320
 4  61  32  47  14  18   0 0.00  0.0    0  3.0 12 180   M    M   2 18     14 180
 5  68  37  53  20  12   0 0.00  0.0    0  6.6 23 350   M    M   7 8      29 350
 6  47  34  41   8  24   0 0.53  0.0    0  7.9 16  10   M    M   7 1      21  40
 7  45  39  42   9  23   0 0.07  0.0    0  7.6 16 360   M    M  10 1      20  20
 8  56  32  44  11  21   0 0.46  0.0    0 14.4 33 260   M    M   7 1      46 250
 9  34  24  29  -5  36   0 0.00  0.0    0 17.3 32 330   M    M   2        41 330
10  37  22  30  -4  35   0 0.00  0.0    0  8.1 14 260   M    M   5        19 260
11  38  29  34   0  31   0    T    T    0  7.0 14  20   M    M  10        16  30
12  36  26  31  -3  34   0 0.81  1.9    0 11.4 18  50   M    M  10 146    26  60
13  42  33  38   4  27   0 0.06    T    1 15.2 32 280   M    M   7 1      42 270
14  46  32  39   5  26   0    T  0.0    T 11.2 24 260   M    M   8        31 270
15  63  40  52  17  13   0 0.00  0.0    0  8.8 22 200   M    M   8        27 200
16  49  31  40   5  25   0 0.00  0.0    0 13.4 20 320   M    M   4        27 320
17  36  22  29  -6  36   0 0.05    T    0  7.7 18 350   M    M   6 14     22 320
18  44  26  35   0  30   0 0.09  0.0    0 12.0 30 300   M    M   7 1      37 290
================================================================================
SM  812  507       506   0  2.07     1.9 176.1          M      117
================================================================================
AV 45.1 28.2                               9.8 FASTST   M    M   7    MAX(MPH)
                                 MISC ---->  # 33 260               # 46  250
================================================================================
NOTES:
# LAST OF SEVERAL OCCURRENCES

COLUMN 17 PEAK WIND IN M.P.H.

PRELIMINARY LOCAL CLIMATOLOGICAL DATA (WS FORM: F-6) , PAGE 2

                                          STATION:  NEWARK NJ
                                          MONTH:    FEBRUARY
                                          YEAR:     2019
                                          LATITUDE:   40 42 N
                                          LONGITUDE:  74 10 W

[TEMPERATURE DATA]      [PRECIPITATION DATA]       SYMBOLS USED IN COLUMN 16

AVERAGE MONTHLY: 36.6   TOTAL FOR MONTH:   2.07    1 = FOG OR MIST
DPTR FM NORMAL:   3.0   DPTR FM NORMAL:    0.26    2 = FOG REDUCING VISIBILITY
HIGHEST:    68 ON  5    GRTST 24HR  0.81 ON 12-12      TO 1/4 MILE OR LESS
LOWEST:     10 ON  1                               3 = THUNDER
                        SNOW, ICE PELLETS, HAIL    4 = ICE PELLETS
                        TOTAL MONTH:   1.9 INCHES  5 = HAIL
                        GRTST 24HR   1.9 ON 12-12  6 = FREEZING RAIN OR DRIZZLE
                        GRTST DEPTH:   1 ON 13     7 = DUSTSTORM OR SANDSTORM:
                                                       VSBY 1/2 MILE OR LESS
                                                   8 = SMOKE OR HAZE
[NO. OF DAYS WITH]      [WEATHER - DAYS WITH]      9 = BLOWING SNOW
                                                   X = TORNADO
MAX 32 OR BELOW:   1    0.01 INCH OR MORE:   7
MAX 90 OR ABOVE:   0    0.10 INCH OR MORE:   3
MIN 32 OR BELOW:  13    0.50 INCH OR MORE:   2
MIN  0 OR BELOW:   0    1.00 INCH OR MORE:   0

[HDD (BASE 65) ]
TOTAL THIS MO.   506    CLEAR  (SCALE 0-3)   2
DPTR FM NORMAL   -59    PTCLDY (SCALE 4-7)  13
TOTAL FM JUL 1  3258    CLOUDY (SCALE 8-10)  3
DPTR FM NORMAL   -91

[CDD (BASE 65) ]
TOTAL THIS MO.     0
DPTR FM NORMAL     0    [PRESSURE DATA]
TOTAL FM JAN 1     0    HIGHEST SLP M ON M
DPTR FM NORMAL     0    LOWEST  SLP 29.55 ON 13

[REMARKS]
