000
CXUS53 KIND 180730
CF6EYE
PRELIMINARY LOCAL CLIMATOLOGICAL DATA (WS FORM: F-6)

                                          STATION:   INDIANAPOLIS EAGLE CREEK IN
                                          MONTH:     AUGUST
                                          YEAR:      2019
                                          LATITUDE:   39 49 N
                                          LONGITUDE:  86 18 W

  TEMPERATURE IN F:       :PCPN:    SNOW:  WIND      :SUNSHINE: SKY     :PK WND
================================================================================
1   2   3   4   5  6A  6B    7    8   9   10  11  12  13   14  15   16   17  18
                                     12Z  AVG MX 2MIN
DY MAX MIN AVG DEP HDD CDD  WTR  SNW DPTH SPD SPD DIR MIN PSBL S-S WX    SPD DR
================================================================================

 1  85  60  73  -2   0   8 0.00    M    M  4.0  9  40   M    M   0        15  40
 2  87  67  77   2   0  12 0.00    M    M  5.7 13  40   M    M   2        19  10
 3  88  61  75   0   0  10 0.00    M    M  3.0 12 350   M    M   0        16  50
 4  89  62  76   2   0  11 0.00    M    M  2.8 10 360   M    M   0        15 310
 5  90  67  79   5   0  14 0.00    M    M  3.9 13 160   M    M   1        19 250
 6  87  71  79   5   0  14 0.00    M    M  7.5 21 290   M    M   2        29 280
 7  87  65  76   2   0  11 0.00    M    M  4.2 14 270   M    M   1 1      19 260
 8  89  68  79   5   0  14 0.68    M    M  6.2 22 330   M    M   2 13     33 330
 9  83  67  75   1   0  10 0.00    M    M  4.1 10 310   M    M   1        16 310
10  84  61  73  -1   0   8 0.00    M    M  3.5 10 330   M    M   0 8      14 330
11  84  61  73  -1   0   8 0.00    M    M  2.6 10 200   M    M   0        15 210
12  81  73  77   3   0  12 0.03    M    M  2.6 12 200   M    M   7 138    19 220
13  83  72  78   4   0  13 0.07    M    M  6.8 14 310   M    M   7 13     18 300
14  88  68  78   4   0  13 0.00    M    M  6.0 15 270   M    M   3 18     24 280
15  83  65  74   0   0   9 0.00    M    M  6.4 15 300   M    M   2        20 310
16  82  62  72  -2   0   7    T    M    M  4.5 13 200   M    M   3 1      19 210
17  82  69  76   2   0  11 0.13    M    M  3.8 18 290   M    M   2 13     27 300
================================================================================
SM 1452 1119         0 185  0.91    M     77.6          M       33
================================================================================
AV 85.4 65.8                               4.6 FASTST   M    M   2    MAX(MPH)
                                 MISC ---->  # 22 330               # 33  330
================================================================================
NOTES:
# LAST OF SEVERAL OCCURRENCES

COLUMN 17 PEAK WIND IN M.P.H.

PRELIMINARY LOCAL CLIMATOLOGICAL DATA (WS FORM: F-6) , PAGE 2

                                          STATION:  INDIANAPOLIS EAGLE CREEK IN
                                          MONTH:    AUGUST
                                          YEAR:     2019
                                          LATITUDE:   39 49 N
                                          LONGITUDE:  86 18 W

[TEMPERATURE DATA]      [PRECIPITATION DATA]       SYMBOLS USED IN COLUMN 16

AVERAGE MONTHLY: 75.6   TOTAL FOR MONTH:   0.91    1 = FOG OR MIST
DPTR FM NORMAL:   1.4   DPTR FM NORMAL:   -0.71    2 = FOG REDUCING VISIBILITY
HIGHEST:    90 ON  5    GRTST 24HR  0.68 ON  8- 8      TO 1/4 MILE OR LESS
LOWEST:     60 ON  1                               3 = THUNDER
                        SNOW, ICE PELLETS, HAIL    4 = ICE PELLETS
                        TOTAL MONTH:    M          5 = HAIL
                        GRTST 24HR    M  ON   M    6 = FREEZING RAIN OR DRIZZLE
                        GRTST DEPTH:  M  ON   M    7 = DUSTSTORM OR SANDSTORM:
                                                       VSBY 1/2 MILE OR LESS
                                                   8 = SMOKE OR HAZE
[NO. OF DAYS WITH]      [WEATHER - DAYS WITH]      9 = BLOWING SNOW
                                                   X = TORNADO
MAX 32 OR BELOW:   0    0.01 INCH OR MORE:   4
MAX 90 OR ABOVE:   1    0.10 INCH OR MORE:   2
MIN 32 OR BELOW:   0    0.50 INCH OR MORE:   1
MIN  0 OR BELOW:   0    1.00 INCH OR MORE:   0

[HDD (BASE 65) ]
TOTAL THIS MO.     0    CLEAR  (SCALE 0-3)  13
DPTR FM NORMAL     0    PTCLDY (SCALE 4-7)   4
TOTAL FM JUL 1     0    CLOUDY (SCALE 8-10)  0
DPTR FM NORMAL    -1

[CDD (BASE 65) ]
TOTAL THIS MO.   185
DPTR FM NORMAL    20    [PRESSURE DATA]
TOTAL FM JAN 1   905    HIGHEST SLP  0.00 ON  8
DPTR FM NORMAL   104    LOWEST  SLP 29.68 ON 13

[REMARKS]
