000
CXUS53 KIND 250730
CF6EYE
PRELIMINARY LOCAL CLIMATOLOGICAL DATA (WS FORM: F-6)

                                          STATION:   INDIANAPOLIS EAGLE CREEK IN
                                          MONTH:     APRIL
                                          YEAR:      2019
                                          LATITUDE:   39 49 N
                                          LONGITUDE:  86 18 W

  TEMPERATURE IN F:       :PCPN:    SNOW:  WIND      :SUNSHINE: SKY     :PK WND
================================================================================
1   2   3   4   5  6A  6B    7    8   9   10  11  12  13   14  15   16   17  18
                                     12Z  AVG MX 2MIN
DY MAX MIN AVG DEP HDD CDD  WTR  SNW DPTH SPD SPD DIR MIN PSBL S-S WX    SPD DR
================================================================================

 1  47  24  36 -12  29   0 0.00    M    M  5.0 13 210   M    M   0        19 130
 2  58  36  47  -2  18   0 0.00    M    M  5.4 18 210   M    M   5        25 240
 3  59  38  49   0  16   0 0.00    M    M  3.9 12 340   M    M   4        16 340
 4  63  48  56   6   9   0 0.03    M    M 11.2 21 100   M    M   5        32  80
 5  58  47  53   3  12   0 0.01    M    M  3.2 10  80   M    M   9 1      15  80
 6  69  41  55   5  10   0 0.00    M    M  2.7 12 150   M    M   6 128    21 120
 7  70  51  61  11   4   0 0.00    M    M  8.1 17 210   M    M   5        29 200
 8  73  54  64  13   1   0 0.07    M    M  4.2 18 330   M    M   3 13     26 340
 9  68  51  60   9   5   0 0.00    M    M  6.9 16 310   M    M   0        24 340
10  60  45  53   1  12   0 0.02    M    M 10.4 21  70   M    M   5        31  60
11  81  44  63  11   2   0 0.00    M    M 13.2 24 200   M    M   0        39 190
12  74  45  60   8   5   0 0.87    M    M 11.4 29 290   M    M   2 13     42 290
13  61  40  51  -1  14   0 0.03    M    M  4.9 14  30   M    M   2        21  30
14  47  35  41 -12  24   0 1.13    M    M 14.3 24 290   M    M  10 13     38  60
15  55  34  45  -8  20   0 0.00    M    M  8.7 20 300   M    M   6        27 280
16  75  43  59   6   6   0 0.00    M    M  8.3 20 200   M    M   0        31 210
17  76  52  64  10   1   0 0.00    M    M  7.3 16 190   M    M   2        26 170
18  68  46  57   3   8   0 0.92    M    M 10.3 20 310   M    M   9 13     29 210
19  46  41  44 -10  21   0 0.36    M    M 15.1 28 360   M    M  10 1      41  10
20  46  36  41 -14  24   0 0.36    M    M 10.3 25 360   M    M   9 128    40 360
21  71  36  54  -1  11   0 0.00    M    M  2.3  9 140   M    M   4 12     14 130
22  78  44  61   6   4   0 0.00    M    M  5.2 14 200   M    M   0        22 130
23  66  50  58   2   7   0 0.00    M    M  7.4 17 280   M    M   6        24 300
24  60  45  53  -3  12   0 0.05    M    M  5.3 13 110   M    M   6        19 130
================================================================================
SM 1529 1026       275   0  3.85    M    185.0          M      108
================================================================================
AV 63.7 42.8                               7.7 FASTST   M    M   5    MAX(MPH)
                                 MISC ---->  # 29 290               # 42  290
================================================================================
NOTES:
# LAST OF SEVERAL OCCURRENCES

COLUMN 17 PEAK WIND IN M.P.H.

PRELIMINARY LOCAL CLIMATOLOGICAL DATA (WS FORM: F-6) , PAGE 2

                                          STATION:  INDIANAPOLIS EAGLE CREEK IN
                                          MONTH:    APRIL
                                          YEAR:     2019
                                          LATITUDE:   39 49 N
                                          LONGITUDE:  86 18 W

[TEMPERATURE DATA]      [PRECIPITATION DATA]       SYMBOLS USED IN COLUMN 16

AVERAGE MONTHLY: 53.2   TOTAL FOR MONTH:   3.85    1 = FOG OR MIST
DPTR FM NORMAL:   1.0   DPTR FM NORMAL:    0.98    2 = FOG REDUCING VISIBILITY
HIGHEST:    81 ON 11    GRTST 24HR  1.13 ON 14-14      TO 1/4 MILE OR LESS
LOWEST:     24 ON  1                               3 = THUNDER
                        SNOW, ICE PELLETS, HAIL    4 = ICE PELLETS
                        TOTAL MONTH:    M          5 = HAIL
                        GRTST 24HR    M  ON   M    6 = FREEZING RAIN OR DRIZZLE
                        GRTST DEPTH:  M  ON   M    7 = DUSTSTORM OR SANDSTORM:
                                                       VSBY 1/2 MILE OR LESS
                                                   8 = SMOKE OR HAZE
[NO. OF DAYS WITH]      [WEATHER - DAYS WITH]      9 = BLOWING SNOW
                                                   X = TORNADO
MAX 32 OR BELOW:   0    0.01 INCH OR MORE:  11
MAX 90 OR ABOVE:   0    0.10 INCH OR MORE:   5
MIN 32 OR BELOW:   1    0.50 INCH OR MORE:   3
MIN  0 OR BELOW:   0    1.00 INCH OR MORE:   1

[HDD (BASE 65) ]
TOTAL THIS MO.   275    CLEAR  (SCALE 0-3)   9
DPTR FM NORMAL   -43    PTCLDY (SCALE 4-7)  10
TOTAL FM JUL 1  5121    CLOUDY (SCALE 8-10)  5
DPTR FM NORMAL   -22

[CDD (BASE 65) ]
TOTAL THIS MO.     0
DPTR FM NORMAL   -14    [PRESSURE DATA]
TOTAL FM JAN 1     0    HIGHEST SLP M ON M
DPTR FM NORMAL   -15    LOWEST  SLP 29.37 ON 14

[REMARKS]
