000
CXUS52 KKEY 180545
CF6EYW
PRELIMINARY LOCAL CLIMATOLOGICAL DATA (WS FORM: F-6)

                                          STATION:   KEY WEST
                                          MONTH:     FEBRUARY
                                          YEAR:      2019
                                          LATITUDE:   24 32 N
                                          LONGITUDE:  81 45 W

  TEMPERATURE IN F:       :PCPN:    SNOW:  WIND      :SUNSHINE: SKY     :PK WND
================================================================================
1   2   3   4   5  6A  6B    7    8   9   10  11  12  13   14  15   16   17  18
                                     12Z  AVG MX 2MIN
DY MAX MIN AVG DEP HDD CDD  WTR  SNW DPTH SPD SPD DIR MIN PSBL S-S WX    SPD DR
================================================================================

 1  80  68  74   4   0   9 0.00  0.0    0  8.5 18 100   M    M   2        22  90
 2  81  72  77   7   0  12    T  0.0    0  4.9 10 120   M    M   2        16 150
 3  82  71  77   7   0  12 0.00  0.0    0  4.6  9 320   M    M   1        11 320
 4  77  67  72   2   0   7 0.00  0.0    0  5.7 12  10   M    M   5 1      15  30
 5  79  67  73   3   0   8 0.00  0.0    0  6.0 12  30   M    M   3        15  20
 6  79  71  75   5   0  10 0.00  0.0    0  9.4 18 100   M    M   1        23 110
 7  81  71  76   6   0  11 0.00  0.0    0  9.3 15  90   M    M   2        21 140
 8  81  72  77   6   0  12    T  0.0    0  7.3 13  30   M    M   2        20  30
 9  80  71  76   5   0  11    T  0.0    0 10.2 18  60   M    M   5        26  60
10  80  72  76   5   0  11 0.31  0.0    0 12.6 22 110   M    M   5        28  90
11  82  76  79   8   0  14 0.04  0.0    0 13.9 24 100   M    M   4 1      29 100
12  83  77  80   9   0  15    T  0.0    0 10.8 16 140   M    M   4        21 150
13  78  65  72   1   0   7 0.84  0.0    0 13.1 26 350   M    M   7 13     37 340
14  76  64  70  -1   0   5 0.00  0.0    0 10.6 18  30   M    M   2 8      27  10
15  80  67  74   3   0   9 0.00  0.0    0  5.5 12  30   M    M   1        16  40
16  81  70  76   5   0  11 0.00  0.0    0  6.2 15 180   M    M   2        19 170
17  82  77  80   9   0  15 0.00  0.0    0 12.4 17 130   M    M   1        21 130
================================================================================
SM 1362 1198         0 179  1.19     0.0 151.0          M       49
================================================================================
AV 80.1 70.5                               8.9 FASTST   M    M   3    MAX(MPH)
                                 MISC ---->  # 26 350               # 37  340
================================================================================
NOTES:
# LAST OF SEVERAL OCCURRENCES

COLUMN 17 PEAK WIND IN M.P.H.

PRELIMINARY LOCAL CLIMATOLOGICAL DATA (WS FORM: F-6) , PAGE 2

                                          STATION:  KEY WEST
                                          MONTH:    FEBRUARY
                                          YEAR:     2019
                                          LATITUDE:   24 32 N
                                          LONGITUDE:  81 45 W

[TEMPERATURE DATA]      [PRECIPITATION DATA]       SYMBOLS USED IN COLUMN 16

AVERAGE MONTHLY: 75.3   TOTAL FOR MONTH:   1.19    1 = FOG OR MIST
DPTR FM NORMAL:   4.7   DPTR FM NORMAL:    0.34    2 = FOG REDUCING VISIBILITY
HIGHEST:    83 ON 12    GRTST 24HR  0.84 ON 13-13      TO 1/4 MILE OR LESS
LOWEST:     64 ON 14                               3 = THUNDER
                        SNOW, ICE PELLETS, HAIL    4 = ICE PELLETS
                        TOTAL MONTH:   0.0 INCH    5 = HAIL
                        GRTST 24HR     0.0         6 = FREEZING RAIN OR DRIZZLE
                        GRTST DEPTH:   0           7 = DUSTSTORM OR SANDSTORM:
                                                       VSBY 1/2 MILE OR LESS
                                                   8 = SMOKE OR HAZE
[NO. OF DAYS WITH]      [WEATHER - DAYS WITH]      9 = BLOWING SNOW
                                                   X = TORNADO
MAX 32 OR BELOW:   0    0.01 INCH OR MORE:   3
MAX 90 OR ABOVE:   0    0.10 INCH OR MORE:   2
MIN 32 OR BELOW:   0    0.50 INCH OR MORE:   1
MIN  0 OR BELOW:   0    1.00 INCH OR MORE:   0

[HDD (BASE 65) ]
TOTAL THIS MO.     0    CLEAR  (SCALE 0-3)  11
DPTR FM NORMAL   -15    PTCLDY (SCALE 4-7)   6
TOTAL FM JUL 1    12    CLOUDY (SCALE 8-10)  0
DPTR FM NORMAL   -54

[CDD (BASE 65) ]
TOTAL THIS MO.   179
DPTR FM NORMAL    73    [PRESSURE DATA]
TOTAL FM JAN 1   390    HIGHEST SLP M ON M
DPTR FM NORMAL   119    LOWEST  SLP 29.89 ON 16

[REMARKS]
