000
CXUS54 KFWD 230730
CF6F44
PRELIMINARY LOCAL CLIMATOLOGICAL DATA (WS FORM: F-6)

                                          STATION:   ATHENS
                                          MONTH:     APRIL
                                          YEAR:      2019
                                          LATITUDE:   32  9 N
                                          LONGITUDE:  95 50 W

  TEMPERATURE IN F:       :PCPN:    SNOW:  WIND      :SUNSHINE: SKY     :PK WND
================================================================================
1   2   3   4   5  6A  6B    7    8   9   10  11  12  13   14  15   16   17  18
                                     12Z  AVG MX 2MIN
DY MAX MIN AVG DEP HDD CDD  WTR  SNW DPTH SPD SPD DIR MIN PSBL S-S WX    SPD DR
================================================================================

 1  55  34  45   M  20   0 0.00  0.0    0  0.9  6 160   M    M   3         M  M
 2  68  32  50   M  15   0 0.00  0.0    0  2.4  9 140   M    M   0         M  M
 3  72  43  58   M   7   0 0.00  0.0    0  6.1 13 150   M    M   6        20 150
 4  82  61  72   M   0   7 0.00  0.0    0  7.0 12 160   M    M   6 1      18  30
 5  72  55  64   M   1   0 0.00  0.0    0  5.0 10 140   M    M  10         M  M
 6  68  59  64   M   1   0 0.98  0.0    0  5.1 14 140   M    M   8 13     20 140
 7  64  61  63   M   2   0 0.57  0.0    0  3.9  9  20   M    M   9 13     20 150
 8  79  57  68   M   0   3 0.33  0.0    0  5.4 22  40   M    M   5        28  40
 9  86  50  68   M   0   3 0.00  0.0    0  0.1  4 360   M    M   0         M  M
10  88  55  72   M   0   7 0.00  0.0    0 10.7 20 170   M    M   0        31 170
11  77  52  65   M   0   0 0.00  0.0    0  6.3 14 180   M    M   0        24 170
12  73  45  59   M   6   0    M  0.0    0  4.9 10  60   M    M   3 3      17  90
13  64  45  55   M  10   0 0.58  0.0    0  7.7 14  90   M    M   9 13     29 290
14  68  43  56   M   9   0 0.00  0.0    0  6.3 13 320   M    M   3        23 320
15  79  43  61   M   4   0 0.00  0.0    0  7.2 16 170   M    M   0        22 180
16  77  57  67   M   0   2 0.00  0.0    0 10.8 16 170   M    M   3        22 170
17  75  64  70   M   0   5 0.04  0.0    0  8.0 15 170   M    M  10 1      22 170
18  70  55  63   M   2   0 1.66  0.0    0  6.9 18 330   M    M   7 13     30 120
19  66  46  56   M   9   0 0.00  0.0    0  7.6 18 350   M    M   2        24 340
20  75  41  58   M   7   0 0.00  0.0    0  1.1  6 190   M    M   0         M  M
21  81  52  67   M   0   2 0.00  0.0    0  8.8 17 170   M    M   0        23 190
22  79  63  71   M   0   6 0.00  0.0    0  8.9 12 180   M    M   5        20 170
================================================================================
SM 1618 1113        93  35  4.16     0.0 131.1          M       89
================================================================================
AV 73.6 50.6                               6.0 FASTST   M    M   4    MAX(MPH)
                                 MISC ---->  # 22  40               # 31  170
================================================================================
NOTES:
# LAST OF SEVERAL OCCURRENCES

COLUMN 17 PEAK WIND IN M.P.H.

PRELIMINARY LOCAL CLIMATOLOGICAL DATA (WS FORM: F-6) , PAGE 2

                                          STATION:  ATHENS
                                          MONTH:    APRIL
                                          YEAR:     2019
                                          LATITUDE:   32  9 N
                                          LONGITUDE:  95 50 W

[TEMPERATURE DATA]      [PRECIPITATION DATA]       SYMBOLS USED IN COLUMN 16

AVERAGE MONTHLY: 62.1   TOTAL FOR MONTH:   4.16    1 = FOG OR MIST
DPTR FM NORMAL:     M   DPTR FM NORMAL:       M    2 = FOG REDUCING VISIBILITY
HIGHEST:    88 ON 10    GRTST 24HR  1.66 ON 18-18      TO 1/4 MILE OR LESS
LOWEST:     32 ON  2                               3 = THUNDER
                        SNOW, ICE PELLETS, HAIL    4 = ICE PELLETS
                        TOTAL MONTH:   0.0 INCH    5 = HAIL
                        GRTST 24HR     0.0         6 = FREEZING RAIN OR DRIZZLE
                        GRTST DEPTH:   0           7 = DUSTSTORM OR SANDSTORM:
                                                       VSBY 1/2 MILE OR LESS
                                                   8 = SMOKE OR HAZE
[NO. OF DAYS WITH]      [WEATHER - DAYS WITH]      9 = BLOWING SNOW
                                                   X = TORNADO
MAX 32 OR BELOW:   0    0.01 INCH OR MORE:   6
MAX 90 OR ABOVE:   0    0.10 INCH OR MORE:   5
MIN 32 OR BELOW:   1    0.50 INCH OR MORE:   4
MIN  0 OR BELOW:   0    1.00 INCH OR MORE:   1

[HDD (BASE 65) ]
TOTAL THIS MO.    93    CLEAR  (SCALE 0-3)  12
DPTR FM NORMAL     M    PTCLDY (SCALE 4-7)   6
TOTAL FM JUL 1  2393    CLOUDY (SCALE 8-10)  4
DPTR FM NORMAL     M

[CDD (BASE 65) ]
TOTAL THIS MO.    35
DPTR FM NORMAL     M    [PRESSURE DATA]
TOTAL FM JAN 1    66    HIGHEST SLP M ON M
DPTR FM NORMAL     M    LOWEST  SLP M ON M

[REMARKS]
