000
CXUS53 KFGF 170915
CF6FAR
PRELIMINARY LOCAL CLIMATOLOGICAL DATA (WS FORM: F-6)

                                          STATION:   FARGO HECTOR INTL AP ND
                                          MONTH:     FEBRUARY
                                          YEAR:      2019
                                          LATITUDE:   46 54 N
                                          LONGITUDE:  96 48 W

  TEMPERATURE IN F:       :PCPN:    SNOW:  WIND      :SUNSHINE: SKY     :PK WND
================================================================================
1   2   3   4   5  6A  6B    7    8   9   10  11  12  13   14  15   16   17  18
                                     12Z  AVG MX 2MIN
DY MAX MIN AVG DEP HDD CDD  WTR  SNW DPTH SPD SPD DIR MIN PSBL S-S WX    SPD DR
================================================================================

 1  17   0   9  -1  56   0 0.00  0.0    8 16.9 30 160   M    M   6 18     40 170
 2  21   6  14   3  51   0 0.00  0.0    8  7.1 16  10   M    M   5 18     21 360
 3  14  -3   6  -5  59   0 0.31  3.3    8 21.1 29 340   M    M   9 1289   35 340
 4  -1 -11  -6 -17  71   0 0.08  0.9   11 19.0 28 330   M    M   8 128    35 330
 5   1 -11  -5 -16  70   0    T    T   11  9.7 15 360   M    M  10 18     20  10
 6   2  -2   0 -12  65   0 0.17  2.7   11 17.0 26 350   M    M  10 128    33 350
 7   0 -10  -5 -17  70   0 0.21  2.7   14 25.2 36 340   M    M  10 128    46 340
 8 -10 -27 -18 -30  83   0 0.00  0.0   16  7.6 18 300   M    M   1 18     23 300
 9   4 -22  -9 -21  74   0    T    T   16  5.3 14  40   M    M   4 18     17  50
10   4 -16  -6 -19  71   0 0.07  0.7    0  8.1 14 360   M    M   5 1      17 350
11  21 -13   4  -9  61   0 0.02  0.8   16  4.9 16 110   M    M   7 18     22 100
12  20  -5   8  -6  57   0 0.11  1.7   18 10.3 21 310   M    M   8 18     24 310
13  12  -4   4 -10  61   0    T    T   18  7.2 17 130   M    M   8 18     21 130
14   9  -6   2 -12  63   0 0.02  0.2   17 18.3 29 330   M    M   6 1289   35 330
15   2 -16  -7 -21  72   0 0.00  0.0   17  7.7 15 290   M    M   0        19 310
16  15 -14   1 -14  64   0 0.00  0.0   17  4.8  9 340   M    M   7        12  60
================================================================================
SM  131 -154      1048   0  0.99    13.0 190.2          M      104
================================================================================
AV  8.2 -9.6                              11.9 FASTST   M    M   7    MAX(MPH)
                                 MISC ---->  # 36 340               # 46  340
================================================================================
NOTES:
# LAST OF SEVERAL OCCURRENCES

COLUMN 17 PEAK WIND IN M.P.H.

PRELIMINARY LOCAL CLIMATOLOGICAL DATA (WS FORM: F-6) , PAGE 2

                                          STATION:  FARGO HECTOR INTL AP ND
                                          MONTH:    FEBRUARY
                                          YEAR:     2019
                                          LATITUDE:   46 54 N
                                          LONGITUDE:  96 48 W

[TEMPERATURE DATA]      [PRECIPITATION DATA]       SYMBOLS USED IN COLUMN 16

AVERAGE MONTHLY: -0.7   TOTAL FOR MONTH:   0.99    1 = FOG OR MIST
DPTR FM NORMAL: -13.2   DPTR FM NORMAL:    0.71    2 = FOG REDUCING VISIBILITY
HIGHEST:    21 ON 11, 2 GRTST 24HR  0.31 ON  3- 3      TO 1/4 MILE OR LESS
LOWEST:    -27 ON  8                               3 = THUNDER
                        SNOW, ICE PELLETS, HAIL    4 = ICE PELLETS
                        TOTAL MONTH:  13.0 INCHES  5 = HAIL
                        GRTST 24HR   3.3 ON  3- 3  6 = FREEZING RAIN OR DRIZZLE
                        GRTST DEPTH:  18 ON 13,12  7 = DUSTSTORM OR SANDSTORM:
                                                       VSBY 1/2 MILE OR LESS
                                                   8 = SMOKE OR HAZE
[NO. OF DAYS WITH]      [WEATHER - DAYS WITH]      9 = BLOWING SNOW
                                                   X = TORNADO
MAX 32 OR BELOW:  16    0.01 INCH OR MORE:   8
MAX 90 OR ABOVE:   0    0.10 INCH OR MORE:   4
MIN 32 OR BELOW:  16    0.50 INCH OR MORE:   0
MIN  0 OR BELOW:  15    1.00 INCH OR MORE:   0

[HDD (BASE 65) ]
TOTAL THIS MO.  1048    CLEAR  (SCALE 0-3)   2
DPTR FM NORMAL   207    PTCLDY (SCALE 4-7)   9
TOTAL FM JUL 1  6554    CLOUDY (SCALE 8-10)  5
DPTR FM NORMAL   445

[CDD (BASE 65) ]
TOTAL THIS MO.     0
DPTR FM NORMAL     0    [PRESSURE DATA]
TOTAL FM JAN 1     0    HIGHEST SLP M ON M
DPTR FM NORMAL     0    LOWEST  SLP 29.62 ON  2

[REMARKS]
