000
CXUS56 KHNX 251146
CF6FAT
PRELIMINARY LOCAL CLIMATOLOGICAL DATA (WS FORM: F-6)

                                          STATION:   FRESNO CA
                                          MONTH:     APRIL
                                          YEAR:      2019
                                          LATITUDE:   36 46 N
                                          LONGITUDE: 119 43 W

  TEMPERATURE IN F:       :PCPN:    SNOW:  WIND      :SUNSHINE: SKY     :PK WND
================================================================================
1   2   3   4   5  6A  6B    7    8   9   10  11  12  13   14  15   16   17  18
                                     12Z  AVG MX 2MIN
DY MAX MIN AVG DEP HDD CDD  WTR  SNW DPTH SPD SPD DIR MIN PSBL S-S WX    SPD DR
================================================================================

 1  79  51  65   6   0   0 0.00  0.0    0  6.0 17 340   M    M   7        22 340
 2  76  54  65   6   0   0 0.14  0.0    0  7.7 26 330   M    M   8 38     32 320
 3  71  50  61   2   4   0 0.00  0.0    0  3.4  8 330   M    M   6        11 300
 4  67  51  59   0   6   0 0.00  0.0    0  4.6 12 320   M    M   7 1      15 210
 5  69  53  61   2   4   0    T  0.0    0  4.6 14 320   M    M   6        18 320
 6  77  51  64   4   1   0 0.00  0.0    0  4.8 15 310   M    M   7        20 280
 7  81  54  68   8   0   3 0.00  0.0    0  5.7 14 310   M    M   4        18 310
 8  80  60  70  10   0   5 0.00  0.0    0  7.5 18 310   M    M  10 8      24 300
 9  69  53  61   1   4   0 0.00  0.0    0 20.0 40 310   M    M   5 78     50 310
10  72  47  60   0   5   0 0.00  0.0    0  8.8 24 300   M    M   1 8      29 310
11  67  48  58  -3   7   0 0.00  0.0    0  8.5 23 320   M    M   5        29 310
12  72  46  59  -2   6   0 0.00  0.0    0  4.8 13 310   M    M   4        18 310
13  80  52  66   5   0   1 0.00  0.0    0  4.1 13 300   M    M   4        14 300
14  83  55  69   8   0   4 0.00  0.0    0  6.3 17 300   M    M   3        20 300
15  76  53  65   3   0   0 0.08  0.0    0  9.7 21 320   M    M   9        27 330
16  68  52  60  -2   5   0 0.17  0.0    0  9.0 22 290   M    M   7 18     25 290
17  76  52  64   2   1   0 0.00  0.0    0  3.3 10 270   M    M   3        15 290
18  89  56  73  11   0   8 0.00  0.0    0  3.3  8 320   M    M   4 8      11 330
19  91  59  75  12   0  10 0.00  0.0    0  6.2 16 320   M    M   7 8      21 320
20  77  54  66   3   0   1 0.00  0.0    0 13.2 24 310   M    M   6 8      29 310
21  74  49  62  -1   3   0 0.00  0.0    0  5.8 15 280   M    M   3        19 290
22  81  55  68   4   0   3 0.00  0.0    0  4.3 14 280   M    M   1 8      20 270
23  89  61  75  11   0  10 0.00  0.0    0  5.5 13 310   M    M   3        14 310
24  93  64  79  15   0  14 0.00  0.0    0  4.6 10 310   M    M   1        14 150
================================================================================
SM 1857 1280        46  59  0.39     0.0 161.7          M      121
================================================================================
AV 77.4 53.3                               6.7 FASTST   M    M   5    MAX(MPH)
                                 MISC ---->  # 40 310               # 50  310
================================================================================
NOTES:
# LAST OF SEVERAL OCCURRENCES

COLUMN 17 PEAK WIND IN M.P.H.

PRELIMINARY LOCAL CLIMATOLOGICAL DATA (WS FORM: F-6) , PAGE 2

                                          STATION:  FRESNO CA
                                          MONTH:    APRIL
                                          YEAR:     2019
                                          LATITUDE:   36 46 N
                                          LONGITUDE: 119 43 W

[TEMPERATURE DATA]      [PRECIPITATION DATA]       SYMBOLS USED IN COLUMN 16

AVERAGE MONTHLY: 65.4   TOTAL FOR MONTH:   0.39    1 = FOG OR MIST
DPTR FM NORMAL:   4.2   DPTR FM NORMAL:   -0.41    2 = FOG REDUCING VISIBILITY
HIGHEST:    93 ON 24    GRTST 24HR  0.17 ON 16-16      TO 1/4 MILE OR LESS
LOWEST:     46 ON 12                               3 = THUNDER
                        SNOW, ICE PELLETS, HAIL    4 = ICE PELLETS
                        TOTAL MONTH:   0.0 INCH    5 = HAIL
                        GRTST 24HR     0.0         6 = FREEZING RAIN OR DRIZZLE
                        GRTST DEPTH:   0           7 = DUSTSTORM OR SANDSTORM:
                                                       VSBY 1/2 MILE OR LESS
                                                   8 = SMOKE OR HAZE
[NO. OF DAYS WITH]      [WEATHER - DAYS WITH]      9 = BLOWING SNOW
                                                   X = TORNADO
MAX 32 OR BELOW:   0    0.01 INCH OR MORE:   3
MAX 90 OR ABOVE:   2    0.10 INCH OR MORE:   2
MIN 32 OR BELOW:   0    0.50 INCH OR MORE:   0
MIN  0 OR BELOW:   0    1.00 INCH OR MORE:   0

[HDD (BASE 65) ]
TOTAL THIS MO.    46    CLEAR  (SCALE 0-3)   6
DPTR FM NORMAL   -76    PTCLDY (SCALE 4-7)  15
TOTAL FM JUL 1  1769    CLOUDY (SCALE 8-10)  3
DPTR FM NORMAL  -530

[CDD (BASE 65) ]
TOTAL THIS MO.    59
DPTR FM NORMAL    28    [PRESSURE DATA]
TOTAL FM JAN 1    64    HIGHEST SLP M ON M
DPTR FM NORMAL    28    LOWEST  SLP 29.76 ON 19

[REMARKS]
