000
CXUS52 KRAH 201345
CF6FAY
PRELIMINARY LOCAL CLIMATOLOGICAL DATA (WS FORM: F-6)

                                          STATION:   FAYETTEVILLE REGL AIRPORT NC
                                          MONTH:     APRIL
                                          YEAR:      2019
                                          LATITUDE:   35  0 N
                                          LONGITUDE:  78 53 W

  TEMPERATURE IN F:       :PCPN:    SNOW:  WIND      :SUNSHINE: SKY     :PK WND
================================================================================
1   2   3   4   5  6A  6B    7    8   9   10  11  12  13   14  15   16   17  18
                                     12Z  AVG MX 2MIN
DY MAX MIN AVG DEP HDD CDD  WTR  SNW DPTH SPD SPD DIR MIN PSBL S-S WX    SPD DR
================================================================================

 1  55  38  47 -12  18   0 0.00    M    M  9.5 20  10   M    M   0        26  10
 2  43  35  39 -20  26   0 0.70    M    M 11.5 24  10   M    M   8 1      30  20
 3  69  33  51  -9  14   0 0.00    M    M  6.3 16 230   M    M   0 1      21 220
 4  76  43  60   0   5   0 0.00    M    M  5.7 16 180   M    M   0 8      26 170
 5  62  55  59  -1   6   0 0.67    M    M  7.5 23 100   M    M   8 1      28 100
 6  70  54  62   2   3   0 0.00    M    M  5.3 10  30   M    M   7 1      13  30
 7  73  55  64   3   1   0 0.00    M    M  4.2 12 180   M    M   8 12     16 180
 8  85  56  71  10   0   6 0.39    M    M  7.5 38 260   M    M   4 1238   45 260
 9  75  64  70   9   0   5 0.08    M    M  7.3 17 270   M    M   7 1      22 270
10  78  59  69   8   0   4 0.00    M    M  7.2 17  40   M    M   0        23  30
11  82  50  66   4   0   1 0.00    M    M  6.9 21 130   M    M   0        24 140
12  74  61  68   6   0   3 1.95    M    M 10.8 22 140   M    M   8 123    30 130
13  82  68  75  13   0  10 0.05    M    M  6.9 15 150   M    M   7 1      19 140
14  83  69  76  14   0  11 0.23    M    M 13.0 23 180   M    M   8 13     32 190
15  76  53  65   2   0   0 0.01    M    M 15.5 29 220   M    M   1        43 220
16  70  42  56  -7   9   0 0.00    M    M  6.8 15 360   M    M   0        20 340
17  83  49  66   3   0   1 0.00    M    M  8.6 18 250   M    M   0        22 250
18  83  59  71   8   0   6 0.00    M    M 11.5 21 170   M    M   1        29 150
19  77  66  72   8   0   7 0.81    M    M 14.4 48 140   M    M  10 138    64 180
================================================================================
SM 1396 1009        82  54  4.89    M    166.4          M       77
================================================================================
AV 73.5 53.1                               8.8 FASTST   M    M   4    MAX(MPH)
                                 MISC ---->  # 48 140               # 64  180
================================================================================
NOTES:
# LAST OF SEVERAL OCCURRENCES

COLUMN 17 PEAK WIND IN M.P.H.

PRELIMINARY LOCAL CLIMATOLOGICAL DATA (WS FORM: F-6) , PAGE 2

                                          STATION:  FAYETTEVILLE REGL AIRPORT NC
                                          MONTH:    APRIL
                                          YEAR:     2019
                                          LATITUDE:   35  0 N
                                          LONGITUDE:  78 53 W

[TEMPERATURE DATA]      [PRECIPITATION DATA]       SYMBOLS USED IN COLUMN 16

AVERAGE MONTHLY: 63.3   TOTAL FOR MONTH:   4.89    1 = FOG OR MIST
DPTR FM NORMAL:   1.9   DPTR FM NORMAL:    2.95    2 = FOG REDUCING VISIBILITY
HIGHEST:    85 ON  8    GRTST 24HR  1.95 ON 12-12      TO 1/4 MILE OR LESS
LOWEST:     33 ON  3                               3 = THUNDER
                        SNOW, ICE PELLETS, HAIL    4 = ICE PELLETS
                        TOTAL MONTH:    M          5 = HAIL
                        GRTST 24HR    M  ON   M    6 = FREEZING RAIN OR DRIZZLE
                        GRTST DEPTH:  M  ON   M    7 = DUSTSTORM OR SANDSTORM:
                                                       VSBY 1/2 MILE OR LESS
                                                   8 = SMOKE OR HAZE
[NO. OF DAYS WITH]      [WEATHER - DAYS WITH]      9 = BLOWING SNOW
                                                   X = TORNADO
MAX 32 OR BELOW:   0    0.01 INCH OR MORE:   9
MAX 90 OR ABOVE:   0    0.10 INCH OR MORE:   6
MIN 32 OR BELOW:   0    0.50 INCH OR MORE:   4
MIN  0 OR BELOW:   0    1.00 INCH OR MORE:   1

[HDD (BASE 65) ]
TOTAL THIS MO.    82    CLEAR  (SCALE 0-3)   9
DPTR FM NORMAL   -23    PTCLDY (SCALE 4-7)   7
TOTAL FM JUL 1  2459    CLOUDY (SCALE 8-10)  3
DPTR FM NORMAL  -215

[CDD (BASE 65) ]
TOTAL THIS MO.    54
DPTR FM NORMAL    22    [PRESSURE DATA]
TOTAL FM JAN 1    70    HIGHEST SLP M ON M
DPTR FM NORMAL    22    LOWEST  SLP 29.44 ON 19

[REMARKS]
