000
CXUS52 KRAH 181345
CF6FAY
PRELIMINARY LOCAL CLIMATOLOGICAL DATA (WS FORM: F-6)

                                          STATION:   FAYETTEVILLE REGL AIRPORT NC
                                          MONTH:     FEBRUARY
                                          YEAR:      2019
                                          LATITUDE:   35  0 N
                                          LONGITUDE:  78 53 W

  TEMPERATURE IN F:       :PCPN:    SNOW:  WIND      :SUNSHINE: SKY     :PK WND
================================================================================
1   2   3   4   5  6A  6B    7    8   9   10  11  12  13   14  15   16   17  18
                                     12Z  AVG MX 2MIN
DY MAX MIN AVG DEP HDD CDD  WTR  SNW DPTH SPD SPD DIR MIN PSBL S-S WX    SPD DR
================================================================================

 1  60  26  43  -2  22   0 0.00    M    M  4.2 15 220   M    M   2        20 210
 2  65  32  49   4  16   0 0.00    M    M  2.9  8  50   M    M   0        11  40
 3  59  38  49   3  16   0 0.00    M    M  5.2 10  30   M    M   5        13  20
 4  71  39  55   9  10   0 0.00    M    M  6.1 17  10   M    M   0        22  20
 5  78  39  59  13   6   0 0.00    M    M  3.4  8 310   M    M   1 1      11 330
 6  79  47  63  17   2   0 0.00    M    M  7.0 20 220   M    M   3 1      24 230
 7  81  59  70  24   0   5 0.00    M    M 11.9 23 240   M    M   0        29 250
 8  82  50  66  20   0   1 0.00    M    M 12.6 25 320   M    M   0        31 300
 9  50  32  41  -5  24   0 0.00    M    M  9.7 24  10   M    M   1        31 360
10  50  26  38  -8  27   0 0.00    M    M  5.4 12  20   M    M   6        14  30
11  48  41  45  -2  20   0 0.17    M    M  3.8  9 360   M    M  10 18     11 350
12  70  46  58  11   7   0 0.38    M    M  5.7 29 270   M    M   7 128    36 270
13  59  42  51   4  14   0 0.03    M    M 10.8 22 250   M    M   2        28 270
14  66  30  48   1  17   0 0.00    M    M  5.3 14 150   M    M   0        19 160
15  70  51  61  14   4   0 0.00    M    M 10.7 22 220   M    M   3        28 220
16  60  40  50   3  15   0 0.68    M    M 10.1 25  30   M    M  10 18     33  20
17  43  38  41  -7  24   0 0.01    M    M  5.1 10  20   M    M   9 18     13  30
================================================================================
SM 1091  676       224   6  1.27    M    119.9          M       59
================================================================================
AV 64.2 39.8                               7.1 FASTST   M    M   3    MAX(MPH)
                                 MISC ---->  # 29 270               # 36  270
================================================================================
NOTES:
# LAST OF SEVERAL OCCURRENCES

COLUMN 17 PEAK WIND IN M.P.H.

PRELIMINARY LOCAL CLIMATOLOGICAL DATA (WS FORM: F-6) , PAGE 2

                                          STATION:  FAYETTEVILLE REGL AIRPORT NC
                                          MONTH:    FEBRUARY
                                          YEAR:     2019
                                          LATITUDE:   35  0 N
                                          LONGITUDE:  78 53 W

[TEMPERATURE DATA]      [PRECIPITATION DATA]       SYMBOLS USED IN COLUMN 16

AVERAGE MONTHLY: 52.0   TOTAL FOR MONTH:   1.27    1 = FOG OR MIST
DPTR FM NORMAL:   5.6   DPTR FM NORMAL:   -0.37    2 = FOG REDUCING VISIBILITY
HIGHEST:    82 ON  8    GRTST 24HR  0.68 ON 16-16      TO 1/4 MILE OR LESS
LOWEST:     26 ON 10, 1                            3 = THUNDER
                        SNOW, ICE PELLETS, HAIL    4 = ICE PELLETS
                        TOTAL MONTH:    M          5 = HAIL
                        GRTST 24HR    M  ON   M    6 = FREEZING RAIN OR DRIZZLE
                        GRTST DEPTH:  M  ON   M    7 = DUSTSTORM OR SANDSTORM:
                                                       VSBY 1/2 MILE OR LESS
                                                   8 = SMOKE OR HAZE
[NO. OF DAYS WITH]      [WEATHER - DAYS WITH]      9 = BLOWING SNOW
                                                   X = TORNADO
MAX 32 OR BELOW:   0    0.01 INCH OR MORE:   5
MAX 90 OR ABOVE:   0    0.10 INCH OR MORE:   3
MIN 32 OR BELOW:   5    0.50 INCH OR MORE:   1
MIN  0 OR BELOW:   0    1.00 INCH OR MORE:   0

[HDD (BASE 65) ]
TOTAL THIS MO.   224    CLEAR  (SCALE 0-3)  11
DPTR FM NORMAL   -96    PTCLDY (SCALE 4-7)   3
TOTAL FM JUL 1  1826    CLOUDY (SCALE 8-10)  3
DPTR FM NORMAL  -220

[CDD (BASE 65) ]
TOTAL THIS MO.     6
DPTR FM NORMAL     6    [PRESSURE DATA]
TOTAL FM JAN 1     9    HIGHEST SLP M ON M
DPTR FM NORMAL     7    LOWEST  SLP 29.71 ON 16

[REMARKS]
