000
CXUS54 KOUN 230700
CF6FDR
PRELIMINARY LOCAL CLIMATOLOGICAL DATA (WS FORM: F-6)

                                          STATION:   FREDERICK MUNICIPAL
                                          MONTH:     APRIL
                                          YEAR:      2019
                                          LATITUDE:   34 21 N
                                          LONGITUDE:  98 59 W

  TEMPERATURE IN F:       :PCPN:    SNOW:  WIND      :SUNSHINE: SKY     :PK WND
================================================================================
1   2   3   4   5  6A  6B    7    8   9   10  11  12  13   14  15   16   17  18
                                     12Z  AVG MX 2MIN
DY MAX MIN AVG DEP HDD CDD  WTR  SNW DPTH SPD SPD DIR MIN PSBL S-S WX    SPD DR
================================================================================

 1  61  39  50  -9  15   0 0.00  0.0    0  7.4 14 220   M    M   4        22 240
 2  76  36  56  -3   9   0 0.00  0.0    0 14.1 26 160   M    M   0        35 170
 3   M   M   M   M   M   M    M    M    M   M   M   M   M    M   M         M  M
 4  77  54  66   6   0   1 0.00  0.0    0 10.3 21 350   M    M   3 12     25 340
 5  80  50  65   5   0   0 0.00  0.0    0  9.7 20 130   M    M   0 1      23 130
 6  77  58  68   8   0   3 0.32  0.0    0  8.9 24 220   M    M   4 13     29 290
 7  75  56  66   6   0   1    T  0.0    0  6.8 16  80   M    M   3 12     22  70
 8  84  54  69   8   0   4 0.00  0.0    0  7.4 15 360   M    M   0        19  10
 9  89  52  71  10   0   6    T  0.0    0 11.1 26 170   M    M   0        33 150
10  91  57  74  13   0   9 0.00  0.0    0 15.1 29 300   M    M   1 8      36 160
11  72  43  58  -3   7   0 0.00  0.0    0 16.4 32 320   M    M   0        39 330
12  63  38  51 -11  14   0    T  0.0    0 13.0 22 110   M    M   1        27 110
13  52  41  47 -15  18   0 2.80  0.0    0 22.4 43  10   M    M   9 138    52  10
14  65  37  51 -11  14   0 0.00  0.0    0 11.0 21 190   M    M   1        25 200
15  81  44  63   1   2   0 0.00  0.0    0 15.4 29 190   M    M   0        33 190
16  72  53  63   0   2   0 0.00  0.0    0 14.2 25 170   M    M   0        31 170
17  83  57  70   7   0   5 0.00  0.0    0 10.5 22 330   M    M   3 1      27 330
18  74  50  62  -1   3   0 0.03  0.0    0 19.0 46 340   M    M   1 18     61 330
19  70  46  58  -6   7   0 0.00  0.0    0 12.2 24 340   M    M   0        28  10
20  83  44  64   0   1   0 0.00  0.0    0 10.9 25 170   M    M   0        31 170
21  87  54  71   7   0   6 0.00  0.0    0 17.9 28 170   M    M   0        35 180
22  77  59  68   4   0   3 0.03  0.0    0 10.9 20 170   M    M   6 3      23 190
================================================================================
SM 1589 1022        92  38  3.18     0.0 264.6          M       36
================================================================================
AV 75.7 48.7                              12.6 FASTST   M    M   2    MAX(MPH)
                                 MISC ---->  # 46 340               # 61  330
================================================================================
NOTES:
# LAST OF SEVERAL OCCURRENCES

COLUMN 17 PEAK WIND IN M.P.H.

PRELIMINARY LOCAL CLIMATOLOGICAL DATA (WS FORM: F-6) , PAGE 2

                                          STATION:  FREDERICK MUNICIPAL
                                          MONTH:    APRIL
                                          YEAR:     2019
                                          LATITUDE:   34 21 N
                                          LONGITUDE:  98 59 W

[TEMPERATURE DATA]      [PRECIPITATION DATA]       SYMBOLS USED IN COLUMN 16

AVERAGE MONTHLY: 62.2   TOTAL FOR MONTH:   3.18    1 = FOG OR MIST
DPTR FM NORMAL:   0.6   DPTR FM NORMAL:    1.52    2 = FOG REDUCING VISIBILITY
HIGHEST:    91 ON 10    GRTST 24HR  2.80 ON 13-13      TO 1/4 MILE OR LESS
LOWEST:     36 ON  2                               3 = THUNDER
                        SNOW, ICE PELLETS, HAIL    4 = ICE PELLETS
                        TOTAL MONTH:   0.0 INCH    5 = HAIL
                        GRTST 24HR     0.0         6 = FREEZING RAIN OR DRIZZLE
                        GRTST DEPTH:   0           7 = DUSTSTORM OR SANDSTORM:
                                                       VSBY 1/2 MILE OR LESS
                                                   8 = SMOKE OR HAZE
[NO. OF DAYS WITH]      [WEATHER - DAYS WITH]      9 = BLOWING SNOW
                                                   X = TORNADO
MAX 32 OR BELOW:   0    0.01 INCH OR MORE:   4
MAX 90 OR ABOVE:   1    0.10 INCH OR MORE:   2
MIN 32 OR BELOW:   0    0.50 INCH OR MORE:   1
MIN  0 OR BELOW:   0    1.00 INCH OR MORE:   1

[HDD (BASE 65) ]
TOTAL THIS MO.    92    CLEAR  (SCALE 0-3)  15
DPTR FM NORMAL   -22    PTCLDY (SCALE 4-7)   5
TOTAL FM JUL 1  3134    CLOUDY (SCALE 8-10)  1
DPTR FM NORMAL   124

[CDD (BASE 65) ]
TOTAL THIS MO.    38
DPTR FM NORMAL    -1    [PRESSURE DATA]
TOTAL FM JAN 1    47    HIGHEST SLP M ON M
DPTR FM NORMAL   -10    LOWEST  SLP 29.23 ON 10

[REMARKS]
