000
CXUS53 KLMK 220800
CF6FFT
PRELIMINARY LOCAL CLIMATOLOGICAL DATA (WS FORM: F-6)

                                          STATION:   FRANKFORT KY
                                          MONTH:     JULY
                                          YEAR:      2019
                                          LATITUDE:   38 10 N
                                          LONGITUDE:  84 54 W

  TEMPERATURE IN F:       :PCPN:    SNOW:  WIND      :SUNSHINE: SKY     :PK WND
================================================================================
1   2   3   4   5  6A  6B    7    8   9   10  11  12  13   14  15   16   17  18
                                     12Z  AVG MX 2MIN
DY MAX MIN AVG DEP HDD CDD  WTR  SNW DPTH SPD SPD DIR MIN PSBL S-S WX    SPD DR
================================================================================

 1  90  67  79   3   0  14 0.00    M    M  4.1 12 310   M    M   1 1      16 320
 2  92  70  81   5   0  16 0.25    M    M  4.6 17 260   M    M   1 13     25 240
 3  91  68  80   4   0  15 0.10    M    M  4.0 15 220   M    M   2 13     23 230
 4  89  68  79   3   0  14 0.00    M    M  4.0 14 230   M    M   4 1      19 230
 5  92  71  82   6   0  17 0.00    M    M  3.7 10 220   M    M   3 12     15 210
 6  90  72  81   5   0  16 0.00    M    M  4.6 14 230   M    M   2        20 260
 7  93  72  83   7   0  18 0.00    M    M  3.6 12 340   M    M   2 18     15 340
 8  89  72  81   5   0  16 0.00    M    M  5.3 12 360   M    M   3 8      16  10
 9  93  68  81   5   0  16 0.00    M    M  2.0  9  80   M    M   2        14 110
10  93  70  82   6   0  17 0.00    M    M  2.5 12 280   M    M   1        15 230
11  90  71  81   5   0  16 0.05    M    M  5.5 22 220   M    M   3 13     29 260
12  90  66  78   2   0  13 0.00    M    M  3.4 10 320   M    M   0        16 250
13  92  61  77   1   0  12 0.00    M    M  1.9 10 300   M    M   0        15 300
14  91  68  80   4   0  15 0.00    M    M  5.3 14 220   M    M   3 3      20 200
15  93  71  82   6   0  17 0.02    M    M  2.7 18  50   M    M   3 13     25  30
16  94  74  84   8   0  19 0.01    M    M 10.8 23 190   M    M   3        33 200
17  90  74  82   6   0  17 0.70    M    M  7.8 17 320   M    M   7 13     26 290
18  91  73  82   6   0  17 0.00    M    M  5.8 13 230   M    M   3 1      18 240
19  95  76  86  10   0  21 0.00    M    M  6.9 17 220   M    M   2        23 220
20  95  74  85   9   0  20 0.00    M    M  4.6 15 230   M    M   1 1      21 230
21  90  73  82   6   0  17 1.30    M    M  6.0 20 160   M    M   2 13     27 170
================================================================================
SM 1923 1479         0 343  2.43    M     99.1          M       48
================================================================================
AV 91.6 70.4                               4.7 FASTST   M    M   2    MAX(MPH)
                                 MISC ---->  # 23 190               # 33  200
================================================================================
NOTES:
# LAST OF SEVERAL OCCURRENCES

COLUMN 17 PEAK WIND IN M.P.H.

PRELIMINARY LOCAL CLIMATOLOGICAL DATA (WS FORM: F-6) , PAGE 2

                                          STATION:  FRANKFORT KY
                                          MONTH:    JULY
                                          YEAR:     2019
                                          LATITUDE:   38 10 N
                                          LONGITUDE:  84 54 W

[TEMPERATURE DATA]      [PRECIPITATION DATA]       SYMBOLS USED IN COLUMN 16

AVERAGE MONTHLY: 81.0   TOTAL FOR MONTH:   2.43    1 = FOG OR MIST
DPTR FM NORMAL:   5.0   DPTR FM NORMAL:   -0.53    2 = FOG REDUCING VISIBILITY
HIGHEST:    95 ON 20,19 GRTST 24HR  1.30 ON 21-21      TO 1/4 MILE OR LESS
LOWEST:     61 ON 13                               3 = THUNDER
                        SNOW, ICE PELLETS, HAIL    4 = ICE PELLETS
                        TOTAL MONTH:    M          5 = HAIL
                        GRTST 24HR    M  ON   M    6 = FREEZING RAIN OR DRIZZLE
                        GRTST DEPTH:  M  ON   M    7 = DUSTSTORM OR SANDSTORM:
                                                       VSBY 1/2 MILE OR LESS
                                                   8 = SMOKE OR HAZE
[NO. OF DAYS WITH]      [WEATHER - DAYS WITH]      9 = BLOWING SNOW
                                                   X = TORNADO
MAX 32 OR BELOW:   0    0.01 INCH OR MORE:   7
MAX 90 OR ABOVE:  19    0.10 INCH OR MORE:   4
MIN 32 OR BELOW:   0    0.50 INCH OR MORE:   2
MIN  0 OR BELOW:   0    1.00 INCH OR MORE:   1

[HDD (BASE 65) ]
TOTAL THIS MO.     0    CLEAR  (SCALE 0-3)  19
DPTR FM NORMAL     0    PTCLDY (SCALE 4-7)   2
TOTAL FM JUL 1     0    CLOUDY (SCALE 8-10)  0
DPTR FM NORMAL     0

[CDD (BASE 65) ]
TOTAL THIS MO.   343
DPTR FM NORMAL   112    [PRESSURE DATA]
TOTAL FM JAN 1   798    HIGHEST SLP M ON M
DPTR FM NORMAL   232    LOWEST  SLP 29.80 ON 11

[REMARKS]
