000
CXUS53 KLMK 180800
CF6FFT
PRELIMINARY LOCAL CLIMATOLOGICAL DATA (WS FORM: F-6)

                                          STATION:   FRANKFORT KY
                                          MONTH:     APRIL
                                          YEAR:      2019
                                          LATITUDE:   38 10 N
                                          LONGITUDE:  84 54 W

  TEMPERATURE IN F:       :PCPN:    SNOW:  WIND      :SUNSHINE: SKY     :PK WND
================================================================================
1   2   3   4   5  6A  6B    7    8   9   10  11  12  13   14  15   16   17  18
                                     12Z  AVG MX 2MIN
DY MAX MIN AVG DEP HDD CDD  WTR  SNW DPTH SPD SPD DIR MIN PSBL S-S WX    SPD DR
================================================================================

 1  49  22  36 -14  29   0 0.00    M    M  3.7 13  60   M    M   0        17  50
 2  60  31  46  -5  19   0 0.00    M    M  4.1 14 230   M    M   0        23 240
 3  67  38  53   2  12   0 0.00    M    M  4.0 15 230   M    M   0 28     25 270
 4  75  47  61  10   4   0 0.02    M    M  6.9 26 200   M    M   2        36 200
 5  61  52  57   5   8   0 0.32    M    M  3.5  9 230   M    M  10 1      17  90
 6  71  52  62  10   3   0 0.00    M    M  2.6 10 120   M    M   7 18     14  80
 7  72  51  62  10   3   0 0.78    M    M  7.8 16 230   M    M   4 13     25 200
 8  71  58  65  12   0   0 0.05    M    M  5.9 15 230   M    M   5        21 230
 9  75  47  61   8   4   0 0.00    M    M  5.1 15 340   M    M   0 1      22 290
10  74  41  58   4   7   0 0.00    M    M  4.9 13 100   M    M   0        18  80
11  83  53  68  14   0   3 0.00    M    M 10.6 25 200   M    M   1        36 200
12  74  50  62   8   3   0 0.05    M    M 10.2 25 180   M    M   3        42 180
13  70  44  57   3   8   0 0.03    M    M  2.9 12  40   M    M   3        16  60
14  81  41  61   6   4   0 1.03    M    M 14.9 38 220   M    M   8 13     51 230
15  52  39  46  -9  19   0 0.00    M    M  7.0 20 260   M    M   7        35 300
16  78  40  59   4   6   0 0.00    M    M  9.0 24 230   M    M   0        34 230
17  77  55  66  10   0   1 0.00    M    M  8.8 20 170   M    M   1        27 160
================================================================================
SM 1190  761       129   4  2.28    M    111.9          M       51
================================================================================
AV 70.0 44.8                               6.6 FASTST   M    M   3    MAX(MPH)
                                 MISC ---->  # 38 220               # 51  230
================================================================================
NOTES:
# LAST OF SEVERAL OCCURRENCES

COLUMN 17 PEAK WIND IN M.P.H.

PRELIMINARY LOCAL CLIMATOLOGICAL DATA (WS FORM: F-6) , PAGE 2

                                          STATION:  FRANKFORT KY
                                          MONTH:    APRIL
                                          YEAR:     2019
                                          LATITUDE:   38 10 N
                                          LONGITUDE:  84 54 W

[TEMPERATURE DATA]      [PRECIPITATION DATA]       SYMBOLS USED IN COLUMN 16

AVERAGE MONTHLY: 57.4   TOTAL FOR MONTH:   2.28    1 = FOG OR MIST
DPTR FM NORMAL:   4.3   DPTR FM NORMAL:    0.37    2 = FOG REDUCING VISIBILITY
HIGHEST:    83 ON 11    GRTST 24HR  1.03 ON 14-14      TO 1/4 MILE OR LESS
LOWEST:     22 ON  1                               3 = THUNDER
                        SNOW, ICE PELLETS, HAIL    4 = ICE PELLETS
                        TOTAL MONTH:    M          5 = HAIL
                        GRTST 24HR    M  ON   M    6 = FREEZING RAIN OR DRIZZLE
                        GRTST DEPTH:  M  ON   M    7 = DUSTSTORM OR SANDSTORM:
                                                       VSBY 1/2 MILE OR LESS
                                                   8 = SMOKE OR HAZE
[NO. OF DAYS WITH]      [WEATHER - DAYS WITH]      9 = BLOWING SNOW
                                                   X = TORNADO
MAX 32 OR BELOW:   0    0.01 INCH OR MORE:   7
MAX 90 OR ABOVE:   0    0.10 INCH OR MORE:   3
MIN 32 OR BELOW:   2    0.50 INCH OR MORE:   2
MIN  0 OR BELOW:   0    1.00 INCH OR MORE:   1

[HDD (BASE 65) ]
TOTAL THIS MO.   129    CLEAR  (SCALE 0-3)  11
DPTR FM NORMAL   -83    PTCLDY (SCALE 4-7)   5
TOTAL FM JUL 1  4175    CLOUDY (SCALE 8-10)  1
DPTR FM NORMAL  -301

[CDD (BASE 65) ]
TOTAL THIS MO.     4
DPTR FM NORMAL    -5    [PRESSURE DATA]
TOTAL FM JAN 1     6    HIGHEST SLP M ON M
DPTR FM NORMAL    -5    LOWEST  SLP 29.31 ON 14

[REMARKS]
