000
CXUS53 KLMK 230800
CF6FFT
PRELIMINARY LOCAL CLIMATOLOGICAL DATA (WS FORM: F-6)

                                          STATION:   FRANKFORT KY
                                          MONTH:     FEBRUARY
                                          YEAR:      2019
                                          LATITUDE:   38 10 N
                                          LONGITUDE:  84 54 W

  TEMPERATURE IN F:       :PCPN:    SNOW:  WIND      :SUNSHINE: SKY     :PK WND
================================================================================
1   2   3   4   5  6A  6B    7    8   9   10  11  12  13   14  15   16   17  18
                                     12Z  AVG MX 2MIN
DY MAX MIN AVG DEP HDD CDD  WTR  SNW DPTH SPD SPD DIR MIN PSBL S-S WX    SPD DR
================================================================================

 1  34  24  29  -5  36   0    T    M    M  3.3  7 130   M    M  10 128     9 350
 2  58  29  44  10  21   0 0.00    M    M  3.5 13 230   M    M   7 12     17 220
 3  69  36  53  19  12   0 0.00    M    M  3.5 15 230   M    M   5        20 220
 4  62  40  51  17  14   0 0.08    M    M  7.3 16 190   M    M   6 1      24 180
 5  62  52  57  23   8   0 0.01    M    M  3.9  9 230   M    M  10 12     13 210
 6  65  53  59  25   6   0 0.80    M    M  5.8 18 190   M    M   9 1      31 190
 7  71  40  56  21   9   0 1.16    M    M 10.0 28 210   M    M   9 128    42 210
 8  40  21  31  -4  34   0 0.00    M    M 10.1 21 270   M    M   5        29 270
 9  34  17  26  -9  39   0 0.00    M    M  6.6 13  40   M    M   0        18  40
10  42  23  33  -2  32   0 0.31    M    M  5.3 10  90   M    M   8 1      16  90
11  51  42  47  11  18   0 0.94    M    M  4.2 10  90   M    M  10 1      14  90
12  57  34  46  10  19   0 1.06    M    M 12.3 25 280   M    M  10 1      46 260
13  42  28  35  -1  30   0 0.00    M    M 11.2 22 250   M    M   1        34 260
14  62  35  49  13  16   0 0.00    M    M 12.5 30 200   M    M   2        39 190
15  55  34  45   9  20   0    T    M    M  8.3 23 220   M    M   8        31 240
16  43  29  36   0  29   0 0.00    M    M  7.9 15  30   M    M   4        20  30
17  40  29  35  -2  30   0 0.07    M    M  6.6 15  70   M    M   7 138    20  70
18  37  31  34  -3  31   0    T    M    M  7.8 14 290   M    M  10 1      22 280
19  38  25  32  -5  33   0 0.06    M    M  7.9 15  80   M    M   2 6      22  80
20  57  34  46   8  19   0 1.86    M    0 10.3 22 110   M    M  10 136    29 110
21  48  29  39   1  26   0 0.00    M    M  2.8 12 280   M    M   2 1      20 260
22  46  40  43   5  22   0 0.00    M    M  8.1 15  70   M    M   6        19  80
================================================================================
SM 1113  725       504   0  6.35    M    159.2          M      141
================================================================================
AV 50.6 33.0                               7.2 FASTST   M    M   6    MAX(MPH)
                                 MISC ---->  # 30 200               # 46  260
================================================================================
NOTES:
# LAST OF SEVERAL OCCURRENCES

COLUMN 17 PEAK WIND IN M.P.H.

PRELIMINARY LOCAL CLIMATOLOGICAL DATA (WS FORM: F-6) , PAGE 2

                                          STATION:  FRANKFORT KY
                                          MONTH:    FEBRUARY
                                          YEAR:     2019
                                          LATITUDE:   38 10 N
                                          LONGITUDE:  84 54 W

[TEMPERATURE DATA]      [PRECIPITATION DATA]       SYMBOLS USED IN COLUMN 16

AVERAGE MONTHLY: 41.8   TOTAL FOR MONTH:   6.35    1 = FOG OR MIST
DPTR FM NORMAL:   6.1   DPTR FM NORMAL:    3.83    2 = FOG REDUCING VISIBILITY
HIGHEST:    71 ON  7    GRTST 24HR  1.86 ON 20-20      TO 1/4 MILE OR LESS
LOWEST:     17 ON  9                               3 = THUNDER
                        SNOW, ICE PELLETS, HAIL    4 = ICE PELLETS
                        TOTAL MONTH:    M          5 = HAIL
                        GRTST 24HR    M  ON   M    6 = FREEZING RAIN OR DRIZZLE
                        GRTST DEPTH:   0           7 = DUSTSTORM OR SANDSTORM:
                                                       VSBY 1/2 MILE OR LESS
                                                   8 = SMOKE OR HAZE
[NO. OF DAYS WITH]      [WEATHER - DAYS WITH]      9 = BLOWING SNOW
                                                   X = TORNADO
MAX 32 OR BELOW:   0    0.01 INCH OR MORE:  10
MAX 90 OR ABOVE:   0    0.10 INCH OR MORE:   6
MIN 32 OR BELOW:  11    0.50 INCH OR MORE:   5
MIN  0 OR BELOW:   0    1.00 INCH OR MORE:   3

[HDD (BASE 65) ]
TOTAL THIS MO.   504    CLEAR  (SCALE 0-3)   5
DPTR FM NORMAL  -140    PTCLDY (SCALE 4-7)   9
TOTAL FM JUL 1  3222    CLOUDY (SCALE 8-10)  8
DPTR FM NORMAL  -260

[CDD (BASE 65) ]
TOTAL THIS MO.     0
DPTR FM NORMAL     0    [PRESSURE DATA]
TOTAL FM JAN 1     0    HIGHEST SLP M ON M
DPTR FM NORMAL     0    LOWEST  SLP 29.56 ON 12

[REMARKS]
