000
CXUS56 KFGZ 170900
CF6FLG
PRELIMINARY LOCAL CLIMATOLOGICAL DATA (WS FORM: F-6)

                                          STATION:   FLAGSTAFF AZ AIRPORT
                                          MONTH:     FEBRUARY
                                          YEAR:      2019
                                          LATITUDE:   35  7 N
                                          LONGITUDE: 111 40 W

  TEMPERATURE IN F:       :PCPN:    SNOW:  WIND      :SUNSHINE: SKY     :PK WND
================================================================================
1   2   3   4   5  6A  6B    7    8   9   10  11  12  13   14  15   16   17  18
                                     12Z  AVG MX 2MIN
DY MAX MIN AVG DEP HDD CDD  WTR  SNW DPTH SPD SPD DIR MIN PSBL S-S WX    SPD DR
================================================================================

 1  51  25  38   7  27   0 0.00  0.0    0  2.8 14 210   M    M   4        17 190
 2  42  25  34   3  31   0 0.16    T    0 12.0 28 200   M    M   9 12     38 210
 3  43  34  39   8  26   0 1.19    T    0 16.3 38 220   M    M   9 1      52 200
 4  37  31  34   3  31   0 0.15  0.4    0 20.1 30 210   M    M  10 1      42 200
 5  33  29  31   0  34   0 0.71  7.9    0 20.7 33 220   M    M  10 128    44 210
 6  29  10  20 -11  45   0 0.08  2.3    7 14.8 31 240   M    M   7 18     44 220
 7  36  -1  18 -13  47   0 0.00  0.0    7  3.8 12  60   M    M   0        15  50
 8  38  -2  18 -13  47   0 0.00  0.0    6  6.3 21 220   M    M   0        25 220
 9  35  14  25  -6  40   0 0.00  0.0    6  9.3 26 220   M    M   1        33 230
10  36   6  21 -10  44   0    T    T    6 13.0 30 210   M    M   0        41 210
11  39   8  24  -7  41   0 0.09  3.3    8  8.0 30 220   M    M   3 128    37 200
12  45  -1  22 -10  43   0 0.00  0.0    7  2.4 15 220   M    M   0        18 190
13  43  22  33   1  32   0    T    M    6 11.2 24 220   M    M   3        31 210
14  40  30  35   3  30   0 1.48    M    5 14.1 35 230   M    M  10 16     47 230
15  42  31  37   5  28   0 0.04  0.0    3 12.5 30 220   M    M   4 1      39 220
16  33  24  29  -3  36   0 0.08  0.5    0 12.6 28 230   M    M   8 1      35 210
================================================================================
SM  622  285       582   0  3.98    14.4 179.9          M       78
================================================================================
AV 38.9 17.8                              11.2 FASTST   M    M   5    MAX(MPH)
                                 MISC ---->  # 38 220               # 52  200
================================================================================
NOTES:
# LAST OF SEVERAL OCCURRENCES

COLUMN 17 PEAK WIND IN M.P.H.

PRELIMINARY LOCAL CLIMATOLOGICAL DATA (WS FORM: F-6) , PAGE 2

                                          STATION:  FLAGSTAFF AZ AIRPORT
                                          MONTH:    FEBRUARY
                                          YEAR:     2019
                                          LATITUDE:   35  7 N
                                          LONGITUDE: 111 40 W

[TEMPERATURE DATA]      [PRECIPITATION DATA]       SYMBOLS USED IN COLUMN 16

AVERAGE MONTHLY: 28.3   TOTAL FOR MONTH:   3.98    1 = FOG OR MIST
DPTR FM NORMAL:  -3.0   DPTR FM NORMAL:    2.79    2 = FOG REDUCING VISIBILITY
HIGHEST:    51 ON  1    GRTST 24HR  1.48 ON 14-14      TO 1/4 MILE OR LESS
LOWEST:     -2 ON  8                               3 = THUNDER
                        SNOW, ICE PELLETS, HAIL    4 = ICE PELLETS
                        TOTAL MONTH:  14.4 INCHES  5 = HAIL
                        GRTST 24HR   7.9 ON  5- 5  6 = FREEZING RAIN OR DRIZZLE
                        GRTST DEPTH:   8 ON 11     7 = DUSTSTORM OR SANDSTORM:
                                                       VSBY 1/2 MILE OR LESS
                                                   8 = SMOKE OR HAZE
[NO. OF DAYS WITH]      [WEATHER - DAYS WITH]      9 = BLOWING SNOW
                                                   X = TORNADO
MAX 32 OR BELOW:   1    0.01 INCH OR MORE:   9
MAX 90 OR ABOVE:   0    0.10 INCH OR MORE:   5
MIN 32 OR BELOW:  15    0.50 INCH OR MORE:   3
MIN  0 OR BELOW:   3    1.00 INCH OR MORE:   2

[HDD (BASE 65) ]
TOTAL THIS MO.   582    CLEAR  (SCALE 0-3)   5
DPTR FM NORMAL    43    PTCLDY (SCALE 4-7)   6
TOTAL FM JUL 1  4367    CLOUDY (SCALE 8-10)  5
DPTR FM NORMAL   -88

[CDD (BASE 65) ]
TOTAL THIS MO.     0
DPTR FM NORMAL     0    [PRESSURE DATA]
TOTAL FM JAN 1     0    HIGHEST SLP M ON M
DPTR FM NORMAL     0    LOWEST  SLP 29.63 ON  6

[REMARKS]
