000
CXUS56 KFGZ 210900
CF6FLG
PRELIMINARY LOCAL CLIMATOLOGICAL DATA (WS FORM: F-6)

                                          STATION:   FLAGSTAFF AZ AIRPORT
                                          MONTH:     APRIL
                                          YEAR:      2019
                                          LATITUDE:   35  7 N
                                          LONGITUDE: 111 40 W

  TEMPERATURE IN F:       :PCPN:    SNOW:  WIND      :SUNSHINE: SKY     :PK WND
================================================================================
1   2   3   4   5  6A  6B    7    8   9   10  11  12  13   14  15   16   17  18
                                     12Z  AVG MX 2MIN
DY MAX MIN AVG DEP HDD CDD  WTR  SNW DPTH SPD SPD DIR MIN PSBL S-S WX    SPD DR
================================================================================

 1  59  19  39  -1  26   0 0.00  0.0    0  3.9 20 220   M    M   0        23 210
 2  58  30  44   4  21   0 0.00  0.0    0 11.2 29 220   M    M   1        41 220
 3  55  31  43   3  22   0 0.00  0.0    0  9.6 23 220   M    M   4        27 220
 4  55  27  41   1  24   0 0.00  0.0    0  5.7 21 210   M    M   0        26 210
 5  55  26  41   0  24   0 0.00  0.0    0  8.9 25 210   M    M   1        29 220
 6  58  34  46   5  19   0 0.00  0.0    0  5.8 17 240   M    M   6        21 230
 7  67  27  47   6  18   0 0.00  0.0    0  2.9 13 270   M    M   0        18 270
 8  72  27  50   9  15   0 0.00  0.0    0  4.5 22 210   M    M   0        32 200
 9  69  32  51   9  14   0 0.00  0.0    0 15.9 39 210   M    M   1        51 220
10  46  31  39  -3  26   0    T  0.0    0 11.1 29 260   M    M   4 8      39 270
11  50  28  39  -3  26   0 0.00  0.0    0  6.7 18 250   M    M   1        27 240
12  46  26  36  -6  29   0 0.03    T    0  3.0 13 270   M    M   8        20 270
13   M   M   M   M   M   M    M    M    M   M   M   M   M    M   M         M  M
14  62  25  44   1  21   0 0.00  0.0    0 10.5 25 220   M    M   0        35 210
15  62  28  45   2  20   0 0.00  0.0    0 12.8 33 220   M    M   0        40 230
16  54  35  45   2  20   0 0.04  0.0    0 14.2 31 230   M    M   4 1      38 220
17  61  36  49   5  16   0 0.00  0.0    0  3.8 16  20   M    M   6        25 230
18  68  25  47   3  18   0 0.00  0.0    0  6.8 25  60   M    M   0        33  60
19  74  26  50   6  15   0 0.00  0.0    0  5.1 23 230   M    M   0        28 220
20  66  29  48   4  17   0 0.00  0.0    0 11.6 31 210   M    M   1        41 220
================================================================================
SM 1137  542       391   0  0.07    T    154.0          M       37
================================================================================
AV 59.8 28.5                               8.1 FASTST   M    M   2    MAX(MPH)
                                 MISC ---->  # 39 210               # 51  220
================================================================================
NOTES:
# LAST OF SEVERAL OCCURRENCES

COLUMN 17 PEAK WIND IN M.P.H.

PRELIMINARY LOCAL CLIMATOLOGICAL DATA (WS FORM: F-6) , PAGE 2

                                          STATION:  FLAGSTAFF AZ AIRPORT
                                          MONTH:    APRIL
                                          YEAR:     2019
                                          LATITUDE:   35  7 N
                                          LONGITUDE: 111 40 W

[TEMPERATURE DATA]      [PRECIPITATION DATA]       SYMBOLS USED IN COLUMN 16

AVERAGE MONTHLY: 44.2   TOTAL FOR MONTH:   0.07    1 = FOG OR MIST
DPTR FM NORMAL:   2.2   DPTR FM NORMAL:   -0.79    2 = FOG REDUCING VISIBILITY
HIGHEST:    74 ON 19    GRTST 24HR  0.04 ON 16-16      TO 1/4 MILE OR LESS
LOWEST:     19 ON  1                               3 = THUNDER
                        SNOW, ICE PELLETS, HAIL    4 = ICE PELLETS
                        TOTAL MONTH:    T          5 = HAIL
                        GRTST 24HR    T  ON 12-12  6 = FREEZING RAIN OR DRIZZLE
                        GRTST DEPTH:   0           7 = DUSTSTORM OR SANDSTORM:
                                                       VSBY 1/2 MILE OR LESS
                                                   8 = SMOKE OR HAZE
[NO. OF DAYS WITH]      [WEATHER - DAYS WITH]      9 = BLOWING SNOW
                                                   X = TORNADO
MAX 32 OR BELOW:   0    0.01 INCH OR MORE:   2
MAX 90 OR ABOVE:   0    0.10 INCH OR MORE:   0
MIN 32 OR BELOW:  16    0.50 INCH OR MORE:   0
MIN  0 OR BELOW:   0    1.00 INCH OR MORE:   0

[HDD (BASE 65) ]
TOTAL THIS MO.   391    CLEAR  (SCALE 0-3)  13
DPTR FM NORMAL   -69    PTCLDY (SCALE 4-7)   6
TOTAL FM JUL 1  6112    CLOUDY (SCALE 8-10)  0
DPTR FM NORMAL   -55

[CDD (BASE 65) ]
TOTAL THIS MO.     0
DPTR FM NORMAL     0    [PRESSURE DATA]
TOTAL FM JAN 1     0    HIGHEST SLP M ON M
DPTR FM NORMAL     0    LOWEST  SLP 29.48 ON 10

[REMARKS]
