000
CXUS52 KMFL 171000
CF6FLL
PRELIMINARY LOCAL CLIMATOLOGICAL DATA (WS FORM: F-6)

                                          STATION:   FORT LAUDERDALE
                                          MONTH:     FEBRUARY
                                          YEAR:      2019
                                          LATITUDE:   26  4 N
                                          LONGITUDE:  80  9 W

  TEMPERATURE IN F:       :PCPN:    SNOW:  WIND      :SUNSHINE: SKY     :PK WND
================================================================================
1   2   3   4   5  6A  6B    7    8   9   10  11  12  13   14  15   16   17  18
                                     12Z  AVG MX 2MIN
DY MAX MIN AVG DEP HDD CDD  WTR  SNW DPTH SPD SPD DIR MIN PSBL S-S WX    SPD DR
================================================================================

 1  78  68  73   3   0   8 0.13  0.0    0 10.0 17 130   M    M   6        24 140
 2  79  71  75   5   0  10    T  0.0    0 10.4 18 120   M    M   4 1      24 130
 3  83  67  75   5   0  10 0.01  0.0    0  4.4 14 270   M    M   3        18 240
 4  77  67  72   2   0   7 0.00  0.0    0  4.3 12  60   M    M   4        15 310
 5  79  63  71   1   0   6 0.00  0.0    0  5.8 14  80   M    M   1        18  70
 6  78  64  71   1   0   6 0.00  0.0    0  6.3 18  80   M    M   3        26  90
 7  79  70  75   5   0  10 0.00  0.0    0 11.0 17 110   M    M   4        23 100
 8  80  66  73   3   0   8    T  0.0    0  6.6 18 110   M    M   5        22 120
 9  80  69  75   5   0  10    T  0.0    0 11.8 22  80   M    M   5        28  70
10  80  71  76   5   0  11 0.04  0.0    0 16.8 23  90   M    M   5        27 100
11  80  73  77   6   0  12 0.05  0.0    0 14.0 24 120   M    M   6 1      28 130
12  82  74  78   7   0  13 0.00  0.0    0 13.0 24 140   M    M   5        30 130
13  76  60  68  -3   0   3 1.27  0.0    0  9.7 20 250   M    M   8 13     25 250
14  78  57  68  -3   0   3    T  0.0    0  9.1 20  40   M    M   5        24  70
15  80  65  73   2   0   8 0.00  0.0    0  6.5 14 100   M    M   6        18  90
16  81  61  71   0   0   6 0.00  0.0    0  5.8 18 150   M    M   5        25 160
================================================================================
SM 1270 1066         0 131  1.50     0.0 145.5          M       75
================================================================================
AV 79.4 66.6                               9.1 FASTST   M    M   5    MAX(MPH)
                                 MISC ---->  # 24 120               # 30  130
================================================================================
NOTES:
# LAST OF SEVERAL OCCURRENCES

COLUMN 17 PEAK WIND IN M.P.H.

PRELIMINARY LOCAL CLIMATOLOGICAL DATA (WS FORM: F-6) , PAGE 2

                                          STATION:  FORT LAUDERDALE
                                          MONTH:    FEBRUARY
                                          YEAR:     2019
                                          LATITUDE:   26  4 N
                                          LONGITUDE:  80  9 W

[TEMPERATURE DATA]      [PRECIPITATION DATA]       SYMBOLS USED IN COLUMN 16

AVERAGE MONTHLY: 73.0   TOTAL FOR MONTH:   1.50    1 = FOG OR MIST
DPTR FM NORMAL:   2.6   DPTR FM NORMAL:   -0.33    2 = FOG REDUCING VISIBILITY
HIGHEST:    83 ON  3    GRTST 24HR  1.27 ON 13-13      TO 1/4 MILE OR LESS
LOWEST:     57 ON 14                               3 = THUNDER
                        SNOW, ICE PELLETS, HAIL    4 = ICE PELLETS
                        TOTAL MONTH:   0.0 INCH    5 = HAIL
                        GRTST 24HR     0.0         6 = FREEZING RAIN OR DRIZZLE
                        GRTST DEPTH:   0           7 = DUSTSTORM OR SANDSTORM:
                                                       VSBY 1/2 MILE OR LESS
                                                   8 = SMOKE OR HAZE
[NO. OF DAYS WITH]      [WEATHER - DAYS WITH]      9 = BLOWING SNOW
                                                   X = TORNADO
MAX 32 OR BELOW:   0    0.01 INCH OR MORE:   5
MAX 90 OR ABOVE:   0    0.10 INCH OR MORE:   2
MIN 32 OR BELOW:   0    0.50 INCH OR MORE:   1
MIN  0 OR BELOW:   0    1.00 INCH OR MORE:   1

[HDD (BASE 65) ]
TOTAL THIS MO.     0    CLEAR  (SCALE 0-3)   3
DPTR FM NORMAL   -16    PTCLDY (SCALE 4-7)  12
TOTAL FM JUL 1    68    CLOUDY (SCALE 8-10)  1
DPTR FM NORMAL   -28

[CDD (BASE 65) ]
TOTAL THIS MO.   131
DPTR FM NORMAL    28    [PRESSURE DATA]
TOTAL FM JAN 1   273    HIGHEST SLP M ON M
DPTR FM NORMAL     0    LOWEST  SLP 29.87 ON 16

[REMARKS]
