000
CXUS52 KMFL 241000
CF6FLL
PRELIMINARY LOCAL CLIMATOLOGICAL DATA (WS FORM: F-6)

                                          STATION:   FORT LAUDERDALE
                                          MONTH:     APRIL
                                          YEAR:      2019
                                          LATITUDE:   26  4 N
                                          LONGITUDE:  80  9 W

  TEMPERATURE IN F:       :PCPN:    SNOW:  WIND      :SUNSHINE: SKY     :PK WND
================================================================================
1   2   3   4   5  6A  6B    7    8   9   10  11  12  13   14  15   16   17  18
                                     12Z  AVG MX 2MIN
DY MAX MIN AVG DEP HDD CDD  WTR  SNW DPTH SPD SPD DIR MIN PSBL S-S WX    SPD DR
================================================================================

 1  84  68  76   1   0  11 0.00  0.0    0  7.3 20 130   M    M   4        26 130
 2  88  68  78   3   0  13    T  0.0    0  6.5 20 260   M    M   3        25 250
 3  80  72  76   1   0  11 0.00  0.0    0 13.0 21  80   M    M   8        26  90
 4  77  74  76   1   0  11 0.06  0.0    0 14.3 22  90   M    M   9        26  90
 5  83  75  79   4   0  14 0.00  0.0    0 10.9 21 140   M    M   6        25 130
 6  84  73  79   4   0  14 0.00  0.0    0  9.3 16 140   M    M   4        22 150
 7  84  76  80   5   0  15 0.00  0.0    0 14.2 20 110   M    M   5        25 110
 8  84  77  81   6   0  16 0.00  0.0    0 13.1 21 130   M    M   5        27 140
 9  80  71  76   0   0  11 0.14  0.0    0  9.3 13 190   M    M   6 3      17 190
10  86  71  79   3   0  14 0.00  0.0    0  9.9 22 250   M    M   4        27 240
11  84  69  77   1   0  12 0.00  0.0    0  7.8 20 130   M    M   0        26 130
12  85  73  79   3   0  14 0.00  0.0    0 11.2 21 130   M    M   2        25 130
13  85  77  81   5   0  16 0.00  0.0    0 14.0 22 140   M    M   4        30 130
14  87  79  83   7   0  18 0.00  0.0    0 14.3 23 150   M    M   5        29 170
15  87  72  80   4   0  15 0.21  0.0    0  8.7 21 280   M    M   5 1      33 260
16  82  72  77   1   0  12 0.00  0.0    0  9.6 17  70   M    M   3        28  80
17  82  72  77   1   0  12 0.00  0.0    0 10.4 17 100   M    M   5        23  90
18  86  75  81   5   0  16 0.03  0.0    0 14.1 24 130   M    M   4        32 140
19  88  71  80   3   0  15 0.70  0.0    0 14.6 26 270   M    M   7 13     34 170
20  83  67  75  -2   0  10 0.00  0.0    0  9.0 20 270   M    M   6        26 270
21  80  61  71  -6   0   6 0.00  0.0    0  4.6 12 100   M    M   2        15 230
22  79  68  74  -3   0   9 0.00  0.0    0  9.3 17  90   M    M   5        25  80
23  81  67  74  -3   0   9 0.00  0.0    0  8.6 18  80   M    M   5        23  70
================================================================================
SM 1919 1648         0 294  1.14     0.0 244.0          M      107
================================================================================
AV 83.4 71.7                              10.6 FASTST   M    M   5    MAX(MPH)
                                 MISC ---->  # 26 270               # 34  170
================================================================================
NOTES:
# LAST OF SEVERAL OCCURRENCES

COLUMN 17 PEAK WIND IN M.P.H.

PRELIMINARY LOCAL CLIMATOLOGICAL DATA (WS FORM: F-6) , PAGE 2

                                          STATION:  FORT LAUDERDALE
                                          MONTH:    APRIL
                                          YEAR:     2019
                                          LATITUDE:   26  4 N
                                          LONGITUDE:  80  9 W

[TEMPERATURE DATA]      [PRECIPITATION DATA]       SYMBOLS USED IN COLUMN 16

AVERAGE MONTHLY: 77.5   TOTAL FOR MONTH:   1.14    1 = FOG OR MIST
DPTR FM NORMAL:   1.7   DPTR FM NORMAL:   -1.23    2 = FOG REDUCING VISIBILITY
HIGHEST:    88 ON 19, 2 GRTST 24HR  0.70 ON 19-19      TO 1/4 MILE OR LESS
LOWEST:     61 ON 21                               3 = THUNDER
                        SNOW, ICE PELLETS, HAIL    4 = ICE PELLETS
                        TOTAL MONTH:   0.0 INCH    5 = HAIL
                        GRTST 24HR     0.0         6 = FREEZING RAIN OR DRIZZLE
                        GRTST DEPTH:   0           7 = DUSTSTORM OR SANDSTORM:
                                                       VSBY 1/2 MILE OR LESS
                                                   8 = SMOKE OR HAZE
[NO. OF DAYS WITH]      [WEATHER - DAYS WITH]      9 = BLOWING SNOW
                                                   X = TORNADO
MAX 32 OR BELOW:   0    0.01 INCH OR MORE:   5
MAX 90 OR ABOVE:   0    0.10 INCH OR MORE:   3
MIN 32 OR BELOW:   0    0.50 INCH OR MORE:   1
MIN  0 OR BELOW:   0    1.00 INCH OR MORE:   0

[HDD (BASE 65) ]
TOTAL THIS MO.     0    CLEAR  (SCALE 0-3)   4
DPTR FM NORMAL     0    PTCLDY (SCALE 4-7)  18
TOTAL FM JUL 1    72    CLOUDY (SCALE 8-10)  1
DPTR FM NORMAL   -39

[CDD (BASE 65) ]
TOTAL THIS MO.   294
DPTR FM NORMAL    45    [PRESSURE DATA]
TOTAL FM JAN 1  1014    HIGHEST SLP M ON M
DPTR FM NORMAL   155    LOWEST  SLP 29.75 ON 10

[REMARKS]
