000
CXUS52 KMFL 191000
CF6FLL
PRELIMINARY LOCAL CLIMATOLOGICAL DATA (WS FORM: F-6)

                                          STATION:   FORT LAUDERDALE
                                          MONTH:     AUGUST
                                          YEAR:      2019
                                          LATITUDE:   26  4 N
                                          LONGITUDE:  80  9 W

  TEMPERATURE IN F:       :PCPN:    SNOW:  WIND      :SUNSHINE: SKY     :PK WND
================================================================================
1   2   3   4   5  6A  6B    7    8   9   10  11  12  13   14  15   16   17  18
                                     12Z  AVG MX 2MIN
DY MAX MIN AVG DEP HDD CDD  WTR  SNW DPTH SPD SPD DIR MIN PSBL S-S WX    SPD DR
================================================================================

 1  85  75  80  -5   0  15 1.02  0.0    0  9.6 33 140   M    M   9 13     40 140
 2  89  74  82  -3   0  17 0.86  0.0    0  6.9 20 270   M    M   7 13     24 270
 3  91  77  84  -1   0  19 0.18  0.0    0  6.1 18 200   M    M   8 13     22 200
 4  95  74  85   0   0  20 2.36  0.0    0  4.5 23 270   M    M   6 1238   30 270
 5  90  75  83  -2   0  18 0.20  0.0    0  3.4 22 240   M    M   8 13     26 240
 6  91  77  84  -1   0  19 0.08  0.0    0  4.6 16 130   M    M   7 3      20 130
 7  89  77  83  -2   0  18 0.10  0.0    0  3.2 16 140   M    M   5 138    20 240
 8  91  78  85   0   0  20 0.34  0.0    0  4.4 16 130   M    M   4 3       M  M
 9  92  76  84  -1   0  19 0.05  0.0    0  4.6 16 120   M    M   3 3      20 270
10  93  78  86   1   0  21 0.00  0.0    0  5.2 17 270   M    M   5 3      22 320
11  94  77  86   1   0  21 0.43  0.0    0  4.8 20 140   M    M   5 13     24 330
12  90  78  84  -1   0  19 0.03  0.0    0  4.5 16 300   M    M   6 3      23 290
13  91  75  83  -2   0  18 0.51  0.0    0  5.3 23 310   M    M   6 13     29 300
14  90  76  83  -2   0  18 0.29  0.0    0  4.8 21 150   M    M   7 13     25 150
15  91  76  84  -1   0  19 0.49  0.0    0  5.4 25 220   M    M   6 13     33 230
16  92  77  85   0   0  20 0.00  0.0    0  5.4 23 140   M    M   5 3      27 140
17  92  74  83  -2   0  18 0.27  0.0    0  4.5 24 250   M    M   6 13     29 240
18  91  78  85   0   0  20 0.00  0.0    0  7.5 16  90   M    M   4        21 110
================================================================================
SM 1637 1372         0 339  7.21     0.0  94.7          M      107
================================================================================
AV 90.9 76.2                               5.3 FASTST   M    M   6    MAX(MPH)
                                 MISC ---->  # 33 140               # 40  140
================================================================================
NOTES:
# LAST OF SEVERAL OCCURRENCES

COLUMN 17 PEAK WIND IN M.P.H.

PRELIMINARY LOCAL CLIMATOLOGICAL DATA (WS FORM: F-6) , PAGE 2

                                          STATION:  FORT LAUDERDALE
                                          MONTH:    AUGUST
                                          YEAR:     2019
                                          LATITUDE:   26  4 N
                                          LONGITUDE:  80  9 W

[TEMPERATURE DATA]      [PRECIPITATION DATA]       SYMBOLS USED IN COLUMN 16

AVERAGE MONTHLY: 83.6   TOTAL FOR MONTH:   7.21    1 = FOG OR MIST
DPTR FM NORMAL:  -1.4   DPTR FM NORMAL:    3.10    2 = FOG REDUCING VISIBILITY
HIGHEST:    95 ON  4    GRTST 24HR  2.36 ON  4- 4      TO 1/4 MILE OR LESS
LOWEST:     74 ON 17, 4                            3 = THUNDER
                        SNOW, ICE PELLETS, HAIL    4 = ICE PELLETS
                        TOTAL MONTH:   0.0 INCH    5 = HAIL
                        GRTST 24HR     0.0         6 = FREEZING RAIN OR DRIZZLE
                        GRTST DEPTH:   0           7 = DUSTSTORM OR SANDSTORM:
                                                       VSBY 1/2 MILE OR LESS
                                                   8 = SMOKE OR HAZE
[NO. OF DAYS WITH]      [WEATHER - DAYS WITH]      9 = BLOWING SNOW
                                                   X = TORNADO
MAX 32 OR BELOW:   0    0.01 INCH OR MORE:  15
MAX 90 OR ABOVE:  15    0.10 INCH OR MORE:  12
MIN 32 OR BELOW:   0    0.50 INCH OR MORE:   4
MIN  0 OR BELOW:   0    1.00 INCH OR MORE:   2

[HDD (BASE 65) ]
TOTAL THIS MO.     0    CLEAR  (SCALE 0-3)   0
DPTR FM NORMAL     0    PTCLDY (SCALE 4-7)  17
TOTAL FM JUL 1     0    CLOUDY (SCALE 8-10)  1
DPTR FM NORMAL     0

[CDD (BASE 65) ]
TOTAL THIS MO.   339
DPTR FM NORMAL   -21    [PRESSURE DATA]
TOTAL FM JAN 1  3145    HIGHEST SLP M ON M
DPTR FM NORMAL   226    LOWEST  SLP 29.90 ON  2

[REMARKS]
