000
CXUS52 KILM 251000
CF6FLO
PRELIMINARY LOCAL CLIMATOLOGICAL DATA (WS FORM: F-6)

                                          STATION:   FLORENCE SOUTH  CAROLINA
                                          MONTH:     APRIL
                                          YEAR:      2019
                                          LATITUDE:   34 10 N
                                          LONGITUDE:  79 43 W

  TEMPERATURE IN F:       :PCPN:    SNOW:  WIND      :SUNSHINE: SKY     :PK WND
================================================================================
1   2   3   4   5  6A  6B    7    8   9   10  11  12  13   14  15   16   17  18
                                     12Z  AVG MX 2MIN
DY MAX MIN AVG DEP HDD CDD  WTR  SNW DPTH SPD SPD DIR MIN PSBL S-S WX    SPD DR
================================================================================

 1  57  41  49 -11  16   0 0.00    M    M 10.3 20  50   M    M   0        23  40
 2  48  37  43 -17  22   0 1.28    M    M 11.8 26  10   M    M   9 1      33  10
 3  70  33  52  -8  13   0 0.00    M    M  3.8 10 180   M    M   0 1      16 260
 4  76  43  60   0   5   0 0.00    M    M  5.8 18 170   M    M   0        23 180
 5  70  56  63   2   2   0 0.84    M    M  7.5 16 340   M    M   8 1      21 200
 6  76  59  68   7   0   3 0.00    M    M  4.7 10 100   M    M   6 1      12 360
 7  77  54  66   5   0   1 0.00    M    M  6.2 15 160   M    M   6 12     20 150
 8  86  59  73  12   0   8 0.01    M    M  7.0 23 200   M    M   4 12     30 200
 9  75  64  70   8   0   5 0.18    M    M  6.5 14 270   M    M   6 1      17 270
10  82  59  71   9   0   6 0.00    M    M  6.4 17  40   M    M   1 1      21  50
11  82  53  68   6   0   3 0.00    M    M  8.8 21 110   M    M   1        26 120
12  82  63  73  11   0   8 0.64    M    M  9.0 35 220   M    M   8 138    49 220
13  82  68  75  12   0  10 0.02    M    M  5.4 10 150   M    M   6 12     13 250
14  81  70  76  13   0  11 0.11    M    M 12.2 25 200   M    M   7 1      33 210
15  75  53  64   1   1   0 0.00    M    M 12.9 29 270   M    M   0        38 280
16  72  45  59  -4   6   0 0.00    M    M  5.4 13  60   M    M   0        15 220
17  82  47  65   1   0   0 0.00    M    M  5.8 13 220   M    M   0        16 200
18  83  55  69   5   0   4 0.00    M    M  9.2 20 170   M    M   2        25 160
19  81  62  72   8   0   7 0.79    M    M 13.6 29 180   M    M   9 13     37 180
20  64  50  57  -7   8   0    T    M    M 11.6 22 230   M    M   6        29 220
21  66  43  55 -10  10   0 0.00    M    M  5.3 15 300   M    M   2        19 340
22  75  45  60  -5   5   0 0.00    M    M  4.9 15 320   M    M   0        19 290
23  84  52  68   3   0   3 0.00    M    M  5.5 14 240   M    M   0        18 220
24  89  60  75  10   0  10 0.00    M    M  6.8 16 230   M    M   0        22 230
================================================================================
SM 1815 1271        88  79  3.87    M    186.4          M       81
================================================================================
AV 75.6 53.0                               7.8 FASTST   M    M   3    MAX(MPH)
                                 MISC ---->  # 35 220               # 49  220
================================================================================
NOTES:
# LAST OF SEVERAL OCCURRENCES

COLUMN 17 PEAK WIND IN M.P.H.

PRELIMINARY LOCAL CLIMATOLOGICAL DATA (WS FORM: F-6) , PAGE 2

                                          STATION:  FLORENCE SOUTH  CAROLINA
                                          MONTH:    APRIL
                                          YEAR:     2019
                                          LATITUDE:   34 10 N
                                          LONGITUDE:  79 43 W

[TEMPERATURE DATA]      [PRECIPITATION DATA]       SYMBOLS USED IN COLUMN 16

AVERAGE MONTHLY: 64.3   TOTAL FOR MONTH:   3.87    1 = FOG OR MIST
DPTR FM NORMAL:   1.8   DPTR FM NORMAL:    1.77    2 = FOG REDUCING VISIBILITY
HIGHEST:    89 ON 24    GRTST 24HR  1.28 ON  2- 2      TO 1/4 MILE OR LESS
LOWEST:     33 ON  3                               3 = THUNDER
                        SNOW, ICE PELLETS, HAIL    4 = ICE PELLETS
                        TOTAL MONTH:    M          5 = HAIL
                        GRTST 24HR    M  ON   M    6 = FREEZING RAIN OR DRIZZLE
                        GRTST DEPTH:  M  ON   M    7 = DUSTSTORM OR SANDSTORM:
                                                       VSBY 1/2 MILE OR LESS
                                                   8 = SMOKE OR HAZE
[NO. OF DAYS WITH]      [WEATHER - DAYS WITH]      9 = BLOWING SNOW
                                                   X = TORNADO
MAX 32 OR BELOW:   0    0.01 INCH OR MORE:   8
MAX 90 OR ABOVE:   0    0.10 INCH OR MORE:   6
MIN 32 OR BELOW:   0    0.50 INCH OR MORE:   4
MIN  0 OR BELOW:   0    1.00 INCH OR MORE:   1

[HDD (BASE 65) ]
TOTAL THIS MO.    88    CLEAR  (SCALE 0-3)  13
DPTR FM NORMAL   -22    PTCLDY (SCALE 4-7)   9
TOTAL FM JUL 1  2148    CLOUDY (SCALE 8-10)  2
DPTR FM NORMAL  -338

[CDD (BASE 65) ]
TOTAL THIS MO.    79
DPTR FM NORMAL    29    [PRESSURE DATA]
TOTAL FM JAN 1   105    HIGHEST SLP M ON M
DPTR FM NORMAL    31    LOWEST  SLP 29.58 ON 15

[REMARKS]
