000
CXUS54 KLZK 221130
CF6FLP
PRELIMINARY LOCAL CLIMATOLOGICAL DATA (WS FORM: F-6)

                                          STATION:   Flippin
                                          MONTH:     AUGUST
                                          YEAR:      2019
                                          LATITUDE:   36 17 N
                                          LONGITUDE:  92 28 W

  TEMPERATURE IN F:       :PCPN:    SNOW:  WIND      :SUNSHINE: SKY     :PK WND
================================================================================
1   2   3   4   5  6A  6B    7    8   9   10  11  12  13   14  15   16   17  18
                                     12Z  AVG MX 2MIN
DY MAX MIN AVG DEP HDD CDD  WTR  SNW DPTH SPD SPD DIR MIN PSBL S-S WX    SPD DR
================================================================================

 1  89  73  81   M   0  16    T    M    M  2.7  8 110   M    M   5         M  M
 2  90  69  80   M   0  15 0.00    M    M  1.8  7  90   M    M   4         M  M
 3  92  71  82   M   0  17    T    M    M  1.8  8  40   M    M   2         M  M
 4  93  66  80   M   0  15 0.00    M    M  2.9  9 130   M    M   3         M  M
 5  93  70  82   M   0  17 0.20    M    M  0.8  7  99   M    M   2 13      M  M
 6  97  71  84   M   0  19 0.08    M    M  2.5  9 320   M    M   2 1      16 270
 7  92  71  82   M   0  17 0.00    M    M  2.7 16 360   M    M   1 13     25 360
 8   M   M   M   M   M   M 1.87    M    M  2.8  9 360   M    M   3 13      M  M
 9  85  71  78   M   0  13 0.22    M    M  0.4  5  99   M    M   6 1       M  M
10  90  73  82   M   0  17 0.09    M    M  2.0  6 120   M    M   6 123     M  M
11  90  75  83   M   0  18 0.04    M    M  2.3  7  30   M    M   4 1       M  M
12  96  74  85   M   0  20 0.00    M    M  3.4 10 220   M    M   0 1      16 220
13  95  74  85   M   0  20 0.00    M    M  3.9 12 310   M    M   0         M  M
14  93  70  82   M   0  17 0.00    M    M  2.1  7  50   M    M   0         M  M
15  91  67  79   M   0  14 0.00    M    M  1.6  5 120   M    M   0         M  M
16  88  72  80   M   0  15 0.00    M    M  3.5  9 130   M    M   1        21 230
17  93  69  81   M   0  16 0.01    M    M  3.0  7 170   M    M   0         M  M
18  95  75  85   M   0  20 0.18    M    M  2.4  6  99   M    M   1 3       M  M
19  97  71  84   M   0  19 0.00    M    M  1.5  5  99   M    M   1 18      M  M
20  97  71  84   M   0  19 0.47    M    M  2.7  9 230   M    M   1 3       M  M
21  92  67  80   M   0  15 0.33    M    M  1.7 10 100   M    M   2 3       M  M
================================================================================
SM 1848 1420         0 339  3.49    M     48.5          M       44
================================================================================
AV 92.4 71.0                               2.3 FASTST   M    M   2    MAX(MPH)
                                 MISC ---->  # 16 360               # 25  360
================================================================================
NOTES:
# LAST OF SEVERAL OCCURRENCES

COLUMN 17 PEAK WIND IN M.P.H.

PRELIMINARY LOCAL CLIMATOLOGICAL DATA (WS FORM: F-6) , PAGE 2

                                          STATION:  Flippin
                                          MONTH:    AUGUST
                                          YEAR:     2019
                                          LATITUDE:   36 17 N
                                          LONGITUDE:  92 28 W

[TEMPERATURE DATA]      [PRECIPITATION DATA]       SYMBOLS USED IN COLUMN 16

AVERAGE MONTHLY: 81.7   TOTAL FOR MONTH:   3.49    1 = FOG OR MIST
DPTR FM NORMAL:     M   DPTR FM NORMAL:       M    2 = FOG REDUCING VISIBILITY
HIGHEST:    97 ON 20,19 GRTST 24HR  1.87 ON  8- 8      TO 1/4 MILE OR LESS
LOWEST:     66 ON  4                               3 = THUNDER
                        SNOW, ICE PELLETS, HAIL    4 = ICE PELLETS
                        TOTAL MONTH:    M          5 = HAIL
                        GRTST 24HR    M  ON   M    6 = FREEZING RAIN OR DRIZZLE
                        GRTST DEPTH:  M  ON   M    7 = DUSTSTORM OR SANDSTORM:
                                                       VSBY 1/2 MILE OR LESS
                                                   8 = SMOKE OR HAZE
[NO. OF DAYS WITH]      [WEATHER - DAYS WITH]      9 = BLOWING SNOW
                                                   X = TORNADO
MAX 32 OR BELOW:   0    0.01 INCH OR MORE:  10
MAX 90 OR ABOVE:  17    0.10 INCH OR MORE:   6
MIN 32 OR BELOW:   0    0.50 INCH OR MORE:   1
MIN  0 OR BELOW:   0    1.00 INCH OR MORE:   1

[HDD (BASE 65) ]
TOTAL THIS MO.     0    CLEAR  (SCALE 0-3)  15
DPTR FM NORMAL     M    PTCLDY (SCALE 4-7)   6
TOTAL FM JUL 1     0    CLOUDY (SCALE 8-10)  0
DPTR FM NORMAL     M

[CDD (BASE 65) ]
TOTAL THIS MO.   339
DPTR FM NORMAL     M    [PRESSURE DATA]
TOTAL FM JAN 1  1273    HIGHEST SLP M ON M
DPTR FM NORMAL     M    LOWEST  SLP M ON M

[REMARKS]
