000
CXUS54 KLZK 171130
CF6FLP
PRELIMINARY LOCAL CLIMATOLOGICAL DATA (WS FORM: F-6)

                                          STATION:   Flippin
                                          MONTH:     FEBRUARY
                                          YEAR:      2019
                                          LATITUDE:   36 17 N
                                          LONGITUDE:  92 28 W

  TEMPERATURE IN F:       :PCPN:    SNOW:  WIND      :SUNSHINE: SKY     :PK WND
================================================================================
1   2   3   4   5  6A  6B    7    8   9   10  11  12  13   14  15   16   17  18
                                     12Z  AVG MX 2MIN
DY MAX MIN AVG DEP HDD CDD  WTR  SNW DPTH SPD SPD DIR MIN PSBL S-S WX    SPD DR
================================================================================

 1  52  34  43   M  22   0 0.00    M    M  1.1  5 130   M    M   9         M  M
 2  68  43  56   M   9   0 0.00    M    M  3.4 10 220   M    M   7 1       M  M
 3  72  43  58   M   7   0 0.00    M    M  6.0 13 200   M    M   6        20 190
 4  79  47  63   M   2   0 0.00    M    M  9.8 16 220   M    M   4        23 200
 5  58  43  51   M  14   0 0.00    M    M  4.0  8 110   M    M   9 12      M  M
 6  63  54  59   M   6   0 0.57    M    M  2.6  6  10   M    M   9 12      M  M
 7   M   M   M   M   M   M 0.95    M    M 10.9 21 300   M    M  10 13     25 300
 8  35  14  25   M  40   0 0.36    M    M  6.7 17 310   M    M   0        25 310
 9  39  17  28   M  37   0    T    M    M  5.4  8 100   M    M   1         M  M
10  41  30  36   M  29   0 0.16    M    M  3.8  7 120   M    M  10 1       M  M
11  50  40  45   M  20   0 0.64    M    M  2.7  8 120   M    M   9 1       M  M
12  50  32  41   M  24   0 0.42    M    M 10.1 24 310   M    M   5        32 310
13  62  25  44   M  21   0 0.16    M    M  4.9 14 230   M    M   0        20 190
14  63  47  55   M  10   0 0.06    M    M  8.7 17 240   M    M   0        22 170
15  46  27  37   M  28   0 0.02    M    M  7.4 15 320   M    M   9 1      17 350
16  36  25  31   M  34   0    T    M    M  6.7 13  10   M    M  10 1      17 100
================================================================================
SM  814  521       303   0  3.34    M     94.2          M       98
================================================================================
AV 54.3 34.7                               5.9 FASTST   M    M   6    MAX(MPH)
                                 MISC ---->  # 24 310               # 32  310
================================================================================
NOTES:
# LAST OF SEVERAL OCCURRENCES

COLUMN 17 PEAK WIND IN M.P.H.

PRELIMINARY LOCAL CLIMATOLOGICAL DATA (WS FORM: F-6) , PAGE 2

                                          STATION:  Flippin
                                          MONTH:    FEBRUARY
                                          YEAR:     2019
                                          LATITUDE:   36 17 N
                                          LONGITUDE:  92 28 W

[TEMPERATURE DATA]      [PRECIPITATION DATA]       SYMBOLS USED IN COLUMN 16

AVERAGE MONTHLY: 44.5   TOTAL FOR MONTH:   3.34    1 = FOG OR MIST
DPTR FM NORMAL:     M   DPTR FM NORMAL:       M    2 = FOG REDUCING VISIBILITY
HIGHEST:    79 ON  4    GRTST 24HR  0.95 ON  7- 7      TO 1/4 MILE OR LESS
LOWEST:     14 ON  8                               3 = THUNDER
                        SNOW, ICE PELLETS, HAIL    4 = ICE PELLETS
                        TOTAL MONTH:    M          5 = HAIL
                        GRTST 24HR    M  ON   M    6 = FREEZING RAIN OR DRIZZLE
                        GRTST DEPTH:  M  ON   M    7 = DUSTSTORM OR SANDSTORM:
                                                       VSBY 1/2 MILE OR LESS
                                                   8 = SMOKE OR HAZE
[NO. OF DAYS WITH]      [WEATHER - DAYS WITH]      9 = BLOWING SNOW
                                                   X = TORNADO
MAX 32 OR BELOW:   0    0.01 INCH OR MORE:   9
MAX 90 OR ABOVE:   0    0.10 INCH OR MORE:   7
MIN 32 OR BELOW:   7    0.50 INCH OR MORE:   3
MIN  0 OR BELOW:   0    1.00 INCH OR MORE:   0

[HDD (BASE 65) ]
TOTAL THIS MO.   303    CLEAR  (SCALE 0-3)   4
DPTR FM NORMAL     M    PTCLDY (SCALE 4-7)   4
TOTAL FM JUL 1  2750    CLOUDY (SCALE 8-10)  8
DPTR FM NORMAL     M

[CDD (BASE 65) ]
TOTAL THIS MO.     0
DPTR FM NORMAL     M    [PRESSURE DATA]
TOTAL FM JAN 1     0    HIGHEST SLP M ON M
DPTR FM NORMAL     M    LOWEST  SLP M ON M

[REMARKS]
