000
CXUS54 KLZK 191130
CF6FLP
PRELIMINARY LOCAL CLIMATOLOGICAL DATA (WS FORM: F-6)

                                          STATION:   Flippin
                                          MONTH:     APRIL
                                          YEAR:      2019
                                          LATITUDE:   36 17 N
                                          LONGITUDE:  92 28 W

  TEMPERATURE IN F:       :PCPN:    SNOW:  WIND      :SUNSHINE: SKY     :PK WND
================================================================================
1   2   3   4   5  6A  6B    7    8   9   10  11  12  13   14  15   16   17  18
                                     12Z  AVG MX 2MIN
DY MAX MIN AVG DEP HDD CDD  WTR  SNW DPTH SPD SPD DIR MIN PSBL S-S WX    SPD DR
================================================================================

 1  52  28  40   M  25   0 0.00    M    M  2.2  7  99   M    M   1         M  M
 2  69  28  49   M  16   0 0.00    M    M  4.4 12 260   M    M   0 8      17 240
 3  73  39  56   M   9   0 0.00    M    M  4.2 14 170   M    M   1        30 170
 4  61  51  56   M   9   0 0.31    M    M  4.0  9 170   M    M  10 13      M  M
 5  71  53  62   M   3   0 0.00    M    M  2.5  6  70   M    M   5         M  M
 6  76  47  62   M   3   0 0.55    M    M  4.3 12  90   M    M   4 123     M  M
 7  81  56  69   M   0   4 0.00    M    M  4.4  9 190   M    M   1 1      16 190
 8  81  62  72   M   0   7 0.00    M    M  6.0 12  20   M    M   2 3       M  M
 9  84  48  66   M   0   1 0.00    M    M  1.4  5 120   M    M   0         M  M
10  85  62  74   M   0   9 0.00    M    M  8.8 18 180   M    M   0        35 170
11  75  49  62   M   3   0 0.00    M    M 10.0 17 280   M    M   3        23 210
12  67  39  53   M  12   0 0.00    M    M  5.2 12 280   M    M   0         M  M
13  55  45  50   M  15   0 1.15    M    M  6.6 14  30   M    M   6 1      23  60
14  60  39  50   M  15   0 0.26    M    M  8.9 16 280   M    M   7 1      23 280
15  75  34  55   M  10   0 0.00    M    M  4.7 12 180   M    M   0        24 180
16  79  56  68   M   0   3 0.00    M    M  6.9 12 200   M    M   0        22 190
17  73  59  66   M   0   1 0.05    M    M  5.7 12 210   M    M   7 3      20 210
18  67  49  58   M   7   0 1.07    M    M  5.6 13 350   M    M   7 13     22 330
================================================================================
SM 1284  844       127  25  3.39    M     95.8          M       54
================================================================================
AV 71.3 46.9                               5.3 FASTST   M    M   3    MAX(MPH)
                                 MISC ---->  # 18 180               # 35  170
================================================================================
NOTES:
# LAST OF SEVERAL OCCURRENCES

COLUMN 17 PEAK WIND IN M.P.H.

PRELIMINARY LOCAL CLIMATOLOGICAL DATA (WS FORM: F-6) , PAGE 2

                                          STATION:  Flippin
                                          MONTH:    APRIL
                                          YEAR:     2019
                                          LATITUDE:   36 17 N
                                          LONGITUDE:  92 28 W

[TEMPERATURE DATA]      [PRECIPITATION DATA]       SYMBOLS USED IN COLUMN 16

AVERAGE MONTHLY: 59.1   TOTAL FOR MONTH:   3.39    1 = FOG OR MIST
DPTR FM NORMAL:     M   DPTR FM NORMAL:       M    2 = FOG REDUCING VISIBILITY
HIGHEST:    85 ON 10    GRTST 24HR  1.15 ON 13-13      TO 1/4 MILE OR LESS
LOWEST:     28 ON  2, 1                            3 = THUNDER
                        SNOW, ICE PELLETS, HAIL    4 = ICE PELLETS
                        TOTAL MONTH:    M          5 = HAIL
                        GRTST 24HR    M  ON   M    6 = FREEZING RAIN OR DRIZZLE
                        GRTST DEPTH:  M  ON   M    7 = DUSTSTORM OR SANDSTORM:
                                                       VSBY 1/2 MILE OR LESS
                                                   8 = SMOKE OR HAZE
[NO. OF DAYS WITH]      [WEATHER - DAYS WITH]      9 = BLOWING SNOW
                                                   X = TORNADO
MAX 32 OR BELOW:   0    0.01 INCH OR MORE:   6
MAX 90 OR ABOVE:   0    0.10 INCH OR MORE:   5
MIN 32 OR BELOW:   2    0.50 INCH OR MORE:   3
MIN  0 OR BELOW:   0    1.00 INCH OR MORE:   2

[HDD (BASE 65) ]
TOTAL THIS MO.   127    CLEAR  (SCALE 0-3)  11
DPTR FM NORMAL     M    PTCLDY (SCALE 4-7)   6
TOTAL FM JUL 1  3758    CLOUDY (SCALE 8-10)  1
DPTR FM NORMAL     M

[CDD (BASE 65) ]
TOTAL THIS MO.    25
DPTR FM NORMAL     M    [PRESSURE DATA]
TOTAL FM JAN 1    25    HIGHEST SLP M ON M
DPTR FM NORMAL     M    LOWEST  SLP M ON M

[REMARKS]
