044
CXUS55 KABQ 171000
CF6FMN
PRELIMINARY LOCAL CLIMATOLOGICAL DATA (WS FORM: F-6)

                                          STATION:   FARMINGTON NM
                                          MONTH:     AUGUST
                                          YEAR:      2019
                                          LATITUDE:   36 45 N
                                          LONGITUDE: 108 14 W

  TEMPERATURE IN F:       :PCPN:    SNOW:  WIND      :SUNSHINE: SKY     :PK WND
================================================================================
1   2   3   4   5  6A  6B    7    8   9   10  11  12  13   14  15   16   17  18
                                     12Z  AVG MX 2MIN
DY MAX MIN AVG DEP HDD CDD  WTR  SNW DPTH SPD SPD DIR MIN PSBL S-S WX    SPD DR
================================================================================

 1  91  67  79   3   0  14    T    M    M  6.7 24 180   M    M   2 3      33 180
 2  94  62  78   2   0  13    T    M    M  5.5 16 270   M    M   0 3      21 270
 3  96  67  82   6   0  17    T    M    M  9.5 32  90   M    M   0        40  90
 4  90  64  77   1   0  12    T    M    M  7.8 22  40   M    M   2 3      29  30
 5  97  59  78   2   0  13 0.00    M    M  6.9 18 320   M    M   0        24 280
 6  99  67  83   7   0  18    T    M    M 10.2 36  70   M    M   1 3      45  60
 7  91  63  77   2   0  12 0.00    M    M  7.9 21 280   M    M   2        29 280
 8  93  63  78   3   0  13 0.00    M    M  6.1 18 260   M    M   0        24 240
 9  90  63  77   2   0  12    T    M    M  8.8 25 290   M    M   4        34 280
10  89  56  73  -2   0   8 0.00    M    M  5.8 25 180   M    M   1        32 190
11  83  68  76   1   0  11    T    M    M  8.7 15 110   M    M   4        19 120
12  91  59  75   0   0  10 0.00    M    M  8.3 22 280   M    M   1        27 280
13  94  55  75   1   0  10 0.00    M    M  7.5 16 280   M    M   0        22 230
14  97  58  78   4   0  13 0.00    M    M  7.2 21 280   M    M   0        27 310
15  97  60  79   5   0  14 0.00    M    M  8.7 22 280   M    M   0        30 250
16  96  57  77   3   0  12 0.00    M    M  8.2 20 280   M    M   0        25 280
================================================================================
SM 1488  988         0 202    T     M    123.8          M       17
================================================================================
AV 93.0 61.8                               7.7 FASTST   M    M   1    MAX(MPH)
                                 MISC ---->  # 36  70               # 45   60
================================================================================
NOTES:
# LAST OF SEVERAL OCCURRENCES

COLUMN 17 PEAK WIND IN M.P.H.

PRELIMINARY LOCAL CLIMATOLOGICAL DATA (WS FORM: F-6) , PAGE 2

                                          STATION:  FARMINGTON NM
                                          MONTH:    AUGUST
                                          YEAR:     2019
                                          LATITUDE:   36 45 N
                                          LONGITUDE: 108 14 W

[TEMPERATURE DATA]      [PRECIPITATION DATA]       SYMBOLS USED IN COLUMN 16

AVERAGE MONTHLY: 77.4   TOTAL FOR MONTH:      T    1 = FOG OR MIST
DPTR FM NORMAL:   2.3   DPTR FM NORMAL:   -0.71    2 = FOG REDUCING VISIBILITY
HIGHEST:    99 ON  6    GRTST 24HR    T  ON 11-11      TO 1/4 MILE OR LESS
LOWEST:     55 ON 13                               3 = THUNDER
                        SNOW, ICE PELLETS, HAIL    4 = ICE PELLETS
                        TOTAL MONTH:    M          5 = HAIL
                        GRTST 24HR    M  ON   M    6 = FREEZING RAIN OR DRIZZLE
                        GRTST DEPTH:  M  ON   M    7 = DUSTSTORM OR SANDSTORM:
                                                       VSBY 1/2 MILE OR LESS
                                                   8 = SMOKE OR HAZE
[NO. OF DAYS WITH]      [WEATHER - DAYS WITH]      9 = BLOWING SNOW
                                                   X = TORNADO
MAX 32 OR BELOW:   0    0.01 INCH OR MORE:   0
MAX 90 OR ABOVE:  14    0.10 INCH OR MORE:   0
MIN 32 OR BELOW:   0    0.50 INCH OR MORE:   0
MIN  0 OR BELOW:   0    1.00 INCH OR MORE:   0

[HDD (BASE 65) ]
TOTAL THIS MO.     0    CLEAR  (SCALE 0-3)  14
DPTR FM NORMAL     0    PTCLDY (SCALE 4-7)   2
TOTAL FM JUL 1     0    CLOUDY (SCALE 8-10)  0
DPTR FM NORMAL     0

[CDD (BASE 65) ]
TOTAL THIS MO.   202
DPTR FM NORMAL    41    [PRESSURE DATA]
TOTAL FM JAN 1   751    HIGHEST SLP M ON M
DPTR FM NORMAL    29    LOWEST  SLP 29.72 ON 16

[REMARKS]
