927
CXUS55 KABQ 191000
CF6FMN
PRELIMINARY LOCAL CLIMATOLOGICAL DATA (WS FORM: F-6)

                                          STATION:   FARMINGTON NM
                                          MONTH:     FEBRUARY
                                          YEAR:      2019
                                          LATITUDE:   36 45 N
                                          LONGITUDE: 108 14 W

  TEMPERATURE IN F:       :PCPN:    SNOW:  WIND      :SUNSHINE: SKY     :PK WND
================================================================================
1   2   3   4   5  6A  6B    7    8   9   10  11  12  13   14  15   16   17  18
                                     12Z  AVG MX 2MIN
DY MAX MIN AVG DEP HDD CDD  WTR  SNW DPTH SPD SPD DIR MIN PSBL S-S WX    SPD DR
================================================================================

 1  53  20  37   3  28   0 0.00    M    M  5.9 10 260   M    M   1        14 290
 2  54  24  39   5  26   0 0.00    M    M  6.9 13 100   M    M   5        15 110
 3  57  35  46  12  19   0 0.02    M    M  8.6 25 280   M    M   8        32 270
 4  56  30  43   9  22   0    T    M    M 11.6 21 210   M    M   6        27 170
 5  54  35  45  11  20   0 0.00    M    M 10.7 30 220   M    M   4        36 200
 6  40  21  31  -4  34   0 0.05    M    M 13.8 29 280   M    M   7 1      37 280
 7  33  15  24 -11  41   0 0.01    M    M  8.2 22 280   M    M   2 18     26 280
 8  45  12  29  -6  36   0 0.00    M    M  8.1 15 100   M    M   0        20  90
 9  52  24  38   3  27   0 0.00    M    M 10.9 29 240   M    M   0        37 240
10  53  16  35  -1  30   0 0.00    M    M  7.2 22 200   M    M   0        26 180
11  37  19  28  -8  37   0 0.07    M    M 13.1 31 280   M    M   4 12     36 280
12  45  11  28  -8  37   0 0.00    M    M  4.9 12  70   M    M   0        13  70
13  53  21  37   1  28   0    T    M    M  8.3 24 280   M    M   4        33 280
14  41  36  39   2  26   0 0.51    M    M  9.0 17  70   M    M   9 1      22  80
15  47  33  40   3  25   0    T    M    M  5.5 13 290   M    M   1        17 300
16  39  24  32  -5  33   0 0.09    M    M 12.1 32 280   M    M   5 12     38 320
17  37  19  28  -9  37   0 0.02    M    M  7.1 20 140   M    M   4 1      23 140
18  35  23  29  -8  36   0 0.07    M    M  7.2 23 170   M    M   7 18     30 170
================================================================================
SM  831  418       542   0  0.84    M    159.1          M       67
================================================================================
AV 46.2 23.2                               8.8 FASTST   M    M   4    MAX(MPH)
                                 MISC ---->  # 32 280               # 38  320
================================================================================
NOTES:
# LAST OF SEVERAL OCCURRENCES

COLUMN 17 PEAK WIND IN M.P.H.

PRELIMINARY LOCAL CLIMATOLOGICAL DATA (WS FORM: F-6) , PAGE 2

                                          STATION:  FARMINGTON NM
                                          MONTH:    FEBRUARY
                                          YEAR:     2019
                                          LATITUDE:   36 45 N
                                          LONGITUDE: 108 14 W

[TEMPERATURE DATA]      [PRECIPITATION DATA]       SYMBOLS USED IN COLUMN 16

AVERAGE MONTHLY: 34.7   TOTAL FOR MONTH:   0.84    1 = FOG OR MIST
DPTR FM NORMAL:  -0.8   DPTR FM NORMAL:    0.26    2 = FOG REDUCING VISIBILITY
HIGHEST:    57 ON  3    GRTST 24HR  0.51 ON 14-14      TO 1/4 MILE OR LESS
LOWEST:     11 ON 12                               3 = THUNDER
                        SNOW, ICE PELLETS, HAIL    4 = ICE PELLETS
                        TOTAL MONTH:    M          5 = HAIL
                        GRTST 24HR    M  ON   M    6 = FREEZING RAIN OR DRIZZLE
                        GRTST DEPTH:  M  ON   M    7 = DUSTSTORM OR SANDSTORM:
                                                       VSBY 1/2 MILE OR LESS
                                                   8 = SMOKE OR HAZE
[NO. OF DAYS WITH]      [WEATHER - DAYS WITH]      9 = BLOWING SNOW
                                                   X = TORNADO
MAX 32 OR BELOW:   0    0.01 INCH OR MORE:   8
MAX 90 OR ABOVE:   0    0.10 INCH OR MORE:   1
MIN 32 OR BELOW:  14    0.50 INCH OR MORE:   1
MIN  0 OR BELOW:   0    1.00 INCH OR MORE:   0

[HDD (BASE 65) ]
TOTAL THIS MO.   542    CLEAR  (SCALE 0-3)   7
DPTR FM NORMAL    10    PTCLDY (SCALE 4-7)  10
TOTAL FM JUL 1  1971    CLOUDY (SCALE 8-10)  1
DPTR FM NORMAL -1861

[CDD (BASE 65) ]
TOTAL THIS MO.     0
DPTR FM NORMAL     0    [PRESSURE DATA]
TOTAL FM JAN 1     0    HIGHEST SLP M ON M
DPTR FM NORMAL     0    LOWEST  SLP 29.59 ON  6

[REMARKS]
