000
CXUS55 KABQ 251000
CF6FMN
PRELIMINARY LOCAL CLIMATOLOGICAL DATA (WS FORM: F-6)

                                          STATION:   FARMINGTON NM
                                          MONTH:     APRIL
                                          YEAR:      2019
                                          LATITUDE:   36 45 N
                                          LONGITUDE: 108 14 W

  TEMPERATURE IN F:       :PCPN:    SNOW:  WIND      :SUNSHINE: SKY     :PK WND
================================================================================
1   2   3   4   5  6A  6B    7    8   9   10  11  12  13   14  15   16   17  18
                                     12Z  AVG MX 2MIN
DY MAX MIN AVG DEP HDD CDD  WTR  SNW DPTH SPD SPD DIR MIN PSBL S-S WX    SPD DR
================================================================================

 1  58  26  42  -5  23   0 0.00    M    M  5.3 14 280   M    M   0        19 280
 2  65  34  50   3  15   0 0.00    M    M  6.1 21 280   M    M   2        27 280
 3  60  37  49   2  16   0 0.07    M    M  6.8 26 260   M    M   3        33 250
 4  67  32  50   3  15   0 0.00    M    M  6.6 13 120   M    M   0 8      17 110
 5  68  36  52   4  13   0 0.00    M    M  7.0 20 230   M    M   2        28 220
 6  66  34  50   2  15   0    T    M    M  6.7 21 280   M    M   3        24 280
 7  71  35  53   5  12   0 0.00    M    M  7.4 22 280   M    M   0        30 270
 8  76  35  56   8   9   0 0.00    M    M  7.4 22 280   M    M   0        28 260
 9  79  39  59  10   6   0 0.00  0.0    0 11.4 30 250   M    M   0        37 250
10  59  36  48  -1  17   0    T    M    M 20.6 35 270   M    M   5        43 270
11  51  31  41  -8  24   0    T    M    M 16.8 30 280   M    M   3 8      38 280
12  57  24  41  -9  24   0 0.00    M    M  4.9 14 280   M    M   1        20 300
13  60  28  44  -6  21   0 0.00    M    M  9.6 29 290   M    M   2        50 270
14  70  26  48  -2  17   0 0.00    M    M  6.6 18 280   M    M   0        27 280
15  74  34  54   4  11   0 0.00    M    M  5.9 15 280   M    M   0        20 260
16  67  51  59   8   6   0    T    M    M  7.0 23 240   M    M   6        40 260
17  70  43  57   6   8   0    T    M    M 16.5 32 290   M    M   4        44 280
18  75  41  58   7   7   0 0.00    M    M 14.5 32 280   M    M   0        41 270
19  78  34  56   4   9   0 0.00    M    M  6.7 21 280   M    M   0        27 260
20  76  39  58   6   7   0 0.00    M    M  9.2 35 240   M    M   1 3      42 230
21  74  47  61   9   4   0 0.00    M    M 10.0 25 230   M    M   3        32 250
22  69  40  55   2  10   0 0.00    M    M  9.6 28 120   M    M   2        35 110
23  61  44  53   0  12   0 0.01    M    M  9.6 26  80   M    M   7        33  90
24  75  36  56   2   9   0 0.00    M    M  8.6 26 280   M    M   1        34 280
================================================================================
SM 1626  862       310   0  0.08     0.0 220.8          M       45
================================================================================
AV 67.8 35.9                               9.2 FASTST   M    M   2    MAX(MPH)
                                 MISC ---->  # 35 240               # 50  270
================================================================================
NOTES:
# LAST OF SEVERAL OCCURRENCES

COLUMN 17 PEAK WIND IN M.P.H.

PRELIMINARY LOCAL CLIMATOLOGICAL DATA (WS FORM: F-6) , PAGE 2

                                          STATION:  FARMINGTON NM
                                          MONTH:    APRIL
                                          YEAR:     2019
                                          LATITUDE:   36 45 N
                                          LONGITUDE: 108 14 W

[TEMPERATURE DATA]      [PRECIPITATION DATA]       SYMBOLS USED IN COLUMN 16

AVERAGE MONTHLY: 51.8   TOTAL FOR MONTH:   0.08    1 = FOG OR MIST
DPTR FM NORMAL:   2.1   DPTR FM NORMAL:   -0.59    2 = FOG REDUCING VISIBILITY
HIGHEST:    79 ON  9    GRTST 24HR  0.07 ON  3- 3      TO 1/4 MILE OR LESS
LOWEST:     24 ON 12                               3 = THUNDER
                        SNOW, ICE PELLETS, HAIL    4 = ICE PELLETS
                        TOTAL MONTH:   0.0 INCH    5 = HAIL
                        GRTST 24HR     0.0         6 = FREEZING RAIN OR DRIZZLE
                        GRTST DEPTH:   0           7 = DUSTSTORM OR SANDSTORM:
                                                       VSBY 1/2 MILE OR LESS
                                                   8 = SMOKE OR HAZE
[NO. OF DAYS WITH]      [WEATHER - DAYS WITH]      9 = BLOWING SNOW
                                                   X = TORNADO
MAX 32 OR BELOW:   0    0.01 INCH OR MORE:   2
MAX 90 OR ABOVE:   0    0.10 INCH OR MORE:   0
MIN 32 OR BELOW:   6    0.50 INCH OR MORE:   0
MIN  0 OR BELOW:   0    1.00 INCH OR MORE:   0

[HDD (BASE 65) ]
TOTAL THIS MO.   310    CLEAR  (SCALE 0-3)  19
DPTR FM NORMAL   -56    PTCLDY (SCALE 4-7)   5
TOTAL FM JUL 1  3229    CLOUDY (SCALE 8-10)  0
DPTR FM NORMAL -1903

[CDD (BASE 65) ]
TOTAL THIS MO.     0
DPTR FM NORMAL     0    [PRESSURE DATA]
TOTAL FM JAN 1     0    HIGHEST SLP M ON M
DPTR FM NORMAL     0    LOWEST  SLP 29.37 ON 10

[REMARKS]
