000
CXUS52 KTBW 221000
CF6FMY
PRELIMINARY LOCAL CLIMATOLOGICAL DATA (WS FORM: F-6)

                                          STATION:   Fort Myers
                                          MONTH:     AUGUST
                                          YEAR:      2019
                                          LATITUDE:   26 34 N
                                          LONGITUDE:  81 52 W

  TEMPERATURE IN F:       :PCPN:    SNOW:  WIND      :SUNSHINE: SKY     :PK WND
================================================================================
1   2   3   4   5  6A  6B    7    8   9   10  11  12  13   14  15   16   17  18
                                     12Z  AVG MX 2MIN
DY MAX MIN AVG DEP HDD CDD  WTR  SNW DPTH SPD SPD DIR MIN PSBL S-S WX    SPD DR
================================================================================

 1  91  73  82  -1   0  17 0.41  0.0    0  7.2 30  50   M    M   3 13     37  60
 2  83  74  79  -5   0  14 0.60  0.0    0  5.6 14 250   M    M   4 12     16 180
 3  89  75  82  -2   0  17 0.57  0.0    0  7.1 22 250   M    M   4 13     26 240
 4  89  76  83  -1   0  18 0.17  0.0    0  4.2 15  70   M    M   3 13     20  70
 5  88  75  82  -2   0  17 1.48  0.0    0  3.3 16 360   M    M   1 138    19 330
 6  90  76  83  -1   0  18 0.34  0.0    0  5.4 15  80   M    M   4 138    20  80
 7  90  75  83  -1   0  18 0.90  0.0    0  3.9 17  10   M    M   2 13     20  10
 8  91  76  84   0   0  19    T  0.0    0  5.3 17 240   M    M   1 3      20 240
 9  90  79  85   2   0  20 0.10  0.0    0  4.7 16 250   M    M   2 38     20 290
10  88  78  83   0   0  18 0.23  0.0    0  4.7 24 310   M    M   3 138    32 320
11  87  78  83   0   0  18 0.41  0.0    0  3.4 17 310   M    M   2 138    26 310
12  90  79  85   2   0  20 0.33  0.0    0  2.8 13 240   M    M   4 138    18 240
13  90  78  84   1   0  19 0.02  0.0    0  4.7 15 270   M    M   3 3      20 260
14  86  75  81  -2   0  16 0.93  0.0    0  4.3 22 250   M    M   1 138    24 250
15  91  73  82  -1   0  17 1.36  0.0    0  4.9 23 330   M    M   1 13     29 330
16  85  73  79  -4   0  14 1.84  0.0    0  5.2 21 230   M    M   3 13     28 210
17  91  76  84   1   0  19 0.00  0.0    0  5.5 22 270   M    M   1 3      26 270
18  95  75  85   2   0  20 0.45  0.0    0  4.8 22 150   M    M   2 3      28 150
19  94  76  85   2   0  20 0.01  0.0    0  6.2 20  40   M    M   1        23  40
20  92  75  84   1   0  19 0.35  0.0    0  5.2 17 190   M    M   2 13     22 200
21  93  75  84   1   0  19 1.60  0.0    0  3.8 24  40   M    M   2 13     30  50
================================================================================
SM 1883 1590         0 377 12.10     0.0 102.2          M       49
================================================================================
AV 89.7 75.7                               4.9 FASTST   M    M   2    MAX(MPH)
                                 MISC ---->  # 30  50               # 37   60
================================================================================
NOTES:
# LAST OF SEVERAL OCCURRENCES

COLUMN 17 PEAK WIND IN M.P.H.

PRELIMINARY LOCAL CLIMATOLOGICAL DATA (WS FORM: F-6) , PAGE 2

                                          STATION:  Fort Myers
                                          MONTH:    AUGUST
                                          YEAR:     2019
                                          LATITUDE:   26 34 N
                                          LONGITUDE:  81 52 W

[TEMPERATURE DATA]      [PRECIPITATION DATA]       SYMBOLS USED IN COLUMN 16

AVERAGE MONTHLY: 82.7   TOTAL FOR MONTH:  12.10    1 = FOG OR MIST
DPTR FM NORMAL:  -0.6   DPTR FM NORMAL:    5.33    2 = FOG REDUCING VISIBILITY
HIGHEST:    95 ON 18    GRTST 24HR  1.84 ON 16-16      TO 1/4 MILE OR LESS
LOWEST:     73 ON 16,15                            3 = THUNDER
                        SNOW, ICE PELLETS, HAIL    4 = ICE PELLETS
                        TOTAL MONTH:   0.0 INCH    5 = HAIL
                        GRTST 24HR     0.0         6 = FREEZING RAIN OR DRIZZLE
                        GRTST DEPTH:   0           7 = DUSTSTORM OR SANDSTORM:
                                                       VSBY 1/2 MILE OR LESS
                                                   8 = SMOKE OR HAZE
[NO. OF DAYS WITH]      [WEATHER - DAYS WITH]      9 = BLOWING SNOW
                                                   X = TORNADO
MAX 32 OR BELOW:   0    0.01 INCH OR MORE:  19
MAX 90 OR ABOVE:  13    0.10 INCH OR MORE:  17
MIN 32 OR BELOW:   0    0.50 INCH OR MORE:   8
MIN  0 OR BELOW:   0    1.00 INCH OR MORE:   4

[HDD (BASE 65) ]
TOTAL THIS MO.     0    CLEAR  (SCALE 0-3)  15
DPTR FM NORMAL     0    PTCLDY (SCALE 4-7)   6
TOTAL FM JUL 1     0    CLOUDY (SCALE 8-10)  0
DPTR FM NORMAL     0

[CDD (BASE 65) ]
TOTAL THIS MO.   377
DPTR FM NORMAL    -1    [PRESSURE DATA]
TOTAL FM JAN 1  2718    HIGHEST SLP M ON M
DPTR FM NORMAL   185    LOWEST  SLP 29.86 ON M

[REMARKS]
