791
CXUS53 KOAX 181000
CF6FNB
PRELIMINARY LOCAL CLIMATOLOGICAL DATA (WS FORM: F-6)

                                          STATION:   FALLS CITY NE
                                          MONTH:     AUGUST
                                          YEAR:      2019
                                          LATITUDE:   40  4 N
                                          LONGITUDE:  95 35 W

  TEMPERATURE IN F:       :PCPN:    SNOW:  WIND      :SUNSHINE: SKY     :PK WND
================================================================================
1   2   3   4   5  6A  6B    7    8   9   10  11  12  13   14  15   16   17  18
                                     12Z  AVG MX 2MIN
DY MAX MIN AVG DEP HDD CDD  WTR  SNW DPTH SPD SPD DIR MIN PSBL S-S WX    SPD DR
================================================================================

 1  84  67  76  -1   0  11 0.98    M    M  9.6 15 150   M    M   9 13     24 130
 2  77  69  73  -4   0   8    T    M    M  5.6 16 110   M    M   7        23 110
 3  84  69  77   0   0  12 0.00    M    M  4.1  9 110   M    M   5        12  50
 4  86  64  75  -2   0  10 0.00    M    M  3.1 10 150   M    M   1 12     15 150
 5  87  68  78   1   0  13 0.00    M    M  5.5 13 200   M    M   0 1      16 190
 6  86  68  77   0   0  12 0.00    M    M  5.1 12 350   M    M   1        16 340
 7  84  67  76  -1   0  11 0.15    M    M  4.4 28 200   M    M   1 13     39 180
 8  87  65  76  -1   0  11 0.00    M    M  2.6 10 270   M    M   2 12     15 210
 9  87  68  78   2   0  13 0.00    M    M  6.2 12 100   M    M   3        15 100
10  89  70  80   4   0  15 0.00    M    M  5.2 13 150   M    M   2 1      17 200
11  84  73  79   3   0  14 0.21    M    M  5.6 18 260   M    M   3 13     31 260
12  89  69  79   3   0  14 0.44    M    M  5.0 35 290   M    M   4 13     46 290
13  87  70  79   3   0  14 0.00    M    M  5.0 14 340   M    M   1 1      19 360
14  81  63  72  -4   0   7 0.00    M    M  5.8 14 310   M    M   0        21 340
15  74  58  66 -10   0   1 3.02    M    M  7.2 37 310   M    M   5 123    50 310
16  82  67  75  -1   0  10 0.01    M    M  5.2 21 170   M    M   7 3      30 170
17  86  66  76   0   0  11 1.17    M    M  9.1 20 150   M    M   2 13     29 170
================================================================================
SM 1434 1141         0 187  5.98    M     94.3          M       53
================================================================================
AV 84.4 67.1                               5.5 FASTST   M    M   3    MAX(MPH)
                                 MISC ---->  # 37 310               # 50  310
================================================================================
NOTES:
# LAST OF SEVERAL OCCURRENCES

COLUMN 17 PEAK WIND IN M.P.H.

PRELIMINARY LOCAL CLIMATOLOGICAL DATA (WS FORM: F-6) , PAGE 2

                                          STATION:  FALLS CITY NE
                                          MONTH:    AUGUST
                                          YEAR:     2019
                                          LATITUDE:   40  4 N
                                          LONGITUDE:  95 35 W

[TEMPERATURE DATA]      [PRECIPITATION DATA]       SYMBOLS USED IN COLUMN 16

AVERAGE MONTHLY: 75.7   TOTAL FOR MONTH:   5.98    1 = FOG OR MIST
DPTR FM NORMAL:  -0.7   DPTR FM NORMAL:    3.67    2 = FOG REDUCING VISIBILITY
HIGHEST:    89 ON 12,10 GRTST 24HR  3.02 ON 15-15      TO 1/4 MILE OR LESS
LOWEST:     58 ON 15                               3 = THUNDER
                        SNOW, ICE PELLETS, HAIL    4 = ICE PELLETS
                        TOTAL MONTH:    M          5 = HAIL
                        GRTST 24HR    M  ON   M    6 = FREEZING RAIN OR DRIZZLE
                        GRTST DEPTH:  M  ON   M    7 = DUSTSTORM OR SANDSTORM:
                                                       VSBY 1/2 MILE OR LESS
                                                   8 = SMOKE OR HAZE
[NO. OF DAYS WITH]      [WEATHER - DAYS WITH]      9 = BLOWING SNOW
                                                   X = TORNADO
MAX 32 OR BELOW:   0    0.01 INCH OR MORE:   7
MAX 90 OR ABOVE:   0    0.10 INCH OR MORE:   6
MIN 32 OR BELOW:   0    0.50 INCH OR MORE:   3
MIN  0 OR BELOW:   0    1.00 INCH OR MORE:   2

[HDD (BASE 65) ]
TOTAL THIS MO.     0    CLEAR  (SCALE 0-3)  11
DPTR FM NORMAL     0    PTCLDY (SCALE 4-7)   5
TOTAL FM JUL 1     0    CLOUDY (SCALE 8-10)  1
DPTR FM NORMAL    -1

[CDD (BASE 65) ]
TOTAL THIS MO.   187
DPTR FM NORMAL    -9    [PRESSURE DATA]
TOTAL FM JAN 1   933    HIGHEST SLP M ON M
DPTR FM NORMAL   -19    LOWEST  SLP 29.63 ON 17

[REMARKS]
