000
CXUS53 KOAX 191000
CF6FNB
PRELIMINARY LOCAL CLIMATOLOGICAL DATA (WS FORM: F-6)

                                          STATION:   FALLS CITY NE
                                          MONTH:     APRIL
                                          YEAR:      2019
                                          LATITUDE:   40  4 N
                                          LONGITUDE:  95 35 W

  TEMPERATURE IN F:       :PCPN:    SNOW:  WIND      :SUNSHINE: SKY     :PK WND
================================================================================
1   2   3   4   5  6A  6B    7    8   9   10  11  12  13   14  15   16   17  18
                                     12Z  AVG MX 2MIN
DY MAX MIN AVG DEP HDD CDD  WTR  SNW DPTH SPD SPD DIR MIN PSBL S-S WX    SPD DR
================================================================================

 1  59  29  44  -4  21   0 0.00    M    M 11.3 21 190   M    M   1 8      32 180
 2  57  35  46  -2  19   0 0.01    M    M  7.8 17 300   M    M   5 18     24 170
 3  63  45  54   5  11   0    T    M    M 11.2 22 110   M    M   9        32 120
 4  57  46  52   3  13   0 0.00    M    M  7.1 13 100   M    M   9 1      17  80
 5  68  43  56   7   9   0 0.00    M    M  9.1 18 160   M    M   5 12     24 140
 6  77  48  63  13   2   0 0.25    M    M 11.3 26 230   M    M   2 13     37 230
 7  74  51  63  13   2   0 0.02    M    M  8.6 24 300   M    M   4 1      33 280
 8  81  42  62  12   3   0 0.00    M    M  8.1 21 210   M    M   0        31 210
 9  76  47  62  11   3   0 0.00    M    M  9.7 22  80   M    M   0 8      31  90
10  81  50  66  15   0   1 0.00    M    M 18.3 28  80   M    M   0 8      40  60
11  55  33  44  -8  21   0 0.00    M    M 18.4 28 250   M    M   8        38 250
12  51  31  41 -11  24   0 0.00    M    M 18.6 31 280   M    M   4        44 260
13  55  25  40 -12  25   0 0.00    M    M  9.2 17  20   M    M   0        27  30
14  57  33  45  -8  20   0 0.00    M    M  6.9 15 310   M    M   1        22 310
15  77  41  59   6   6   0 0.00    M    M 11.8 22 180   M    M   2        31 180
16  82  51  67  14   0   2 0.00    M    M  8.4 22 160   M    M   1        29 160
17  79  51  65  11   0   0 0.00    M    M 13.8 24 300   M    M   5 3      33 340
18  64  46  55   1  10   0 0.00    M    M 14.0 24 350   M    M   3        37 340
================================================================================
SM 1213  747       189   3  0.28    M    203.6          M       59
================================================================================
AV 67.4 41.5                              11.3 FASTST   M    M   3    MAX(MPH)
                                 MISC ---->  # 31 280               # 44  260
================================================================================
NOTES:
# LAST OF SEVERAL OCCURRENCES

COLUMN 17 PEAK WIND IN M.P.H.

PRELIMINARY LOCAL CLIMATOLOGICAL DATA (WS FORM: F-6) , PAGE 2

                                          STATION:  FALLS CITY NE
                                          MONTH:    APRIL
                                          YEAR:     2019
                                          LATITUDE:   40  4 N
                                          LONGITUDE:  95 35 W

[TEMPERATURE DATA]      [PRECIPITATION DATA]       SYMBOLS USED IN COLUMN 16

AVERAGE MONTHLY: 54.4   TOTAL FOR MONTH:   0.28    1 = FOG OR MIST
DPTR FM NORMAL:   3.4   DPTR FM NORMAL:   -1.51    2 = FOG REDUCING VISIBILITY
HIGHEST:    82 ON 16    GRTST 24HR  0.25 ON  6- 6      TO 1/4 MILE OR LESS
LOWEST:     25 ON 13                               3 = THUNDER
                        SNOW, ICE PELLETS, HAIL    4 = ICE PELLETS
                        TOTAL MONTH:    M          5 = HAIL
                        GRTST 24HR    M  ON   M    6 = FREEZING RAIN OR DRIZZLE
                        GRTST DEPTH:  M  ON   M    7 = DUSTSTORM OR SANDSTORM:
                                                       VSBY 1/2 MILE OR LESS
                                                   8 = SMOKE OR HAZE
[NO. OF DAYS WITH]      [WEATHER - DAYS WITH]      9 = BLOWING SNOW
                                                   X = TORNADO
MAX 32 OR BELOW:   0    0.01 INCH OR MORE:   3
MAX 90 OR ABOVE:   0    0.10 INCH OR MORE:   1
MIN 32 OR BELOW:   3    0.50 INCH OR MORE:   0
MIN  0 OR BELOW:   0    1.00 INCH OR MORE:   0

[HDD (BASE 65) ]
TOTAL THIS MO.   189    CLEAR  (SCALE 0-3)   9
DPTR FM NORMAL   -72    PTCLDY (SCALE 4-7)   7
TOTAL FM JUL 1  5841    CLOUDY (SCALE 8-10)  2
DPTR FM NORMAL   447

[CDD (BASE 65) ]
TOTAL THIS MO.     3
DPTR FM NORMAL    -5    [PRESSURE DATA]
TOTAL FM JAN 1     3    HIGHEST SLP M ON M
DPTR FM NORMAL    -7    LOWEST  SLP 29.20 ON 11

[REMARKS]
