000
CXUS55 KBOU 231930
CF6FNL
PRELIMINARY LOCAL CLIMATOLOGICAL DATA (WS FORM: F-6)

                                          STATION:   FT COLLINS/LOVELAND CO
                                          MONTH:     AUGUST
                                          YEAR:      2019
                                          LATITUDE:   40 27 N
                                          LONGITUDE: 105  1 W

  TEMPERATURE IN F:       :PCPN:    SNOW:  WIND      :SUNSHINE: SKY     :PK WND
================================================================================
1   2   3   4   5  6A  6B    7    8   9   10  11  12  13   14  15   16   17  18
                                     12Z  AVG MX 2MIN
DY MAX MIN AVG DEP HDD CDD  WTR  SNW DPTH SPD SPD DIR MIN PSBL S-S WX    SPD DR
================================================================================

 1  85  59  72   M   0   7    M    M    M  5.7 17 100   M    M   3        25 110
 2  93  60  77   M   0  12    M    M    M  4.9 14  30   M    M   2 1      20  30
 3  98  60  79   M   0  14    M    M    M  6.2 15 110   M    M   0 8      16 140
 4  92  60  76   M   0  11    M    M    M  6.4 14 330   M    M   2         M  M
 5  92  64  78   M   0  13    M    M    M  6.4 14 360   M    M   1 3      21 360
 6  97  60  79   M   0  14    M    M    M  3.7  8 110   M    M   0 8       M  M
 7  91  60  76   M   0  11    M    M    M  4.7  9 170   M    M   1 38     18 140
 8  86  61  74   M   0   9    M    M    M  5.4 16 150   M    M   3         M  M
 9  97  59  78   M   0  13    M    M    M  6.4 13 170   M    M   2 138    20 160
10  86  62  74   M   0   9    M    M    M  6.1 15 320   M    M   3 3       M  M
11  84  61  73   M   0   8    M    M    M  5.8 14 280   M    M   2         M  M
12  95  55  75   M   0  10    M    M    M  8.8 22 130   M    M   1 8      29 130
13  89  55  72   M   0   7    M    M    M  8.5 14 100   M    M   0 138    23 110
14  92  56  74   M   0   9    M    M    M  3.7  9 100   M    M   0 8       M  M
15  95  54  75   M   0  10    M    M    M  7.6 18 310   M    M   0 18     50 320
16  81  56  69   M   0   4    M    M    M  7.6 16 240   M    M   2 38     41 290
17  91  53  72   M   0   7    M    M    M  9.5 29 310   M    M   1 3      45 220
18  87  54  71   M   0   6    M    M    M  5.8  9 190   M    M   3 8       M  M
19 100  56  78   M   0  13    M    M    M  5.0 10 100   M    M   0 8       M  M
20  99  61  80   M   0  15    M    M    M  8.5 31  80   M    M   0 3      43  80
21  83  64  74   M   0   9    M    M    M  7.4 14 120   M    M   5        16 140
22  88  60  74   M   0   9    M    M    M  9.1 20  90   M    M   3 38     32 120
================================================================================
SM 2001 1290         0 220    M     M    143.2          M       34
================================================================================
AV 91.0 58.6                               6.5 FASTST   M    M   2    MAX(MPH)
                                 MISC ---->  # 31  80               # 50  320
================================================================================
NOTES:
# LAST OF SEVERAL OCCURRENCES

COLUMN 17 PEAK WIND IN M.P.H.

PRELIMINARY LOCAL CLIMATOLOGICAL DATA (WS FORM: F-6) , PAGE 2

                                          STATION:  FT COLLINS/LOVELAND CO
                                          MONTH:    AUGUST
                                          YEAR:     2019
                                          LATITUDE:   40 27 N
                                          LONGITUDE: 105  1 W

[TEMPERATURE DATA]      [PRECIPITATION DATA]       SYMBOLS USED IN COLUMN 16

AVERAGE MONTHLY: 74.8   TOTAL FOR MONTH:      M    1 = FOG OR MIST
DPTR FM NORMAL:     M   DPTR FM NORMAL:       M    2 = FOG REDUCING VISIBILITY
HIGHEST:   100 ON 19    GRTST 24HR    T  ON 31- 1      TO 1/4 MILE OR LESS
LOWEST:     53 ON 17                               3 = THUNDER
                        SNOW, ICE PELLETS, HAIL    4 = ICE PELLETS
                        TOTAL MONTH:    M          5 = HAIL
                        GRTST 24HR    M  ON   M    6 = FREEZING RAIN OR DRIZZLE
                        GRTST DEPTH:  M  ON   M    7 = DUSTSTORM OR SANDSTORM:
                                                       VSBY 1/2 MILE OR LESS
                                                   8 = SMOKE OR HAZE
[NO. OF DAYS WITH]      [WEATHER - DAYS WITH]      9 = BLOWING SNOW
                                                   X = TORNADO
MAX 32 OR BELOW:   0    0.01 INCH OR MORE:   0
MAX 90 OR ABOVE:  13    0.10 INCH OR MORE:   0
MIN 32 OR BELOW:   0    0.50 INCH OR MORE:   0
MIN  0 OR BELOW:   0    1.00 INCH OR MORE:   0

[HDD (BASE 65) ]
TOTAL THIS MO.     0    CLEAR  (SCALE 0-3)  20
DPTR FM NORMAL     M    PTCLDY (SCALE 4-7)   2
TOTAL FM JUL 1     0    CLOUDY (SCALE 8-10)  0
DPTR FM NORMAL     M

[CDD (BASE 65) ]
TOTAL THIS MO.   220
DPTR FM NORMAL     M    [PRESSURE DATA]
TOTAL FM JAN 1   570    HIGHEST SLP M ON M
DPTR FM NORMAL     M    LOWEST  SLP 29.59 ON 17

[REMARKS]
