000
CXUS53 KDTX 250800
CF6FNT
PRELIMINARY LOCAL CLIMATOLOGICAL DATA (WS FORM: F-6)

                                          STATION:   FLINT MI
                                          MONTH:     APRIL
                                          YEAR:      2019
                                          LATITUDE:   42 58 N
                                          LONGITUDE:  83 44 W

  TEMPERATURE IN F:       :PCPN:    SNOW:  WIND      :SUNSHINE: SKY     :PK WND
================================================================================
1   2   3   4   5  6A  6B    7    8   9   10  11  12  13   14  15   16   17  18
                                     12Z  AVG MX 2MIN
DY MAX MIN AVG DEP HDD CDD  WTR  SNW DPTH SPD SPD DIR MIN PSBL S-S WX    SPD DR
================================================================================

 1  44  20  32  -9  33   0 0.00  0.0    T  8.4 18 230   M    M   3        26 230
 2  56  36  46   5  19   0    T  0.0    0 13.1 26 230   M    M   7        38 240
 3  50  33  42   0  23   0 0.00  0.0    0 15.9 31 280   M    M   1        39 300
 4  45  31  38  -4  27   0 0.00  0.0    0 10.5 16  90   M    M   2        20 100
 5  52  33  43   1  22   0 0.04    T    0  5.3 12  80   M    M   8        14  80
 6  66  34  50   7  15   0 0.00  0.0    0  3.6 16  90   M    M   5 18     20  80
 7  68  43  56  13   9   0 0.05  0.0    0  8.9 18 140   M    M   5 1      22 150
 8  69  54  62  18   3   0 0.00  0.0    0 11.5 23 270   M    M   6        30 270
 9  62  42  52   8  13   0 0.00  0.0    0 15.5 28 280   M    M   6        37 280
10  44  31  38  -6  27   0    T    T    0 11.5 18 330   M    M   8 8      22 330
11  46  30  38  -7  27   0 0.15  1.7    2 16.4 26  70   M    M   6 18     33  80
12  61  39  50   5  15   0 0.10  0.0    0 13.6 30 240   M    M   5 18     41 220
13  54  34  44  -2  21   0 0.00  0.0    0 11.8 23 280   M    M   0        32 260
14  38  33  36 -10  29   0 0.50  0.2    T 13.8 25  80   M    M   8 1      33  90
15  51  33  42  -4  23   0 0.08  0.2    T 12.6 22 280   M    M   4 1      28 280
16  53  35  44  -3  21   0 0.32  0.0    0  6.2 13  30   M    M  10 1      19  60
17  57  41  49   2  16   0    T  0.0    0 11.9 22 140   M    M   9 1      29 170
18  66  43  55   7  10   0 0.50    M    0 12.5 23 290   M    M   8 1      29 300
19  43  39  41  -7  24   0 0.29  0.0    0 15.8 28  30   M    M  10        36  40
20  44  39  42  -6  23   0 0.40    M    0 11.1 22  10   M    M  10 1      30  10
21  69  32  51   2  14   0 0.00  0.0    0  5.2 10 280   M    M   5 1      17 210
22  74  47  61  12   4   0 0.00  0.0    0 10.5 21 150   M    M   1        28 150
23  63  41  52   3  13   0    T  0.0    0 15.3 28 280   M    M   5 1      33 270
24  63  35  49  -1  16   0 0.00  0.0    0  4.4  9 260   M    M   0        12 360
================================================================================
SM 1338  878       447   0  2.43     2.1 265.3          M      132
================================================================================
AV 55.8 36.6                              11.1 FASTST   M    M   6    MAX(MPH)
                                 MISC ---->  # 31 280               # 41  220
================================================================================
NOTES:
# LAST OF SEVERAL OCCURRENCES

COLUMN 17 PEAK WIND IN M.P.H.

PRELIMINARY LOCAL CLIMATOLOGICAL DATA (WS FORM: F-6) , PAGE 2

                                          STATION:  FLINT MI
                                          MONTH:    APRIL
                                          YEAR:     2019
                                          LATITUDE:   42 58 N
                                          LONGITUDE:  83 44 W

[TEMPERATURE DATA]      [PRECIPITATION DATA]       SYMBOLS USED IN COLUMN 16

AVERAGE MONTHLY: 46.2   TOTAL FOR MONTH:   2.43    1 = FOG OR MIST
DPTR FM NORMAL:   0.8   DPTR FM NORMAL:    0.12    2 = FOG REDUCING VISIBILITY
HIGHEST:    74 ON 22    GRTST 24HR  0.50 ON 18-18      TO 1/4 MILE OR LESS
LOWEST:     20 ON  1                               3 = THUNDER
                        SNOW, ICE PELLETS, HAIL    4 = ICE PELLETS
                        TOTAL MONTH:   2.1 INCHES  5 = HAIL
                        GRTST 24HR   1.7 ON 11-11  6 = FREEZING RAIN OR DRIZZLE
                        GRTST DEPTH:   2 ON 11     7 = DUSTSTORM OR SANDSTORM:
                                                       VSBY 1/2 MILE OR LESS
                                                   8 = SMOKE OR HAZE
[NO. OF DAYS WITH]      [WEATHER - DAYS WITH]      9 = BLOWING SNOW
                                                   X = TORNADO
MAX 32 OR BELOW:   0    0.01 INCH OR MORE:  10
MAX 90 OR ABOVE:   0    0.10 INCH OR MORE:   7
MIN 32 OR BELOW:   5    0.50 INCH OR MORE:   2
MIN  0 OR BELOW:   0    1.00 INCH OR MORE:   0

[HDD (BASE 65) ]
TOTAL THIS MO.   447    CLEAR  (SCALE 0-3)   6
DPTR FM NORMAL   -29    PTCLDY (SCALE 4-7)  14
TOTAL FM JUL 1  6578    CLOUDY (SCALE 8-10)  4
DPTR FM NORMAL    57

[CDD (BASE 65) ]
TOTAL THIS MO.     0
DPTR FM NORMAL     0    [PRESSURE DATA]
TOTAL FM JAN 1     0    HIGHEST SLP M ON M
DPTR FM NORMAL     0    LOWEST  SLP 29.45 ON 14

[REMARKS]
