000
CXUS53 KDTX 200800
CF6FNT
PRELIMINARY LOCAL CLIMATOLOGICAL DATA (WS FORM: F-6)

                                          STATION:   FLINT MI
                                          MONTH:     FEBRUARY
                                          YEAR:      2019
                                          LATITUDE:   42 58 N
                                          LONGITUDE:  83 44 W

  TEMPERATURE IN F:       :PCPN:    SNOW:  WIND      :SUNSHINE: SKY     :PK WND
================================================================================
1   2   3   4   5  6A  6B    7    8   9   10  11  12  13   14  15   16   17  18
                                     12Z  AVG MX 2MIN
DY MAX MIN AVG DEP HDD CDD  WTR  SNW DPTH SPD SPD DIR MIN PSBL S-S WX    SPD DR
================================================================================

 1  14  -8   3 -19  62   0 0.00  0.0    8  2.6 10 190   M    M   2        14 180
 2  41  11  26   3  39   0 0.00  0.0    8 10.1 18 240   M    M   7        24 240
 3  50  38  44  21  21   0    T  0.0    6 10.1 17 200   M    M  10 1      26 290
 4  52  43  48  25  17   0 0.13  0.0    0 10.5 21 270   M    M  10 1      27 280
 5  43  26  35  12  30   0 0.00  0.0    0 10.7 22 270   M    M  10 1      29 280
 6  32  25  29   6  36   0 0.75  1.0    1  7.3 16  80   M    M  10 16     20 100
 7  51  29  40  17  25   0 0.02    T    T 10.8 35 280   M    M  10 126    46 240
 8  32  11  22  -1  43   0 0.05  1.3    1 22.1 32 270   M    M   8 18     45 260
 9  21  11  16  -8  49   0    T    T    1  6.0 17 290   M    M   5        22 320
10  27  16  22  -2  43   0 0.02  0.2    1  7.0 17  90   M    M   9 1      19  90
11  28  22  25   1  40   0    T    T    1 11.5 20  80   M    M  10        24  70
12  34  25  30   6  35   0 0.58  4.1    4 12.8 24 240   M    M  10 18     33 230
13  29  18  24   0  41   0 0.03  0.6    4 17.9 32 270   M    M   9 18     40 270
14  41  17  29   5  36   0 0.00  0.0    4  8.7 15 180   M    M   7        20 180
15  40  17  29   4  36   0    T    T    3 17.5 33 270   M    M   8        41 260
16  25  15  20  -5  45   0 0.00  0.0    2  5.8 13 350   M    M   9        16  20
17  25  20  23  -2  42   0 0.12  2.3    4 11.6 17  50   M    M  10 1      22  50
18  25   2  14 -11  51   0 0.04  0.8    5  7.4 15 340   M    M   6 1      20 360
19  28  -5  12 -14  53   0 0.00  0.0    4  1.7  7 130   M    M   0         8 130
================================================================================
SM  638  333       744   0  1.74    10.3 192.1          M      150
================================================================================
AV 33.6 17.5                              10.1 FASTST   M    M   8    MAX(MPH)
                                 MISC ---->  # 35 280               # 46  240
================================================================================
NOTES:
# LAST OF SEVERAL OCCURRENCES

COLUMN 17 PEAK WIND IN M.P.H.

PRELIMINARY LOCAL CLIMATOLOGICAL DATA (WS FORM: F-6) , PAGE 2

                                          STATION:  FLINT MI
                                          MONTH:    FEBRUARY
                                          YEAR:     2019
                                          LATITUDE:   42 58 N
                                          LONGITUDE:  83 44 W

[TEMPERATURE DATA]      [PRECIPITATION DATA]       SYMBOLS USED IN COLUMN 16

AVERAGE MONTHLY: 25.6   TOTAL FOR MONTH:   1.74    1 = FOG OR MIST
DPTR FM NORMAL:   1.7   DPTR FM NORMAL:    0.79    2 = FOG REDUCING VISIBILITY
HIGHEST:    52 ON  4    GRTST 24HR  0.75 ON  6- 6      TO 1/4 MILE OR LESS
LOWEST:     -8 ON  1                               3 = THUNDER
                        SNOW, ICE PELLETS, HAIL    4 = ICE PELLETS
                        TOTAL MONTH:  10.3 INCHES  5 = HAIL
                        GRTST 24HR   4.1 ON 12-12  6 = FREEZING RAIN OR DRIZZLE
                        GRTST DEPTH:   8 ON  2, 1  7 = DUSTSTORM OR SANDSTORM:
                                                       VSBY 1/2 MILE OR LESS
                                                   8 = SMOKE OR HAZE
[NO. OF DAYS WITH]      [WEATHER - DAYS WITH]      9 = BLOWING SNOW
                                                   X = TORNADO
MAX 32 OR BELOW:  11    0.01 INCH OR MORE:   9
MAX 90 OR ABOVE:   0    0.10 INCH OR MORE:   4
MIN 32 OR BELOW:  17    0.50 INCH OR MORE:   2
MIN  0 OR BELOW:   2    1.00 INCH OR MORE:   0

[HDD (BASE 65) ]
TOTAL THIS MO.   744    CLEAR  (SCALE 0-3)   2
DPTR FM NORMAL   -37    PTCLDY (SCALE 4-7)   4
TOTAL FM JUL 1  4723    CLOUDY (SCALE 8-10) 13
DPTR FM NORMAL   -22

[CDD (BASE 65) ]
TOTAL THIS MO.     0
DPTR FM NORMAL     0    [PRESSURE DATA]
TOTAL FM JAN 1     0    HIGHEST SLP M ON M
DPTR FM NORMAL     0    LOWEST  SLP 29.42 ON 15

[REMARKS]
