426
CXUS52 KMLB 180642
CF6FPR
PRELIMINARY LOCAL CLIMATOLOGICAL DATA (WS FORM: F-6)

                                          STATION:   FORT PIERCE
                                          MONTH:     AUGUST
                                          YEAR:      2019
                                          LATITUDE:   27 30 N
                                          LONGITUDE:  80 22 W

  TEMPERATURE IN F:       :PCPN:    SNOW:  WIND      :SUNSHINE: SKY     :PK WND
================================================================================
1   2   3   4   5  6A  6B    7    8   9   10  11  12  13   14  15   16   17  18
                                     12Z  AVG MX 2MIN
DY MAX MIN AVG DEP HDD CDD  WTR  SNW DPTH SPD SPD DIR MIN PSBL S-S WX    SPD DR
================================================================================

 1  88  74  81  -1   0  16 0.94  0.0    0  4.0 23 200   M    M   3 138    32 160
 2  90  74  82   0   0  17 2.63  0.0    0  5.1 23 270   M    M   3 13     26 270
 3  91  73  82   0   0  17 0.03  0.0    0  4.4 24 270   M    M   3        32 270
 4  89  75  82   0   0  17 0.35  0.0    0  6.0 23 270   M    M   2 13     30 270
 5  90  74  82   0   0  17 0.10  0.0    0  4.4 16 190   M    M   4 13     22 180
 6  90  72  81  -1   0  16 0.31  0.0    0  4.3 14 120   M    M   2 13     18 160
 7  92  72  82   0   0  17 0.01  0.0    0  4.0 15 310   M    M   2 13     23 310
 8  93  74  84   2   0  19 0.78  0.0    0  5.0 18 210   M    M   2 13     25 210
 9  94  75  85   3   0  20 0.00  0.0    0  3.9 17 260   M    M   1        23 260
10  93  76  85   3   0  20 0.06  0.0    0  3.6 18 200   M    M   2 3      25 200
11  93  74  84   2   0  19 1.00  0.0    0  5.3 26 260   M    M   3 13     34 270
12  91  76  84   2   0  19 0.56  0.0    0  4.3 17 140   M    M   4 13     24 140
13  93  75  84   2   0  19 0.43  0.0    0  5.5 18 300   M    M   2 138    25 290
14  91  77  84   2   0  19 0.03  0.0    0  4.6 18 220   M    M   4        27 260
15  92  73  83   1   0  18 0.94  0.0    0  3.4 22 100   M    M   3 13     27 100
16  91  74  83   1   0  18 0.03  0.0    0  6.0 23 270   M    M   1 1      29 280
17  91  73  82   0   0  17    T  0.0    0  5.3 22 260   M    M   2 3      31 230
================================================================================
SM 1552 1261         0 305  8.20     0.0  79.1          M       43
================================================================================
AV 91.3 74.2                               4.7 FASTST   M    M   3    MAX(MPH)
                                 MISC ---->  # 26 260               # 34  270
================================================================================
NOTES:
# LAST OF SEVERAL OCCURRENCES

COLUMN 17 PEAK WIND IN M.P.H.

PRELIMINARY LOCAL CLIMATOLOGICAL DATA (WS FORM: F-6) , PAGE 2

                                          STATION:  FORT PIERCE
                                          MONTH:    AUGUST
                                          YEAR:     2019
                                          LATITUDE:   27 30 N
                                          LONGITUDE:  80 22 W

[TEMPERATURE DATA]      [PRECIPITATION DATA]       SYMBOLS USED IN COLUMN 16

AVERAGE MONTHLY: 82.7   TOTAL FOR MONTH:   8.20    1 = FOG OR MIST
DPTR FM NORMAL:   0.7   DPTR FM NORMAL:    3.91    2 = FOG REDUCING VISIBILITY
HIGHEST:    94 ON  9    GRTST 24HR  2.63 ON  2- 2      TO 1/4 MILE OR LESS
LOWEST:     72 ON  7, 6                            3 = THUNDER
                        SNOW, ICE PELLETS, HAIL    4 = ICE PELLETS
                        TOTAL MONTH:   0.0 INCH    5 = HAIL
                        GRTST 24HR     0.0         6 = FREEZING RAIN OR DRIZZLE
                        GRTST DEPTH:   0           7 = DUSTSTORM OR SANDSTORM:
                                                       VSBY 1/2 MILE OR LESS
                                                   8 = SMOKE OR HAZE
[NO. OF DAYS WITH]      [WEATHER - DAYS WITH]      9 = BLOWING SNOW
                                                   X = TORNADO
MAX 32 OR BELOW:   0    0.01 INCH OR MORE:  15
MAX 90 OR ABOVE:  15    0.10 INCH OR MORE:  10
MIN 32 OR BELOW:   0    0.50 INCH OR MORE:   6
MIN  0 OR BELOW:   0    1.00 INCH OR MORE:   2

[HDD (BASE 65) ]
TOTAL THIS MO.     0    CLEAR  (SCALE 0-3)  14
DPTR FM NORMAL     0    PTCLDY (SCALE 4-7)   3
TOTAL FM JUL 1     0    CLOUDY (SCALE 8-10)  0
DPTR FM NORMAL     0

[CDD (BASE 65) ]
TOTAL THIS MO.   305
DPTR FM NORMAL    16    [PRESSURE DATA]
TOTAL FM JAN 1  2303    HIGHEST SLP M ON M
DPTR FM NORMAL   263    LOWEST  SLP 29.86 ON 14

[REMARKS]
