000
CXUS55 KFSD 220905
CF6FSD
PRELIMINARY LOCAL CLIMATOLOGICAL DATA (WS FORM: F-6)

                                          STATION:   SIOUX FALLS
                                          MONTH:     FEBRUARY
                                          YEAR:      2019
                                          LATITUDE:   43 34 N
                                          LONGITUDE:  96 44 W

  TEMPERATURE IN F:       :PCPN:    SNOW:  WIND      :SUNSHINE: SKY     :PK WND
================================================================================
1   2   3   4   5  6A  6B    7    8   9   10  11  12  13   14  15   16   17  18
                                     12Z  AVG MX 2MIN
DY MAX MIN AVG DEP HDD CDD  WTR  SNW DPTH SPD SPD DIR MIN PSBL S-S WX    SPD DR
================================================================================

 1  40   3  22   4  43   0 0.00  0.0    5  6.6 13 150   M    M   5        17 170
 2  50  33  42  24  23   0 0.00  0.0    4 13.1 22 200   M    M   2        31 200
 3  39  13  26   8  39   0 0.04    T    T  9.5 20 320   M    M   8 1268   24 310
 4  13  -2   6 -12  59   0    T    T    T 18.6 32 320   M    M   6 169    42 300
 5   8  -2   3 -16  62   0 0.06  0.8    T  8.8 16  50   M    M  10 1      19  80
 6   7   4   6 -13  59   0 0.06  1.1    1 10.4 16 340   M    M  10 1      25 350
 7   4  -6  -1 -20  66   0 0.03  1.1    2 22.2 36 310   M    M  10 9      48 300
 8   5 -12  -3 -22  68   0 0.00  0.0    2  9.4 23 300   M    M   2        32 300
 9  23   1  12  -8  53   0 0.00  0.0    2 13.9 25 150   M    M   5        35 130
10  16  11  14  -6  51   0 0.11  0.9    2  9.5 16  40   M    M   9 18     19  40
11  24  12  18  -2  47   0 0.08  1.2    3  8.1 17 110   M    M  10 126    24 140
12  22   0  11  -9  54   0 0.02  0.3    4 15.7 29 310   M    M   5 19     39 310
13  28  -1  14  -7  51   0 0.00  0.0    4  7.8 24 140   M    M   8        31 150
14  26  -2  12  -9  53   0    T    T    3 16.3 31 320   M    M   6 189    40 340
15  10  -7   2 -19  63   0 0.00  0.0    3  5.9 14 340   M    M   5        17 340
16  19   8  14  -8  51   0 0.02  0.5    3  8.7 16  80   M    M   9 1      22  70
17  21  15  18  -4  47   0 0.27  3.6    5 11.6 16 350   M    M  10 1      21 360
18  16  -6   5 -17  60   0    T    T    6  3.9 12 340   M    M   5 1      14 340
19  17 -12   3 -20  62   0 0.07  0.6    5  6.3 18 110   M    M   7 18     23 120
20  22   8  15  -8  50   0 0.46  7.2   12  9.8 16 270   M    M   9 12     25 260
21  19  -5   7 -16  58   0 0.01  0.1   10  5.2 15 290   M    M   6 1      20 280
================================================================================
SM  429   53      1119   0  1.23    17.4 221.3          M      147
================================================================================
AV 20.4  2.5                              10.5 FASTST   M    M   7    MAX(MPH)
                                 MISC ---->  # 36 310               # 48  300
================================================================================
NOTES:
# LAST OF SEVERAL OCCURRENCES

COLUMN 17 PEAK WIND IN M.P.H.

PRELIMINARY LOCAL CLIMATOLOGICAL DATA (WS FORM: F-6) , PAGE 2

                                          STATION:  SIOUX FALLS
                                          MONTH:    FEBRUARY
                                          YEAR:     2019
                                          LATITUDE:   43 34 N
                                          LONGITUDE:  96 44 W

[TEMPERATURE DATA]      [PRECIPITATION DATA]       SYMBOLS USED IN COLUMN 16

AVERAGE MONTHLY: 11.5   TOTAL FOR MONTH:   1.23    1 = FOG OR MIST
DPTR FM NORMAL:  -8.8   DPTR FM NORMAL:    0.82    2 = FOG REDUCING VISIBILITY
HIGHEST:    50 ON  2    GRTST 24HR  0.46 ON 20-20      TO 1/4 MILE OR LESS
LOWEST:    -12 ON 19, 8                            3 = THUNDER
                        SNOW, ICE PELLETS, HAIL    4 = ICE PELLETS
                        TOTAL MONTH:  17.4 INCHES  5 = HAIL
                        GRTST 24HR   7.2 ON 20-20  6 = FREEZING RAIN OR DRIZZLE
                        GRTST DEPTH:  12 ON 20     7 = DUSTSTORM OR SANDSTORM:
                                                       VSBY 1/2 MILE OR LESS
                                                   8 = SMOKE OR HAZE
[NO. OF DAYS WITH]      [WEATHER - DAYS WITH]      9 = BLOWING SNOW
                                                   X = TORNADO
MAX 32 OR BELOW:  18    0.01 INCH OR MORE:  12
MAX 90 OR ABOVE:   0    0.10 INCH OR MORE:   3
MIN 32 OR BELOW:  20    0.50 INCH OR MORE:   0
MIN  0 OR BELOW:  11    1.00 INCH OR MORE:   0

[HDD (BASE 65) ]
TOTAL THIS MO.  1119    CLEAR  (SCALE 0-3)   2
DPTR FM NORMAL   180    PTCLDY (SCALE 4-7)  11
TOTAL FM JUL 1  5583    CLOUDY (SCALE 8-10)  8
DPTR FM NORMAL    12

[CDD (BASE 65) ]
TOTAL THIS MO.     0
DPTR FM NORMAL     0    [PRESSURE DATA]
TOTAL FM JAN 1     0    HIGHEST SLP M ON M
DPTR FM NORMAL     0    LOWEST  SLP 29.52 ON 13

[REMARKS]
